122.180.246.194 - - [06/Nov/2025:19:55:12 +0530] "POST /wp-cron.php?doing_wp_cron=1762439112.4546780586242675781250 HTTP/1.1" 200 0 "-" "WordPress/6.8.3; https://androidhindi.in"
43.157.148.38 - - [06/Nov/2025:19:55:11 +0530] "GET /wp-json/oembed/1.0/embed?url=https%3A%2F%2Fandroidhindi.in%2F HTTP/1.1" 200 1016 "-" "Mozilla/5.0 (iPhone; CPU iPhone OS 13_2_3 like Mac OS X) AppleWebKit/605.1.15 (KHTML, like Gecko) Version/13.0.3 Mobile/15E148 Safari/604.1"
122.180.246.194 - - [06/Nov/2025:19:55:56 +0530] "POST /wp-cron.php?doing_wp_cron=1762439156.7925760746002197265625 HTTP/1.1" 200 0 "-" "WordPress/6.8.3; https://androidhindi.in"
66.249.69.226 - - [06/Nov/2025:19:55:56 +0530] "GET /feed HTTP/1.1" 301 0 "-" "Mozilla/5.0 (compatible; Googlebot/2.1; +http://www.google.com/bot.html)"
122.180.246.194 - - [06/Nov/2025:19:56:59 +0530] "POST /wp-cron.php?doing_wp_cron=1762439219.5075049400329589843750 HTTP/1.1" 200 0 "-" "WordPress/6.8.3; https://androidhindi.in"
122.180.246.194 - - [06/Nov/2025:19:57:00 +0530] "GET /wp-admin/admin-ajax.php?action=wordfence_doScan&isFork=0&scanMode=quick&cronKey=dccbf0da96f8cf1278a9d27e1e23403e&signature=19d7d1b2a5c42da0beb782895b96d77b27a2c7354dc2ebc785b4ca9adbad7e8c HTTP/1.1" 200 0 "-" "WordPress/6.8.3; https://androidhindi.in"
122.180.246.194 - - [06/Nov/2025:19:59:03 +0530] "POST /wp-cron.php?doing_wp_cron=1762439343.9687340259552001953125 HTTP/1.1" 200 0 "-" "WordPress/6.8.3; https://androidhindi.in"
66.249.69.228 - - [06/Nov/2025:19:59:03 +0530] "GET /feed HTTP/1.1" 301 0 "-" "Mozilla/5.0 (compatible; Googlebot/2.1; +http://www.google.com/bot.html)"
66.249.69.228 - - [06/Nov/2025:19:59:04 +0530] "GET /feed/ HTTP/1.1" 500 194 "-" "Mozilla/5.0 (compatible; Googlebot/2.1; +http://www.google.com/bot.html)"
122.180.246.194 - - [06/Nov/2025:19:48:41 +0530] "POST /wp-cron.php?doing_wp_cron=1762438721.9235029220581054687500 HTTP/1.1" 200 0 "-" "WordPress/6.8.3; https://androidhindi.in"
172.177.177.128 - - [06/Nov/2025:19:48:41 +0530] "GET /wp-content/makeasmtp.php HTTP/1.1" 404 67016 "-" "-"
122.180.246.194 - - [06/Nov/2025:19:49:11 +0530] "POST /wp-cron.php?doing_wp_cron=1762438751.9498620033264160156250 HTTP/1.1" 200 0 "-" "WordPress/6.8.3; https://androidhindi.in"
122.180.246.194 - - [06/Nov/2025:19:49:28 +0530] "POST /wp-cron.php?doing_wp_cron=1762438768.7133810520172119140625 HTTP/1.1" 200 0 "-" "WordPress/6.8.3; https://androidhindi.in"
122.180.246.194 - - [06/Nov/2025:19:50:11 +0530] "POST /wp-cron.php?doing_wp_cron=1762438811.4938740730285644531250 HTTP/1.1" 200 0 "-" "WordPress/6.8.3; https://androidhindi.in"
204.12.252.98 - - [06/Nov/2025:19:50:52 +0530] "GET /wp-includes/js9262c2/edit.php HTTP/1.1" 301 0 "http://www.androidhindi.in/wp-includes/js9262c2/edit.php" "Mozilla/5.0 (Windows NT 10.0; Win64; x64) AppleWebKit/537.36 (KHTML, like Gecko) Chrome/58.0.3029.110 Safari/537.3"
122.180.246.194 - - [06/Nov/2025:19:51:31 +0530] "POST /wp-cron.php?doing_wp_cron=1762438891.7010660171508789062500 HTTP/1.1" 200 0 "-" "WordPress/6.8.3; https://androidhindi.in"
122.180.246.194 - - [06/Nov/2025:19:52:13 +0530] "POST /wp-cron.php?doing_wp_cron=1762438933.4442300796508789062500 HTTP/1.1" 200 0 "-" "WordPress/6.8.3; https://androidhindi.in"
66.249.69.227 - - [06/Nov/2025:19:55:57 +0530] "GET /feed/ HTTP/1.1" 500 194 "-" "Mozilla/5.0 (compatible; Googlebot/2.1; +http://www.google.com/bot.html)"
66.249.69.226 - - [06/Nov/2025:19:56:59 +0530] "GET /feed HTTP/1.1" 301 0 "-" "Mozilla/5.0 (compatible; Googlebot/2.1; +http://www.google.com/bot.html)"
122.180.246.194 - - [06/Nov/2025:19:56:59 +0530] "POST /wp-admin/admin-ajax.php?action=wordfence_testAjax HTTP/1.1" 200 32 "-" "WordPress/6.8.3; https://androidhindi.in"
66.249.69.228 - - [06/Nov/2025:19:57:00 +0530] "GET /feed/ HTTP/1.1" 500 194 "-" "Mozilla/5.0 (compatible; Googlebot/2.1; +http://www.google.com/bot.html)"
122.180.246.194 - - [06/Nov/2025:19:58:02 +0530] "POST /wp-cron.php?doing_wp_cron=1762439282.1222538948059082031250 HTTP/1.1" 200 0 "-" "WordPress/6.8.3; https://androidhindi.in"
66.249.69.226 - - [06/Nov/2025:19:58:01 +0530] "GET /feed HTTP/1.1" 301 0 "-" "Mozilla/5.0 (compatible; Googlebot/2.1; +http://www.google.com/bot.html)"
66.249.69.226 - - [06/Nov/2025:19:58:02 +0530] "GET /feed/ HTTP/1.1" 500 194 "-" "Mozilla/5.0 (compatible; Googlebot/2.1; +http://www.google.com/bot.html)"
66.249.69.226 - - [06/Nov/2025:20:18:16 +0530] "GET /feed HTTP/1.1" 301 0 "-" "Mozilla/5.0 (compatible; Googlebot/2.1; +http://www.google.com/bot.html)"
66.249.69.227 - - [06/Nov/2025:20:18:17 +0530] "GET /feed/ HTTP/1.1" 500 194 "-" "Mozilla/5.0 (compatible; Googlebot/2.1; +http://www.google.com/bot.html)"
43.130.111.40 - - [06/Nov/2025:20:19:02 +0530] "GET / HTTP/1.1" 200 27120 "https://www.androidhindi.in/" "Mozilla/5.0 (iPhone; CPU iPhone OS 13_2_3 like Mac OS X) AppleWebKit/605.1.15 (KHTML, like Gecko) Version/13.0.3 Mobile/15E148 Safari/604.1"
122.180.246.194 - - [06/Nov/2025:20:19:19 +0530] "POST /wp-cron.php?doing_wp_cron=1762440559.2005600929260253906250 HTTP/1.1" 200 0 "-" "WordPress/6.8.3; https://androidhindi.in"
66.249.69.228 - - [06/Nov/2025:20:19:18 +0530] "GET /feed HTTP/1.1" 301 0 "-" "Mozilla/5.0 (compatible; Googlebot/2.1; +http://www.google.com/bot.html)"
66.249.69.228 - - [06/Nov/2025:20:19:19 +0530] "GET /feed/ HTTP/1.1" 500 194 "-" "Mozilla/5.0 (compatible; Googlebot/2.1; +http://www.google.com/bot.html)"
122.180.246.194 - - [06/Nov/2025:20:18:16 +0530] "POST /wp-cron.php?doing_wp_cron=1762440496.8423500061035156250000 HTTP/1.1" 200 0 "-" "WordPress/6.8.3; https://androidhindi.in"
122.180.246.194 - - [06/Nov/2025:20:19:00 +0530] "POST /wp-cron.php?doing_wp_cron=1762440540.6572690010070800781250 HTTP/1.1" 200 0 "-" "WordPress/6.8.3; https://androidhindi.in"
43.130.111.40 - - [06/Nov/2025:20:18:59 +0530] "GET / HTTP/1.1" 301 0 "http://www.androidhindi.in" "Mozilla/5.0 (iPhone; CPU iPhone OS 13_2_3 like Mac OS X) AppleWebKit/605.1.15 (KHTML, like Gecko) Version/13.0.3 Mobile/15E148 Safari/604.1"
208.110.64.178 - - [06/Nov/2025:20:04:53 +0530] "GET /wp-includes/js9262c2/edit.php HTTP/1.1" 301 0 "http://www.androidhindi.in/wp-includes/js9262c2/edit.php" "Mozilla/5.0 (Windows NT 10.0; Win64; x64) AppleWebKit/537.36 (KHTML, like Gecko) Chrome/58.0.3029.110 Safari/537.3"
122.180.246.194 - - [06/Nov/2025:20:05:30 +0530] "POST /wp-cron.php?doing_wp_cron=1762439730.3933770656585693359375 HTTP/1.1" 200 0 "-" "WordPress/6.8.3; https://androidhindi.in"
35.187.132.77 - - [06/Nov/2025:20:05:11 +0530] "GET /how-to-choose-the-best-betting-site-in-bangladesh/ HTTP/1.1" 404 19369 "-" "Mozilla/5.0 (compatible; Google-Apps-Script; beanserver; +https://script.google.com; id: UAEmdDd-ksAj05ImaJpjF2ii_SjuE-kUuuA)"
43.173.1.57 - - [06/Nov/2025:20:06:18 +0530] "GET /wp-content/uploads/2022/12/Dusre-Ka-WhatsApp-Kaise-Dekhe-By-AndroidHindi-150x86.webp HTTP/1.1" 404 22979 "-" "Mozilla/5.0 (iPhone; CPU iPhone OS 13_2_3 like Mac OS X) AppleWebKit/605.1.15 (KHTML, like Gecko) Version/13.0.3 Mobile/15E148 Safari/604.1"
122.180.246.194 - - [06/Nov/2025:20:12:38 +0530] "POST /wp-cron.php?doing_wp_cron=1762440158.5591440200805664062500 HTTP/1.1" 200 0 "-" "WordPress/6.8.3; https://androidhindi.in"
107.178.192.96 - - [06/Nov/2025:20:12:38 +0530] "GET /andar-bahar-unleashed-mastering-strategies-and-thrills-in-indias-premier-online-cash-game/ HTTP/1.1" 404 19369 "-" "Mozilla/5.0 (compatible; Google-Apps-Script; beanserver; +https://script.google.com; id: UAEmdDd9PnUKvUmN1lwIj3F0nV6oLqJo_cg)"
122.180.246.194 - - [06/Nov/2025:20:13:16 +0530] "GET /.well-known/acme-challenge/HD3-OD4PZYHGRNX9I900OJ197QS2I13W HTTP/1.1" 200 64 "-" "Cpanel-HTTP-Client/1.0"
122.180.246.194 - - [06/Nov/2025:20:13:16 +0530] "GET /.well-known/acme-challenge/UZ76W5794RGYJ_HXG0R-741Z02RKTF-G HTTP/1.1" 200 37863 "-" "Cpanel-HTTP-Client/1.0"
122.180.246.194 - - [06/Nov/2025:20:13:17 +0530] "GET /.well-known/acme-challenge/_2Q4XY8EOE2ZS5IQCHO-VG41KBR1QNWB HTTP/1.1" 200 37875 "-" "Cpanel-HTTP-Client/1.0"
122.180.246.194 - - [06/Nov/2025:20:13:17 +0530] "GET /.well-known/acme-challenge/V5LSU20LUBS0KUF-OWNFV9BZ0RTU74HH HTTP/1.1" 401 36 "-" "Cpanel-HTTP-Client/1.0"
43.135.139.165 - - [06/Nov/2025:20:16:31 +0530] "GET /?query-d2e9aa8f-page=2 HTTP/1.1" 200 23800 "-" "Mozilla/5.0 (iPhone; CPU iPhone OS 13_2_3 like Mac OS X) AppleWebKit/605.1.15 (KHTML, like Gecko) Version/13.0.3 Mobile/15E148 Safari/604.1"
185.39.19.48 - - [06/Nov/2025:20:17:11 +0530] "GET /contact-us/ HTTP/1.0" 200 121635 "https://androidhindi.in/contact-us/" "Mozilla/5.0 (Windows NT 10.0; Win64; x64) AppleWebKit/537.36 (KHTML, like Gecko) Chrome/131.0.0.0 Safari/537.36"
35.187.222.91 - - [06/Nov/2025:20:03:45 +0530] "GET /wp-login.php HTTP/2" 404 18305 "http://androidhindi.in/wp-login.php" "Mozilla/5.0 (Windows NT 10.0; Win64; x64; rv:144.0) Gecko/20100101 Firefox/144.0"
122.180.246.194 - - [06/Nov/2025:20:04:53 +0530] "POST /wp-cron.php?doing_wp_cron=1762439693.9644119739532470703125 HTTP/1.1" 200 0 "-" "WordPress/6.8.3; https://androidhindi.in"
208.110.64.178 - - [06/Nov/2025:20:04:55 +0530] "GET /wp-includes/js9262c2/edit.php HTTP/1.1" 404 18305 "http://www.androidhindi.in/wp-includes/js9262c2/edit.php" "Mozilla/5.0 (Windows NT 10.0; Win64; x64) AppleWebKit/537.36 (KHTML, like Gecko) Chrome/58.0.3029.110 Safari/537.3"
122.180.246.194 - - [06/Nov/2025:20:06:19 +0530] "POST /wp-cron.php?doing_wp_cron=1762439779.2179780006408691406250 HTTP/1.1" 200 0 "-" "WordPress/6.8.3; https://androidhindi.in"
122.180.246.194 - - [06/Nov/2025:20:13:16 +0530] "GET /.well-known/acme-challenge/P4SA136N5FM6PV5UI6IQ76N3F9B4FMR7 HTTP/1.1" 200 64 "-" "Cpanel-HTTP-Client/1.0"
122.180.246.194 - - [06/Nov/2025:20:13:16 +0530] "GET /.well-known/acme-challenge/O--SJ3W3MUVT8HRZ_H4JTPGHXNBB5RSJ HTTP/1.1" 200 64 "-" "Cpanel-HTTP-Client/1.0"
122.180.246.194 - - [06/Nov/2025:20:13:17 +0530] "GET /.well-known/acme-challenge/3VJ3_K6PH0QOU9L2RRU9IANIZOH36ZBN HTTP/1.1" 401 36 "-" "Cpanel-HTTP-Client/1.0"
122.180.246.194 - - [06/Nov/2025:20:13:17 +0530] "GET /.well-known/acme-challenge/74BONNH7_BK3KZ138ZXI6ZMGT6N8L6E9 HTTP/1.1" 401 36 "-" "Cpanel-HTTP-Client/1.0"
122.180.246.194 - - [06/Nov/2025:20:13:17 +0530] "GET /.well-known/acme-challenge/Q8N949OHILIJSAQTB6C4SH5IMYVX4GMJ HTTP/1.1" 301 0 "-" "Cpanel-HTTP-Client/1.0"
122.180.246.194 - - [06/Nov/2025:20:16:02 +0530] "POST /wp-cron.php?doing_wp_cron=1762440362.9586179256439208984375 HTTP/1.1" 200 0 "-" "WordPress/6.8.3; https://androidhindi.in"
216.244.66.236 - - [06/Nov/2025:20:16:02 +0530] "GET /search/label/%E0%A4%95%E0%A5%8D%E0%A4%AF%E0%A4%BE%20%E0%A4%B9%E0%A5%88%20%3F?max-results=20 HTTP/1.1" 200 89693 "-" "Mozilla/5.0 (compatible; DotBot/1.2; +https://opensiteexplorer.org/dotbot; help@moz.com)"
122.180.246.194 - - [06/Nov/2025:20:16:32 +0530] "POST /wp-cron.php?doing_wp_cron=1762440392.4471139907836914062500 HTTP/1.1" 200 0 "-" "WordPress/6.8.3; https://androidhindi.in"
185.39.19.48 - - [06/Nov/2025:20:17:09 +0530] "GET / HTTP/1.0" 200 120279 "https://androidhindi.in/" "Mozilla/5.0 (Windows NT 10.0; Win64; x64) AppleWebKit/537.36 (KHTML, like Gecko) Chrome/131.0.0.0 Safari/537.36"
122.180.246.194 - - [06/Nov/2025:20:17:14 +0530] "POST /wp-cron.php?doing_wp_cron=1762440434.4359350204467773437500 HTTP/1.1" 200 0 "-" "WordPress/6.8.3; https://androidhindi.in"
66.249.69.228 - - [06/Nov/2025:20:17:14 +0530] "GET /feed HTTP/1.1" 301 0 "-" "Mozilla/5.0 (compatible; Googlebot/2.1; +http://www.google.com/bot.html)"
66.249.69.227 - - [06/Nov/2025:20:17:15 +0530] "GET /feed/ HTTP/1.1" 500 194 "-" "Mozilla/5.0 (compatible; Googlebot/2.1; +http://www.google.com/bot.html)"
185.39.19.48 - - [06/Nov/2025:20:17:15 +0530] "POST /contact-us/ HTTP/1.0" 403 787 "https://androidhindi.in/contact-us/" "Mozilla/5.0 (Windows NT 10.0; Win64; x64) AppleWebKit/537.36 (KHTML, like Gecko) Chrome/131.0.0.0 Safari/537.36"
66.249.69.226 - - [06/Nov/2025:20:34:49 +0530] "GET /feed HTTP/1.1" 301 0 "-" "Mozilla/5.0 (compatible; Googlebot/2.1; +http://www.google.com/bot.html)"
66.249.69.228 - - [06/Nov/2025:20:34:51 +0530] "GET /feed/ HTTP/1.1" 500 194 "-" "Mozilla/5.0 (compatible; Googlebot/2.1; +http://www.google.com/bot.html)"
122.180.246.194 - - [06/Nov/2025:20:35:52 +0530] "POST /wp-cron.php?doing_wp_cron=1762441552.9022920131683349609375 HTTP/1.1" 200 0 "-" "WordPress/6.8.3; https://androidhindi.in"
122.180.246.194 - - [06/Nov/2025:20:34:50 +0530] "POST /wp-cron.php?doing_wp_cron=1762441490.3004050254821777343750 HTTP/1.1" 200 0 "-" "WordPress/6.8.3; https://androidhindi.in"
66.249.69.226 - - [06/Nov/2025:20:35:52 +0530] "GET /feed HTTP/1.1" 301 0 "-" "Mozilla/5.0 (compatible; Googlebot/2.1; +http://www.google.com/bot.html)"
66.249.69.227 - - [06/Nov/2025:20:35:53 +0530] "GET /feed/ HTTP/1.1" 500 194 "-" "Mozilla/5.0 (compatible; Googlebot/2.1; +http://www.google.com/bot.html)"
43.153.87.54 - - [06/Nov/2025:20:36:13 +0530] "GET /phone-ka-mac-address-kaise-pata-kare/ HTTP/1.1" 200 33384 "-" "Mozilla/5.0 (iPhone; CPU iPhone OS 13_2_3 like Mac OS X) AppleWebKit/605.1.15 (KHTML, like Gecko) Version/13.0.3 Mobile/15E148 Safari/604.1"
122.180.246.194 - - [06/Nov/2025:20:20:20 +0530] "POST /wp-cron.php?doing_wp_cron=1762440620.9381380081176757812500 HTTP/1.1" 200 0 "-" "WordPress/6.8.3; https://androidhindi.in"
122.180.246.194 - - [06/Nov/2025:20:21:57 +0530] "POST /wp-cron.php?doing_wp_cron=1762440717.9911661148071289062500 HTTP/1.1" 200 0 "-" "WordPress/6.8.3; https://androidhindi.in"
34.79.242.244 - - [06/Nov/2025:20:21:59 +0530] "GET / HTTP/1.1" 200 27120 "https://androidhindi.in/ads.txt" "+http://www.google.com/adsbot.html"
122.180.246.194 - - [06/Nov/2025:20:23:26 +0530] "POST /wp-cron.php?doing_wp_cron=1762440806.6694409847259521484375 HTTP/1.1" 200 0 "-" "WordPress/6.8.3; https://androidhindi.in"
204.12.252.98 - - [06/Nov/2025:20:23:25 +0530] "GET /wp-includes/js9262c2/edit.php HTTP/1.1" 301 0 "http://www.androidhindi.in/wp-includes/js9262c2/edit.php" "Mozilla/5.0 (Windows NT 10.0; Win64; x64) AppleWebKit/537.36 (KHTML, like Gecko) Chrome/58.0.3029.110 Safari/537.3"
204.12.252.98 - - [06/Nov/2025:20:23:27 +0530] "GET /wp-includes/js9262c2/edit.php HTTP/1.1" 404 18305 "http://www.androidhindi.in/wp-includes/js9262c2/edit.php" "Mozilla/5.0 (Windows NT 10.0; Win64; x64) AppleWebKit/537.36 (KHTML, like Gecko) Chrome/58.0.3029.110 Safari/537.3"
122.180.246.194 - - [06/Nov/2025:20:27:51 +0530] "POST /wp-cron.php?doing_wp_cron=1762441071.2013359069824218750000 HTTP/1.1" 200 0 "-" "WordPress/6.8.3; https://androidhindi.in"
52.77.167.177 - - [06/Nov/2025:20:27:50 +0530] "GET /wp-content/uploads/2022/09/Rucha-Hasabnis-Bio-Net-Worth-2022-8.jpg HTTP/1.1" 404 22978 "-" "Mozilla/5.0 (compatible; crawler)"
204.12.252.98 - - [06/Nov/2025:20:28:59 +0530] "GET /wp-includes/js9262c2/edit.php HTTP/1.1" 404 18305 "http://www.androidhindi.in/wp-includes/js9262c2/edit.php" "Mozilla/5.0 (Windows NT 10.0; Win64; x64) AppleWebKit/537.36 (KHTML, like Gecko) Chrome/58.0.3029.110 Safari/537.3"
66.249.69.228 - - [06/Nov/2025:20:20:20 +0530] "GET /feed HTTP/1.1" 301 0 "-" "Mozilla/5.0 (compatible; Googlebot/2.1; +http://www.google.com/bot.html)"
66.249.69.226 - - [06/Nov/2025:20:20:21 +0530] "GET /feed/ HTTP/1.1" 500 194 "-" "Mozilla/5.0 (compatible; Googlebot/2.1; +http://www.google.com/bot.html)"
34.79.242.244 - - [06/Nov/2025:20:21:57 +0530] "GET /ads.txt HTTP/1.1" 301 0 "-" "+http://www.google.com/adsbot.html"
34.79.242.244 - - [06/Nov/2025:20:22:00 +0530] "GET /ads.txt HTTP/1.1" 301 0 "http://androidhindi.in/ads.txt" "+http://www.google.com/adsbot.html"
34.79.242.244 - - [06/Nov/2025:20:22:01 +0530] "GET / HTTP/1.1" 200 27120 "https://androidhindi.in/ads.txt" "+http://www.google.com/adsbot.html"
122.180.246.194 - - [06/Nov/2025:20:23:28 +0530] "POST /wp-cron.php?doing_wp_cron=1762440808.2093210220336914062500 HTTP/1.1" 200 0 "-" "WordPress/6.8.3; https://androidhindi.in"
122.180.246.194 - - [06/Nov/2025:20:25:12 +0530] "POST /wp-cron.php?doing_wp_cron=1762440912.8000180721282958984375 HTTP/1.1" 200 0 "-" "WordPress/6.8.3; https://androidhindi.in"
43.156.202.34 - - [06/Nov/2025:20:25:11 +0530] "GET /wp-content/uploads/2023/10/Net-Kyon-Nahin-Chal-Raha-Hai.webp HTTP/1.1" 404 22979 "-" "Mozilla/5.0 (iPhone; CPU iPhone OS 13_2_3 like Mac OS X) AppleWebKit/605.1.15 (KHTML, like Gecko) Version/13.0.3 Mobile/15E148 Safari/604.1"
122.180.246.194 - - [06/Nov/2025:20:28:57 +0530] "POST /wp-cron.php?doing_wp_cron=1762441137.9175109863281250000000 HTTP/1.1" 200 0 "-" "WordPress/6.8.3; https://androidhindi.in"
204.12.252.98 - - [06/Nov/2025:20:28:57 +0530] "GET /wp-includes/js9262c2/edit.php HTTP/1.1" 301 0 "http://www.androidhindi.in/wp-includes/js9262c2/edit.php" "Mozilla/5.0 (Windows NT 10.0; Win64; x64) AppleWebKit/537.36 (KHTML, like Gecko) Chrome/58.0.3029.110 Safari/537.3"
122.180.246.194 - - [06/Nov/2025:20:36:55 +0530] "POST /wp-cron.php?doing_wp_cron=1762441615.2883949279785156250000 HTTP/1.1" 200 0 "-" "WordPress/6.8.3; https://androidhindi.in"
66.249.69.227 - - [06/Nov/2025:20:36:56 +0530] "GET /feed/ HTTP/1.1" 500 194 "-" "Mozilla/5.0 (compatible; Googlebot/2.1; +http://www.google.com/bot.html)"
122.180.246.194 - - [06/Nov/2025:20:37:57 +0530] "POST /wp-cron.php?doing_wp_cron=1762441677.6572670936584472656250 HTTP/1.1" 200 0 "-" "WordPress/6.8.3; https://androidhindi.in"
66.249.69.228 - - [06/Nov/2025:20:37:59 +0530] "GET /feed/ HTTP/1.1" 500 194 "-" "Mozilla/5.0 (compatible; Googlebot/2.1; +http://www.google.com/bot.html)"
80.71.159.24 - - [06/Nov/2025:20:41:15 +0530] "GET /wp-login.php?action=register HTTP/1.1" 404 18305 "https://ANDROIDHINDI.IN/" "Mozilla/5.0 (Windows NT 6.3; Win64; x64) AppleWebKit/537.36 (KHTML, like Gecko) Chrome/103.0.0.0 Safari/537.36"
80.71.159.24 - - [06/Nov/2025:20:41:18 +0530] "GET /wp-login.php?action=register HTTP/1.1" 404 18305 "https://androidhindi.in/wp-login.php?action=register" "Mozilla/5.0 (Windows NT 6.3; Win64; x64) AppleWebKit/537.36 (KHTML, like Gecko) Chrome/103.0.0.0 Safari/537.36"
159.138.50.251 - - [06/Nov/2025:20:42:41 +0530] "HEAD /gmail-ka-password-kaise-pata-kare/ HTTP/2" 200 0 "-" "Mozilla/5.0 (Macintosh; Intel Mac OS X 10_15_7) AppleWebKit/537.36 (KHTML, like Gecko) Chrome/131.0.0.0 Safari/537.36"
159.138.50.251 - - [06/Nov/2025:20:42:41 +0530] "GET /gmail-ka-password-kaise-pata-kare/ HTTP/2" 200 42447 "-" "Mozilla/5.0 (Macintosh; Intel Mac OS X 10_15_7) AppleWebKit/537.36 (KHTML, like Gecko) Chrome/131.0.0.0 Safari/537.36"
122.180.246.194 - - [06/Nov/2025:20:44:22 +0530] "POST /wp-cron.php?doing_wp_cron=1762442062.5705480575561523437500 HTTP/1.1" 200 0 "-" "WordPress/6.8.3; https://androidhindi.in"
66.249.69.228 - - [06/Nov/2025:20:36:55 +0530] "GET /feed HTTP/1.1" 301 0 "-" "Mozilla/5.0 (compatible; Googlebot/2.1; +http://www.google.com/bot.html)"
66.249.69.226 - - [06/Nov/2025:20:37:57 +0530] "GET /feed HTTP/1.1" 301 0 "-" "Mozilla/5.0 (compatible; Googlebot/2.1; +http://www.google.com/bot.html)"
80.71.159.24 - - [06/Nov/2025:20:41:13 +0530] "GET / HTTP/1.1" 200 27120 "http://ANDROIDHINDI.IN" "Mozilla/5.0 (Windows NT 10.0; Win64; x64) AppleWebKit/537.36 (KHTML, like Gecko) Chrome/114.0.0.0 Safari/537.36 Edg/114.0.1264.71"
204.12.252.98 - - [06/Nov/2025:20:44:22 +0530] "GET /wp-includes/js9262c2/edit.php HTTP/1.1" 301 0 "http://www.androidhindi.in/wp-includes/js9262c2/edit.php" "Mozilla/5.0 (Windows NT 10.0; Win64; x64) AppleWebKit/537.36 (KHTML, like Gecko) Chrome/58.0.3029.110 Safari/537.3"
204.12.252.98 - - [06/Nov/2025:20:44:23 +0530] "GET /wp-includes/js9262c2/edit.php HTTP/1.1" 404 18305 "http://www.androidhindi.in/wp-includes/js9262c2/edit.php" "Mozilla/5.0 (Windows NT 10.0; Win64; x64) AppleWebKit/537.36 (KHTML, like Gecko) Chrome/58.0.3029.110 Safari/537.3"
47.128.96.67 - - [06/Nov/2025:20:45:48 +0530] "GET /robots.txt HTTP/1.1" 403 787 "-" "Mozilla/5.0 (Linux; Android 5.0) AppleWebKit/537.36 (KHTML, like Gecko) Mobile Safari/537.36 (compatible; Bytespider; spider-feedback@bytedance.com)"
50.17.30.17 - - [06/Nov/2025:20:51:29 +0530] "GET /pin-up-casino-india/ HTTP/2" 404 19369 "-" "Mozilla/5.0 (Windows NT 10.0; Win64; x64) AppleWebKit/537.36 (KHTML, like Gecko) Chrome/115.0.0.0 Safari/537.36"
50.17.30.17 - - [06/Nov/2025:20:51:32 +0530] "GET /wp-includes/js/jquery/jquery.min.js?ver=3.7.1 HTTP/2" 200 29744 "https://androidhindi.in/pin-up-casino-india/" "Mozilla/5.0 (Windows NT 10.0; Win64; x64) AppleWebKit/537.36 (KHTML, like Gecko) Chrome/91.0.4472.124 Safari/537.36"
50.17.30.17 - - [06/Nov/2025:20:51:32 +0530] "GET /wp-includes/js/jquery/jquery-migrate.min.js?ver=3.4.1 HTTP/2" 200 4678 "https://androidhindi.in/pin-up-casino-india/" "Mozilla/5.0 (Windows NT 10.0; Win64; x64) AppleWebKit/537.36 (KHTML, like Gecko) Chrome/91.0.4472.124 Safari/537.36"
50.17.30.17 - - [06/Nov/2025:20:51:32 +0530] "GET /wp-content/plugins/notix-web-push-notifications/public/js/notix-public.js?ver=1.2.4 HTTP/2" 200 412 "https://androidhindi.in/pin-up-casino-india/" "Mozilla/5.0 (Windows NT 10.0; Win64; x64) AppleWebKit/537.36 (KHTML, like Gecko) Chrome/91.0.4472.124 Safari/537.36"
50.17.30.17 - - [06/Nov/2025:20:51:32 +0530] "GET /wp-includes/js/dist/hooks.min.js?ver=4d63a3d491d11ffd8ac6 HTTP/2" 200 1571 "https://androidhindi.in/pin-up-casino-india/" "Mozilla/5.0 (Windows NT 10.0; Win64; x64) AppleWebKit/537.36 (KHTML, like Gecko) Chrome/91.0.4472.124 Safari/537.36"
50.17.30.17 - - [06/Nov/2025:20:51:34 +0530] "GET /wp-content/plugins/contact-form-7/includes/swv/js/index.js?ver=6.1.3 HTTP/2" 200 3369 "https://androidhindi.in/pin-up-casino-india/" "Mozilla/5.0 (Windows NT 10.0; Win64; x64) AppleWebKit/537.36 (KHTML, like Gecko) Chrome/91.0.4472.124 Safari/537.36"
50.17.30.17 - - [06/Nov/2025:20:51:34 +0530] "GET /wp-content/plugins/contact-form-7/includes/js/index.js?ver=6.1.3 HTTP/2" 200 4008 "https://androidhindi.in/pin-up-casino-india/" "Mozilla/5.0 (Windows NT 10.0; Win64; x64) AppleWebKit/537.36 (KHTML, like Gecko) Chrome/91.0.4472.124 Safari/537.36"
50.17.30.17 - - [06/Nov/2025:20:51:34 +0530] "GET /wp-includes/js/dist/i18n.min.js?ver=5e580eb46a90c2b997e6 HTTP/2" 200 3542 "https://androidhindi.in/pin-up-casino-india/" "Mozilla/5.0 (Windows NT 10.0; Win64; x64) AppleWebKit/537.36 (KHTML, like Gecko) Chrome/91.0.4472.124 Safari/537.36"
50.17.30.17 - - [06/Nov/2025:20:51:34 +0530] "GET /wp-content/plugins/kk-star-ratings/src/core/public/js/kk-star-ratings.min.js?ver=5.4.10.2 HTTP/2" 200 631 "https://androidhindi.in/pin-up-casino-india/" "Mozilla/5.0 (Windows NT 10.0; Win64; x64) AppleWebKit/537.36 (KHTML, like Gecko) Chrome/91.0.4472.124 Safari/537.36"
50.17.30.17 - - [06/Nov/2025:20:51:34 +0530] "GET /wp-content/themes/generatepress/assets/js/menu.min.js?ver=3.6.0 HTTP/2" 200 1678 "https://androidhindi.in/pin-up-casino-india/" "Mozilla/5.0 (Windows NT 10.0; Win64; x64) AppleWebKit/537.36 (KHTML, like Gecko) Chrome/91.0.4472.124 Safari/537.36"
50.17.30.17 - - [06/Nov/2025:20:51:34 +0530] "GET /wp-content/themes/generatepress/assets/dist/modal.js?ver=3.6.0 HTTP/2" 200 1250 "https://androidhindi.in/pin-up-casino-india/" "Mozilla/5.0 (Windows NT 10.0; Win64; x64) AppleWebKit/537.36 (KHTML, like Gecko) Chrome/91.0.4472.124 Safari/537.36"
50.17.30.17 - - [06/Nov/2025:20:51:34 +0530] "GET /wp-content/plugins/wp-rocket/assets/js/lazyload/17.8.3/lazyload.min.js HTTP/2" 200 2902 "https://androidhindi.in/pin-up-casino-india/" "Mozilla/5.0 (Windows NT 10.0; Win64; x64) AppleWebKit/537.36 (KHTML, like Gecko) Chrome/91.0.4472.124 Safari/537.36"
50.17.30.17 - - [06/Nov/2025:20:51:38 +0530] "GET /wp-includes/js/wp-emoji-release.min.js?ver=6.8.3 HTTP/2" 200 4769 "https://androidhindi.in/pin-up-casino-india/" "Mozilla/5.0 (Windows NT 10.0; Win64; x64) AppleWebKit/537.36 (KHTML, like Gecko) Chrome/91.0.4472.124 Safari/537.36"
122.180.246.194 - - [06/Nov/2025:20:45:52 +0530] "POST /wp-cron.php?doing_wp_cron=1762442152.7316410541534423828125 HTTP/1.1" 200 0 "-" "WordPress/6.8.3; https://androidhindi.in"
43.167.236.228 - - [06/Nov/2025:20:45:52 +0530] "GET /wp-content/uploads/2023/02/Android-Phone-Me-RTF-Files-Ko-Kaise-Open-Kare.webp HTTP/1.1" 404 22979 "-" "Mozilla/5.0 (iPhone; CPU iPhone OS 13_2_3 like Mac OS X) AppleWebKit/605.1.15 (KHTML, like Gecko) Version/13.0.3 Mobile/15E148 Safari/604.1"
122.180.246.194 - - [06/Nov/2025:20:51:29 +0530] "POST /wp-cron.php?doing_wp_cron=1762442489.9393730163574218750000 HTTP/1.1" 200 0 "-" "WordPress/6.8.3; https://androidhindi.in"
2.56.34.53 - - [06/Nov/2025:20:52:18 +0530] "GET /pin-up-casino-india/ HTTP/2" 404 19369 "-" "Mozilla/5.0 (Windows NT 10.0; Win64; x64) AppleWebKit/537.36 (KHTML, like Gecko) Chrome/115.0.0.0 Safari/537.36"
2.56.34.53 - - [06/Nov/2025:20:52:21 +0530] "GET /wp-includes/js/jquery/jquery-migrate.min.js?ver=3.4.1 HTTP/2" 200 4678 "https://androidhindi.in/pin-up-casino-india/" "Mozilla/5.0 (Windows NT 10.0; Win64; x64) AppleWebKit/537.36 (KHTML, like Gecko) Chrome/91.0.4472.124 Safari/537.36"
2.56.34.53 - - [06/Nov/2025:20:52:21 +0530] "GET /wp-content/plugins/notix-web-push-notifications/public/js/notix-public.js?ver=1.2.4 HTTP/2" 200 412 "https://androidhindi.in/pin-up-casino-india/" "Mozilla/5.0 (Windows NT 10.0; Win64; x64) AppleWebKit/537.36 (KHTML, like Gecko) Chrome/91.0.4472.124 Safari/537.36"
2.56.34.53 - - [06/Nov/2025:20:52:21 +0530] "GET /wp-includes/js/jquery/jquery.min.js?ver=3.7.1 HTTP/2" 200 29744 "https://androidhindi.in/pin-up-casino-india/" "Mozilla/5.0 (Windows NT 10.0; Win64; x64) AppleWebKit/537.36 (KHTML, like Gecko) Chrome/91.0.4472.124 Safari/537.36"
2.56.34.53 - - [06/Nov/2025:20:52:22 +0530] "GET /wp-includes/js/dist/hooks.min.js?ver=4d63a3d491d11ffd8ac6 HTTP/2" 200 1571 "https://androidhindi.in/pin-up-casino-india/" "Mozilla/5.0 (Windows NT 10.0; Win64; x64) AppleWebKit/537.36 (KHTML, like Gecko) Chrome/91.0.4472.124 Safari/537.36"
2.56.34.53 - - [06/Nov/2025:20:52:22 +0530] "GET /wp-includes/js/dist/i18n.min.js?ver=5e580eb46a90c2b997e6 HTTP/2" 200 3542 "https://androidhindi.in/pin-up-casino-india/" "Mozilla/5.0 (Windows NT 10.0; Win64; x64) AppleWebKit/537.36 (KHTML, like Gecko) Chrome/91.0.4472.124 Safari/537.36"
2.56.34.53 - - [06/Nov/2025:20:52:23 +0530] "GET /wp-content/plugins/contact-form-7/includes/swv/js/index.js?ver=6.1.3 HTTP/2" 200 3369 "https://androidhindi.in/pin-up-casino-india/" "Mozilla/5.0 (Windows NT 10.0; Win64; x64) AppleWebKit/537.36 (KHTML, like Gecko) Chrome/91.0.4472.124 Safari/537.36"
2.56.34.53 - - [06/Nov/2025:20:52:24 +0530] "GET /wp-content/plugins/contact-form-7/includes/js/index.js?ver=6.1.3 HTTP/2" 200 4008 "https://androidhindi.in/pin-up-casino-india/" "Mozilla/5.0 (Windows NT 10.0; Win64; x64) AppleWebKit/537.36 (KHTML, like Gecko) Chrome/91.0.4472.124 Safari/537.36"
2.56.34.53 - - [06/Nov/2025:20:52:24 +0530] "GET /wp-content/plugins/kk-star-ratings/src/core/public/js/kk-star-ratings.min.js?ver=5.4.10.2 HTTP/2" 200 631 "https://androidhindi.in/pin-up-casino-india/" "Mozilla/5.0 (Windows NT 10.0; Win64; x64) AppleWebKit/537.36 (KHTML, like Gecko) Chrome/91.0.4472.124 Safari/537.36"
2.56.34.53 - - [06/Nov/2025:20:52:24 +0530] "GET /wp-content/themes/generatepress/assets/dist/modal.js?ver=3.6.0 HTTP/2" 200 1250 "https://androidhindi.in/pin-up-casino-india/" "Mozilla/5.0 (Windows NT 10.0; Win64; x64) AppleWebKit/537.36 (KHTML, like Gecko) Chrome/91.0.4472.124 Safari/537.36"
2.56.34.53 - - [06/Nov/2025:20:52:24 +0530] "GET /wp-content/themes/generatepress/assets/js/menu.min.js?ver=3.6.0 HTTP/2" 200 1678 "https://androidhindi.in/pin-up-casino-india/" "Mozilla/5.0 (Windows NT 10.0; Win64; x64) AppleWebKit/537.36 (KHTML, like Gecko) Chrome/91.0.4472.124 Safari/537.36"
50.17.30.17 - - [06/Nov/2025:20:51:46 +0530] "GET /wp-content/uploads/2022/11/cropped-AndroidHindi-Logo-32x32.png HTTP/2" 404 20381 "https://androidhindi.in/pin-up-casino-india/" "Mozilla/5.0 (Windows NT 10.0; Win64; x64) AppleWebKit/537.36 (KHTML, like Gecko) Chrome/91.0.4472.124 Safari/537.36"
50.17.30.17 - - [06/Nov/2025:20:51:49 +0530] "GET /wp-content/uploads/2022/11/cropped-AndroidHindi-Logo-192x192.png HTTP/2" 404 20381 "https://androidhindi.in/pin-up-casino-india/" "Mozilla/5.0 (Windows NT 10.0; Win64; x64) AppleWebKit/537.36 (KHTML, like Gecko) Chrome/91.0.4472.124 Safari/537.36"
122.180.246.194 - - [06/Nov/2025:20:52:19 +0530] "POST /wp-cron.php?doing_wp_cron=1762442539.0252161026000976562500 HTTP/1.1" 200 0 "-" "WordPress/6.8.3; https://androidhindi.in"
66.249.69.228 - - [06/Nov/2025:20:52:57 +0530] "GET /feed HTTP/1.1" 301 0 "-" "Mozilla/5.0 (compatible; Googlebot/2.1; +http://www.google.com/bot.html)"
66.249.69.226 - - [06/Nov/2025:20:52:59 +0530] "GET /feed/ HTTP/1.1" 500 194 "-" "Mozilla/5.0 (compatible; Googlebot/2.1; +http://www.google.com/bot.html)"
2.56.34.53 - - [06/Nov/2025:20:52:24 +0530] "GET /wp-content/plugins/wp-rocket/assets/js/lazyload/17.8.3/lazyload.min.js HTTP/2" 200 2902 "https://androidhindi.in/pin-up-casino-india/" "Mozilla/5.0 (Windows NT 10.0; Win64; x64) AppleWebKit/537.36 (KHTML, like Gecko) Chrome/91.0.4472.124 Safari/537.36"
2.56.34.53 - - [06/Nov/2025:20:52:29 +0530] "GET /wp-includes/js/wp-emoji-release.min.js?ver=6.8.3 HTTP/2" 200 4769 "https://androidhindi.in/pin-up-casino-india/" "Mozilla/5.0 (Windows NT 10.0; Win64; x64) AppleWebKit/537.36 (KHTML, like Gecko) Chrome/91.0.4472.124 Safari/537.36"
122.180.246.194 - - [06/Nov/2025:20:52:38 +0530] "POST /wp-cron.php?doing_wp_cron=1762442558.7659409046173095703125 HTTP/1.1" 200 0 "-" "WordPress/6.8.3; https://androidhindi.in"
2.56.34.53 - - [06/Nov/2025:20:52:38 +0530] "GET /wp-content/uploads/2022/11/cropped-AndroidHindi-Logo-32x32.png HTTP/2" 404 20381 "https://androidhindi.in/pin-up-casino-india/" "Mozilla/5.0 (Windows NT 10.0; Win64; x64) AppleWebKit/537.36 (KHTML, like Gecko) Chrome/91.0.4472.124 Safari/537.36"
2.56.34.53 - - [06/Nov/2025:20:52:44 +0530] "GET /wp-content/uploads/2022/11/cropped-AndroidHindi-Logo-192x192.png HTTP/2" 404 20381 "https://androidhindi.in/pin-up-casino-india/" "Mozilla/5.0 (Windows NT 10.0; Win64; x64) AppleWebKit/537.36 (KHTML, like Gecko) Chrome/91.0.4472.124 Safari/537.36"
2.56.34.53 - - [06/Nov/2025:20:52:49 +0530] "GET /pin-up-casino-india/ HTTP/2" 404 19369 "-" "Mozilla/5.0 (Windows NT 10.0; Win64; x64) AppleWebKit/537.36 (KHTML, like Gecko) Chrome/115.0.0.0 Safari/537.36"
66.249.69.228 - - [06/Nov/2025:20:54:01 +0530] "GET /feed HTTP/1.1" 301 0 "-" "Mozilla/5.0 (compatible; Googlebot/2.1; +http://www.google.com/bot.html)"
66.249.69.228 - - [06/Nov/2025:20:54:02 +0530] "GET /feed/ HTTP/1.1" 500 194 "-" "Mozilla/5.0 (compatible; Googlebot/2.1; +http://www.google.com/bot.html)"
122.180.246.194 - - [06/Nov/2025:20:54:37 +0530] "POST /wp-cron.php?doing_wp_cron=1762442677.8299279212951660156250 HTTP/1.1" 200 0 "-" "WordPress/6.8.3; https://androidhindi.in"
66.249.69.228 - - [06/Nov/2025:20:55:03 +0530] "GET /feed HTTP/1.1" 301 0 "-" "Mozilla/5.0 (compatible; Googlebot/2.1; +http://www.google.com/bot.html)"
114.119.157.96 - - [06/Nov/2025:20:57:55 +0530] "GET /wp-content/uploads/2023/12/Death-Valley-National-Park-Quarter-2016.jpg HTTP/1.1" 404 22979 "https://androidhindi.in/web-stories/top-10-beautiful-and-popular-commemorative-us-coin-designs" "Mozilla/5.0 (Linux; Android 7.0;) AppleWebKit/537.36 (KHTML, like Gecko) Mobile Safari/537.36 (compatible; PetalBot;+https://webmaster.petalsearch.com/site/petalbot)"
122.180.246.194 - - [06/Nov/2025:20:58:13 +0530] "POST /wp-cron.php?doing_wp_cron=1762442893.0257389545440673828125 HTTP/1.1" 200 0 "-" "WordPress/6.8.3; https://androidhindi.in"
114.119.145.47 - - [06/Nov/2025:21:00:08 +0530] "GET /wp-content/uploads/2023/12/Bitcoin-BTC-2009.webp HTTP/1.1" 404 22979 "https://androidhindi.in/web-stories/top-10-crypto-trying-to-compete-with-the-us-dollar" "Mozilla/5.0 (Linux; Android 7.0;) AppleWebKit/537.36 (KHTML, like Gecko) Mobile Safari/537.36 (compatible; PetalBot;+https://webmaster.petalsearch.com/site/petalbot)"
122.180.246.194 - - [06/Nov/2025:21:01:44 +0530] "POST /wp-cron.php?doing_wp_cron=1762443104.3835120201110839843750 HTTP/1.1" 200 0 "-" "WordPress/6.8.3; https://androidhindi.in"
107.178.192.108 - - [06/Nov/2025:21:02:00 +0530] "GET /andar-bahar-unleashed-mastering-strategies-and-thrills-in-indias-premier-online-cash-game/ HTTP/1.1" 404 19369 "-" "Mozilla/5.0 (compatible; Google-Apps-Script; beanserver; +https://script.google.com; id: UAEmdDd_V6VJd39crRleiNHbd-HsZJZI53w)"
43.157.175.122 - - [06/Nov/2025:21:06:15 +0530] "GET /ludo-me-jitne-ke-liye-kya-karna-chahiye/ HTTP/1.1" 200 38249 "-" "Mozilla/5.0 (iPhone; CPU iPhone OS 13_2_3 like Mac OS X) AppleWebKit/605.1.15 (KHTML, like Gecko) Version/13.0.3 Mobile/15E148 Safari/604.1"
173.236.196.141 - - [06/Nov/2025:21:08:57 +0530] "GET /wp-login.php HTTP/2" 503 6775 "http://androidhindi.in/wp-login.php" "Mozilla/5.0 (Windows NT 10.0; Win64; x64; rv:144.0) Gecko/20100101 Firefox/144.0"
122.180.246.194 - - [06/Nov/2025:20:54:02 +0530] "POST /wp-cron.php?doing_wp_cron=1762442642.0660350322723388671875 HTTP/1.1" 200 0 "-" "WordPress/6.8.3; https://androidhindi.in"
47.150.170.241 - - [06/Nov/2025:20:54:35 +0530] "GET /robots.txt HTTP/1.1" 200 166 "-" "Mozilla/5.0 (Linux; Android 6.0; Nexus 5 Build/MRA58N) AppleWebKit/537.36 (KHTML, like Gecko) Chrome/54.0.8329.1042 Mobile Safari/537.36"
66.249.69.227 - - [06/Nov/2025:20:55:04 +0530] "GET /feed/ HTTP/1.1" 500 194 "-" "Mozilla/5.0 (compatible; Googlebot/2.1; +http://www.google.com/bot.html)"
122.180.246.194 - - [06/Nov/2025:20:55:19 +0530] "POST /wp-cron.php?doing_wp_cron=1762442719.8732299804687500000000 HTTP/1.1" 200 0 "-" "WordPress/6.8.3; https://androidhindi.in"
43.166.238.12 - - [06/Nov/2025:20:55:19 +0530] "GET /wp-content/uploads/2022/12/Dusre-Ka-WhatsApp-Kaise-Dekhe-By-AndroidHindi-150x86.webp HTTP/1.1" 404 22979 "-" "Mozilla/5.0 (iPhone; CPU iPhone OS 13_2_3 like Mac OS X) AppleWebKit/605.1.15 (KHTML, like Gecko) Version/13.0.3 Mobile/15E148 Safari/604.1"
122.180.246.194 - - [06/Nov/2025:20:56:06 +0530] "POST /wp-cron.php?doing_wp_cron=1762442766.2646749019622802734375 HTTP/1.1" 200 0 "-" "WordPress/6.8.3; https://androidhindi.in"
66.249.69.227 - - [06/Nov/2025:20:56:05 +0530] "GET /feed HTTP/1.1" 301 0 "-" "Mozilla/5.0 (compatible; Googlebot/2.1; +http://www.google.com/bot.html)"
66.249.69.227 - - [06/Nov/2025:20:56:06 +0530] "GET /feed/ HTTP/1.1" 500 194 "-" "Mozilla/5.0 (compatible; Googlebot/2.1; +http://www.google.com/bot.html)"
122.180.246.194 - - [06/Nov/2025:20:57:56 +0530] "POST /wp-cron.php?doing_wp_cron=1762442876.9018108844757080078125 HTTP/1.1" 200 0 "-" "WordPress/6.8.3; https://androidhindi.in"
35.187.132.64 - - [06/Nov/2025:20:57:45 +0530] "GET /how-to-choose-the-best-betting-site-in-bangladesh/ HTTP/1.1" 404 19369 "-" "Mozilla/5.0 (compatible; Google-Apps-Script; beanserver; +https://script.google.com; id: UAEmdDd-ksAj05ImaJpjF2ii_SjuE-kUuuA)"
122.180.246.194 - - [06/Nov/2025:21:00:09 +0530] "POST /wp-cron.php?doing_wp_cron=1762443009.4777960777282714843750 HTTP/1.1" 200 0 "-" "WordPress/6.8.3; https://androidhindi.in"
107.178.192.96 - - [06/Nov/2025:21:01:44 +0530] "GET /andar-bahar-unleashed-mastering-strategies-and-thrills-in-indias-premier-online-cash-game/ HTTP/1.1" 404 19369 "-" "Mozilla/5.0 (compatible; Google-Apps-Script; beanserver; +https://script.google.com; id: UAEmdDd-ksAj05ImaJpjF2ii_SjuE-kUuuA)"
122.180.246.194 - - [06/Nov/2025:21:10:55 +0530] "POST /wp-cron.php?doing_wp_cron=1762443655.6511878967285156250000 HTTP/1.1" 200 0 "-" "WordPress/6.8.3; https://androidhindi.in"
204.12.252.98 - - [06/Nov/2025:21:10:54 +0530] "GET /wp-includes/js9262c2/edit.php HTTP/1.1" 301 0 "http://www.androidhindi.in/wp-includes/js9262c2/edit.php" "Mozilla/5.0 (Windows NT 10.0; Win64; x64) AppleWebKit/537.36 (KHTML, like Gecko) Chrome/58.0.3029.110 Safari/537.3"
122.180.246.194 - - [06/Nov/2025:21:12:24 +0530] "POST /wp-cron.php?doing_wp_cron=1762443744.0876150131225585937500 HTTP/1.1" 200 0 "-" "WordPress/6.8.3; https://androidhindi.in"
66.249.69.227 - - [06/Nov/2025:21:12:23 +0530] "GET /feed HTTP/1.1" 301 0 "-" "Mozilla/5.0 (compatible; Googlebot/2.1; +http://www.google.com/bot.html)"
66.249.69.227 - - [06/Nov/2025:21:12:24 +0530] "GET /feed/ HTTP/1.1" 500 194 "-" "Mozilla/5.0 (compatible; Googlebot/2.1; +http://www.google.com/bot.html)"
116.197.130.58 - - [06/Nov/2025:21:12:33 +0530] "GET /.env HTTP/1.1" 403 787 "-" "Mozilla/5.0 (X11; Linux x86_64)"
116.197.130.58 - - [06/Nov/2025:21:12:33 +0530] "GET /core/.env HTTP/1.1" 403 787 "-" "Mozilla/5.0 (X11; Linux x86_64)"
116.197.130.58 - - [06/Nov/2025:21:12:33 +0530] "GET /core/.env HTTP/1.1" 403 787 "-" "Mozilla/5.0 (X11; Linux x86_64)"
116.197.130.58 - - [06/Nov/2025:21:12:33 +0530] "GET /laravel/.env HTTP/1.1" 403 787 "-" "Mozilla/5.0 (X11; Linux x86_64)"
122.180.246.194 - - [06/Nov/2025:21:13:26 +0530] "POST /wp-cron.php?doing_wp_cron=1762443806.4694869518280029296875 HTTP/1.1" 200 0 "-" "WordPress/6.8.3; https://androidhindi.in"
66.249.69.227 - - [06/Nov/2025:21:13:28 +0530] "GET /feed/ HTTP/1.1" 500 194 "-" "Mozilla/5.0 (compatible; Googlebot/2.1; +http://www.google.com/bot.html)"
66.249.69.227 - - [06/Nov/2025:21:14:30 +0530] "GET /feed/ HTTP/1.1" 500 194 "-" "Mozilla/5.0 (compatible; Googlebot/2.1; +http://www.google.com/bot.html)"
122.180.246.194 - - [06/Nov/2025:21:14:31 +0530] "POST /wp-cron.php?doing_wp_cron=1762443871.1427729129791259765625 HTTP/1.1" 200 0 "-" "WordPress/6.8.3; https://androidhindi.in"
34.98.140.102 - - [06/Nov/2025:21:14:01 +0530] "GET /reviewing-the-marvelbet-betting-platform/ HTTP/1.1" 404 19369 "-" "Mozilla/5.0 (compatible; Google-Apps-Script; beanserver; +https://script.google.com; id: UAEmdDd-ksAj05ImaJpjF2ii_SjuE-kUuuA)"
122.180.246.194 - - [06/Nov/2025:21:10:55 +0530] "POST /?wordfence_syncAttackData=1762443655.2819 HTTP/1.1" 200 0 "-" "WordPress/6.8.3; https://androidhindi.in"
204.12.252.98 - - [06/Nov/2025:21:10:52 +0530] "GET /wp-includes/js9262c2/edit.php HTTP/1.1" 301 0 "http://www.androidhindi.in/wp-includes/js9262c2/edit.php" "Mozilla/5.0 (Windows NT 10.0; Win64; x64) AppleWebKit/537.36 (KHTML, like Gecko) Chrome/58.0.3029.110 Safari/537.3"
204.12.252.98 - - [06/Nov/2025:21:10:56 +0530] "GET /wp-includes/js9262c2/edit.php HTTP/1.1" 404 18305 "http://www.androidhindi.in/wp-includes/js9262c2/edit.php" "Mozilla/5.0 (Windows NT 10.0; Win64; x64) AppleWebKit/537.36 (KHTML, like Gecko) Chrome/58.0.3029.110 Safari/537.3"
116.197.130.58 - - [06/Nov/2025:21:12:35 +0530] "GET /laravel/.env HTTP/1.1" 403 787 "-" "Mozilla/5.0 (X11; Linux x86_64)"
116.197.130.58 - - [06/Nov/2025:21:12:35 +0530] "GET /.env HTTP/1.1" 403 787 "-" "Mozilla/5.0 (X11; Linux x86_64)"
66.249.69.228 - - [06/Nov/2025:21:13:26 +0530] "GET /feed HTTP/1.1" 301 0 "-" "Mozilla/5.0 (compatible; Googlebot/2.1; +http://www.google.com/bot.html)"
122.180.246.194 - - [06/Nov/2025:21:13:28 +0530] "POST /wp-cron.php?doing_wp_cron=1762443808.6982939243316650390625 HTTP/1.1" 200 0 "-" "WordPress/6.8.3; https://androidhindi.in"
122.180.246.194 - - [06/Nov/2025:21:14:29 +0530] "POST /wp-cron.php?doing_wp_cron=1762443869.9329290390014648437500 HTTP/1.1" 200 0 "-" "WordPress/6.8.3; https://androidhindi.in"
66.249.69.228 - - [06/Nov/2025:21:14:29 +0530] "GET /feed HTTP/1.1" 301 0 "-" "Mozilla/5.0 (compatible; Googlebot/2.1; +http://www.google.com/bot.html)"
66.249.69.226 - - [06/Nov/2025:21:15:32 +0530] "GET /feed HTTP/1.1" 301 0 "-" "Mozilla/5.0 (compatible; Googlebot/2.1; +http://www.google.com/bot.html)"
66.249.69.227 - - [06/Nov/2025:21:15:33 +0530] "GET /feed/ HTTP/1.1" 500 194 "-" "Mozilla/5.0 (compatible; Googlebot/2.1; +http://www.google.com/bot.html)"
122.180.246.194 - - [06/Nov/2025:21:15:57 +0530] "POST /wp-cron.php?doing_wp_cron=1762443957.2552480697631835937500 HTTP/1.1" 200 0 "-" "WordPress/6.8.3; https://androidhindi.in"
122.180.246.194 - - [06/Nov/2025:21:17:38 +0530] "POST /wp-cron.php?doing_wp_cron=1762444058.7252840995788574218750 HTTP/1.1" 200 0 "-" "WordPress/6.8.3; https://androidhindi.in"
49.51.183.84 - - [06/Nov/2025:21:17:37 +0530] "GET /wp-content/uploads/2023/10/Android-Phone-Me-Siri-Kaise-Chalaye-150x86.webp HTTP/1.1" 404 22979 "-" "Mozilla/5.0 (iPhone; CPU iPhone OS 13_2_3 like Mac OS X) AppleWebKit/605.1.15 (KHTML, like Gecko) Version/13.0.3 Mobile/15E148 Safari/604.1"
122.180.246.194 - - [06/Nov/2025:21:18:17 +0530] "POST /wp-cron.php?doing_wp_cron=1762444097.1320750713348388671875 HTTP/1.1" 200 0 "-" "WordPress/6.8.3; https://androidhindi.in"
193.70.46.175 - - [06/Nov/2025:21:19:49 +0530] "GET /robots.txt HTTP/1.1" 200 277 "-" "Mozilla/5.0 (compatible; MJ12bot/v1.4.8; http://mj12bot.com/)"
193.70.46.175 - - [06/Nov/2025:21:20:36 +0530] "GET /hamraaz-app-download-kaise-kare/androidhindi.in/wp-content/uploads/2022/11/hamraaz%20app%20download%20by%20androidhindi.apk HTTP/1.1" 404 20381 "-" "Mozilla/5.0 (compatible; MJ12bot/v1.4.8; http://mj12bot.com/)"
122.180.246.194 - - [06/Nov/2025:21:21:19 +0530] "POST /wp-cron.php?doing_wp_cron=1762444279.1237730979919433593750 HTTP/1.1" 200 0 "-" "WordPress/6.8.3; https://androidhindi.in"
208.110.64.178 - - [06/Nov/2025:21:21:17 +0530] "GET /wp-includes/js9262c2/edit.php HTTP/1.1" 301 0 "http://www.androidhindi.in/wp-includes/js9262c2/edit.php" "Mozilla/5.0 (Windows NT 10.0; Win64; x64) AppleWebKit/537.36 (KHTML, like Gecko) Chrome/58.0.3029.110 Safari/537.3"
122.180.246.194 - - [06/Nov/2025:21:23:19 +0530] "POST /wp-cron.php?doing_wp_cron=1762444399.5092511177062988281250 HTTP/1.1" 200 0 "-" "WordPress/6.8.3; https://androidhindi.in"
107.178.192.108 - - [06/Nov/2025:21:23:18 +0530] "GET /andar-bahar-unleashed-mastering-strategies-and-thrills-in-indias-premier-online-cash-game/ HTTP/1.1" 404 19369 "-" "Mozilla/5.0 (compatible; Google-Apps-Script; beanserver; +https://script.google.com; id: UAEmdDd9PnUKvUmN1lwIj3F0nV6oLqJo_cg)"
122.180.246.194 - - [06/Nov/2025:21:26:19 +0530] "POST /wp-cron.php?doing_wp_cron=1762444579.1172769069671630859375 HTTP/1.1" 200 0 "-" "WordPress/6.8.3; https://androidhindi.in"
43.135.140.225 - - [06/Nov/2025:21:26:18 +0530] "GET /wp-content/uploads/2023/10/Net-Kyon-Nahin-Chal-Raha-Hai.webp HTTP/1.1" 404 22979 "-" "Mozilla/5.0 (iPhone; CPU iPhone OS 13_2_3 like Mac OS X) AppleWebKit/605.1.15 (KHTML, like Gecko) Version/13.0.3 Mobile/15E148 Safari/604.1"
122.180.246.194 - - [06/Nov/2025:21:15:32 +0530] "POST /wp-cron.php?doing_wp_cron=1762443932.4223830699920654296875 HTTP/1.1" 200 0 "-" "WordPress/6.8.3; https://androidhindi.in"
217.182.195.126 - - [06/Nov/2025:21:15:44 +0530] "GET /robots.txt HTTP/1.1" 200 277 "-" "Mozilla/5.0 (compatible; MJ12bot/v1.4.8; http://mj12bot.com/)"
217.182.195.126 - - [06/Nov/2025:21:15:50 +0530] "GET /page/6/?s=message HTTP/1.1" 200 21732 "-" "Mozilla/5.0 (compatible; MJ12bot/v1.4.8; http://mj12bot.com/)"
217.182.195.126 - - [06/Nov/2025:21:15:56 +0530] "GET /page/7/?s=message HTTP/1.1" 200 21742 "-" "Mozilla/5.0 (compatible; MJ12bot/v1.4.8; http://mj12bot.com/)"
107.178.192.96 - - [06/Nov/2025:21:18:16 +0530] "GET /andar-bahar-unleashed-mastering-strategies-and-thrills-in-indias-premier-online-cash-game/ HTTP/1.1" 404 19369 "-" "Mozilla/5.0 (compatible; Google-Apps-Script; beanserver; +https://script.google.com; id: UAEmdDd_V6VJd39crRleiNHbd-HsZJZI53w)"
122.180.246.194 - - [06/Nov/2025:21:19:49 +0530] "POST /wp-cron.php?doing_wp_cron=1762444189.9941599369049072265625 HTTP/1.1" 200 0 "-" "WordPress/6.8.3; https://androidhindi.in"
122.180.246.194 - - [06/Nov/2025:21:20:36 +0530] "POST /wp-cron.php?doing_wp_cron=1762444236.4887061119079589843750 HTTP/1.1" 200 0 "-" "WordPress/6.8.3; https://androidhindi.in"
208.110.64.178 - - [06/Nov/2025:21:21:20 +0530] "GET /wp-includes/js9262c2/edit.php HTTP/1.1" 404 18305 "http://www.androidhindi.in/wp-includes/js9262c2/edit.php" "Mozilla/5.0 (Windows NT 10.0; Win64; x64) AppleWebKit/537.36 (KHTML, like Gecko) Chrome/58.0.3029.110 Safari/537.3"
122.180.246.194 - - [06/Nov/2025:21:22:19 +0530] "POST /wp-cron.php?doing_wp_cron=1762444338.9860079288482666015625 HTTP/1.1" 200 0 "-" "WordPress/6.8.3; https://androidhindi.in"
13.215.229.29 - - [06/Nov/2025:21:22:18 +0530] "GET /wp-content/uploads/2022/08/Georgia-anti-abortion-law-allows-tax-deductions-for-fetuses-6.jpg HTTP/1.1" 404 22978 "-" "Mozilla/5.0 (compatible; crawler)"
114.119.144.38 - - [06/Nov/2025:21:39:35 +0530] "GET /wp-content/uploads/2023/12/Liquid-USD-LUSD-2022.png HTTP/1.1" 404 22979 "https://androidhindi.in/web-stories/top-10-crypto-trying-to-compete-with-the-us-dollar" "Mozilla/5.0 (Linux; Android 7.0;) AppleWebKit/537.36 (KHTML, like Gecko) Mobile Safari/537.36 (compatible; PetalBot;+https://webmaster.petalsearch.com/site/petalbot)"
45.165.146.23 - - [06/Nov/2025:21:41:19 +0530] "GET /wp-json/wp/v2/users HTTP/1.1" 401 108 "-" "Mozilla/4.0 (compatible; Win32; WinHttp.WinHttpRequest.5)"
177.91.193.39 - - [06/Nov/2025:21:41:24 +0530] "GET /wp-json/wp/v2/users HTTP/1.1" 401 108 "-" "Mozilla/4.0 (compatible; Win32; WinHttp.WinHttpRequest.5)"
122.180.246.194 - - [06/Nov/2025:21:39:37 +0530] "POST /wp-cron.php?doing_wp_cron=1762445377.1449871063232421875000 HTTP/1.1" 200 0 "-" "WordPress/6.8.3; https://androidhindi.in"
209.141.47.135 - - [06/Nov/2025:21:40:52 +0530] "GET /wp-login.php HTTP/1.1" 404 20379 "https://www.google.com/" "Mozilla/5.0 (Windows NT 10.0; Win64; x64; rv:120.0) Gecko/20100101 Firefox/120.0"
122.180.246.194 - - [06/Nov/2025:21:41:19 +0530] "POST /wp-cron.php?doing_wp_cron=1762445479.4956219196319580078125 HTTP/1.1" 200 0 "-" "WordPress/6.8.3; https://androidhindi.in"
122.180.246.194 - - [06/Nov/2025:21:42:30 +0530] "POST /wp-cron.php?doing_wp_cron=1762445550.8536119461059570312500 HTTP/1.1" 200 0 "-" "WordPress/6.8.3; https://androidhindi.in"
45.165.146.23 - - [06/Nov/2025:21:42:30 +0530] "POST /xmlrpc.php HTTP/1.1" 405 415 "-" "Mozilla/5.0 (Windows NT 10.0; Win64; x64) AppleWebKit/537.36 (KHTML, like Gecko) Chrome/91.0.4472.124 Safari/537.36"
177.91.193.39 - - [06/Nov/2025:21:42:47 +0530] "POST /xmlrpc.php HTTP/1.1" 405 415 "-" "Mozilla/5.0 (Macintosh; Intel Mac OS X 10_15_7; x64) AppleWebKit/537.36 (KHTML, like Gecko) Chrome/103.0.0.0 Safari/537.36"
122.180.246.194 - - [06/Nov/2025:21:31:39 +0530] "POST /wp-cron.php?doing_wp_cron=1762444899.4608700275421142578125 HTTP/1.1" 200 0 "-" "WordPress/6.8.3; https://androidhindi.in"
66.249.69.226 - - [06/Nov/2025:21:31:58 +0530] "GET /feed HTTP/1.1" 301 0 "-" "Mozilla/5.0 (compatible; Googlebot/2.1; +http://www.google.com/bot.html)"
208.110.64.178 - - [06/Nov/2025:21:33:47 +0530] "GET /wp-includes/js9262c2/edit.php HTTP/1.1" 404 18305 "http://www.androidhindi.in/wp-includes/js9262c2/edit.php" "Mozilla/5.0 (Windows NT 10.0; Win64; x64) AppleWebKit/537.36 (KHTML, like Gecko) Chrome/58.0.3029.110 Safari/537.3"
66.249.69.226 - - [06/Nov/2025:21:34:03 +0530] "GET /feed HTTP/1.1" 301 0 "-" "Mozilla/5.0 (compatible; Googlebot/2.1; +http://www.google.com/bot.html)"
122.180.246.194 - - [06/Nov/2025:21:34:43 +0530] "POST /wp-cron.php?doing_wp_cron=1762445083.8881809711456298828125 HTTP/1.1" 200 0 "-" "WordPress/6.8.3; https://androidhindi.in"
122.180.246.194 - - [06/Nov/2025:21:36:21 +0530] "POST /wp-cron.php?doing_wp_cron=1762445181.7834110260009765625000 HTTP/1.1" 200 0 "-" "WordPress/6.8.3; https://androidhindi.in"
177.91.193.39 - - [06/Nov/2025:21:36:21 +0530] "POST /xmlrpc.php HTTP/1.1" 405 415 "-" "Mozilla/5.0 (Windows NT 10.0; arm64) AppleWebKit/537.36 (KHTML, like Gecko) Chrome/105.0.0.0 Safari/537.36"
122.180.246.194 - - [06/Nov/2025:21:37:31 +0530] "POST /wp-cron.php?doing_wp_cron=1762445251.2269968986511230468750 HTTP/1.1" 200 0 "-" "WordPress/6.8.3; https://androidhindi.in"
66.249.69.228 - - [06/Nov/2025:21:31:39 +0530] "GET /icici-personal-loan-kaise-le/feed/ HTTP/1.1" 500 194 "-" "Mozilla/5.0 (Linux; Android 6.0.1; Nexus 5X Build/MMB29P) AppleWebKit/537.36 (KHTML, like Gecko) Chrome/141.0.7390.122 Mobile Safari/537.36 (compatible; Googlebot/2.1; +http://www.google.com/bot.html)"
66.249.69.228 - - [06/Nov/2025:21:32:00 +0530] "GET /feed/ HTTP/1.1" 500 194 "-" "Mozilla/5.0 (compatible; Googlebot/2.1; +http://www.google.com/bot.html)"
66.249.69.227 - - [06/Nov/2025:21:32:04 +0530] "GET /sitemap_index.xml HTTP/1.1" 200 297 "-" "Mozilla/5.0 (compatible; Googlebot/2.1; +http://www.google.com/bot.html)"
122.180.246.194 - - [06/Nov/2025:21:33:01 +0530] "POST /wp-cron.php?doing_wp_cron=1762444981.5870010852813720703125 HTTP/1.1" 200 0 "-" "WordPress/6.8.3; https://androidhindi.in"
66.249.69.228 - - [06/Nov/2025:21:33:01 +0530] "GET /feed HTTP/1.1" 301 0 "-" "Mozilla/5.0 (compatible; Googlebot/2.1; +http://www.google.com/bot.html)"
66.249.69.228 - - [06/Nov/2025:21:33:01 +0530] "GET /feed/ HTTP/1.1" 500 194 "-" "Mozilla/5.0 (compatible; Googlebot/2.1; +http://www.google.com/bot.html)"
122.180.246.194 - - [06/Nov/2025:21:33:46 +0530] "POST /wp-cron.php?doing_wp_cron=1762445026.5044009685516357421875 HTTP/1.1" 200 0 "-" "WordPress/6.8.3; https://androidhindi.in"
208.110.64.178 - - [06/Nov/2025:21:33:46 +0530] "GET /wp-includes/js9262c2/edit.php HTTP/1.1" 301 0 "http://www.androidhindi.in/wp-includes/js9262c2/edit.php" "Mozilla/5.0 (Windows NT 10.0; Win64; x64) AppleWebKit/537.36 (KHTML, like Gecko) Chrome/58.0.3029.110 Safari/537.3"
66.249.69.227 - - [06/Nov/2025:21:34:04 +0530] "GET /feed/ HTTP/1.1" 500 194 "-" "Mozilla/5.0 (compatible; Googlebot/2.1; +http://www.google.com/bot.html)"
45.165.146.23 - - [06/Nov/2025:21:34:42 +0530] "POST /xmlrpc.php HTTP/1.1" 405 415 "-" "Mozilla/5.0 (Windows NT 10.0; Win64; x64) AppleWebKit/537.36 (KHTML, like Gecko) Chrome/91.0.4472.124 Safari/537.36"
66.249.69.228 - - [06/Nov/2025:21:35:05 +0530] "GET /feed HTTP/1.1" 301 0 "-" "Mozilla/5.0 (compatible; Googlebot/2.1; +http://www.google.com/bot.html)"
66.249.69.228 - - [06/Nov/2025:21:35:06 +0530] "GET /feed/ HTTP/1.1" 500 194 "-" "Mozilla/5.0 (compatible; Googlebot/2.1; +http://www.google.com/bot.html)"
43.166.224.244 - - [06/Nov/2025:21:36:26 +0530] "GET /wifi-ka-password-kaise-pata-kare/ HTTP/1.1" 200 32969 "-" "Mozilla/5.0 (iPhone; CPU iPhone OS 13_2_3 like Mac OS X) AppleWebKit/605.1.15 (KHTML, like Gecko) Version/13.0.3 Mobile/15E148 Safari/604.1"
