3.66.227.117 - - [06/Nov/2025:18:29:41 +0530] "GET /serverinfo.php HTTP/1.1" 404 17317 "https://www.google.com/" "Mozilla/5.0 (Windows; U; MSIE 10.0; Windows NT 10.0; .NET CLR 1.3.5765; Win64; x64)"
3.66.227.117 - - [06/Nov/2025:18:29:43 +0530] "GET /server.php HTTP/1.1" 404 17317 "https://www.google.com/" "Mozilla/5.0 (Windows; U; MSIE 10.0; Windows NT 10.0; .NET CLR 1.3.5765; Win64; x64)"
208.110.64.178 - - [06/Nov/2025:18:29:42 +0530] "GET /wp-includes/js9262c2/edit.php HTTP/1.1" 301 0 "http://www.androidhindi.in/wp-includes/js9262c2/edit.php" "Mozilla/5.0 (Windows NT 10.0; Win64; x64) AppleWebKit/537.36 (KHTML, like Gecko) Chrome/58.0.3029.110 Safari/537.3"
208.110.64.178 - - [06/Nov/2025:18:29:45 +0530] "GET /wp-includes/js9262c2/edit.php HTTP/1.1" 404 18305 "http://www.androidhindi.in/wp-includes/js9262c2/edit.php" "Mozilla/5.0 (Windows NT 10.0; Win64; x64) AppleWebKit/537.36 (KHTML, like Gecko) Chrome/58.0.3029.110 Safari/537.3"
3.66.227.117 - - [06/Nov/2025:18:29:45 +0530] "GET /debug.php HTTP/1.1" 404 17317 "https://www.google.com/" "Mozilla/5.0 (Windows; U; MSIE 10.0; Windows NT 10.0; .NET CLR 1.3.5765; Win64; x64)"
3.66.227.117 - - [06/Nov/2025:18:29:47 +0530] "GET /diagnostic.php HTTP/1.1" 404 17317 "https://www.google.com/" "Mozilla/5.0 (Windows; U; MSIE 10.0; Windows NT 10.0; .NET CLR 1.3.5765; Win64; x64)"
3.66.227.117 - - [06/Nov/2025:18:29:49 +0530] "GET /phptest.php HTTP/1.1" 404 17317 "https://www.google.com/" "Mozilla/5.0 (Windows; U; MSIE 10.0; Windows NT 10.0; .NET CLR 1.3.5765; Win64; x64)"
3.66.227.117 - - [06/Nov/2025:18:29:51 +0530] "GET /check.php HTTP/1.1" 404 17317 "https://www.google.com/" "Mozilla/5.0 (Windows; U; MSIE 10.0; Windows NT 10.0; .NET CLR 1.3.5765; Win64; x64)"
3.66.227.117 - - [06/Nov/2025:18:29:53 +0530] "GET /phpinfo.php.save HTTP/1.1" 404 19369 "https://www.google.com/" "Mozilla/5.0 (Windows; U; MSIE 10.0; Windows NT 10.0; .NET CLR 1.3.5765; Win64; x64)"
3.66.227.117 - - [06/Nov/2025:18:29:56 +0530] "GET /info.php.save HTTP/1.1" 404 19369 "https://www.google.com/" "Mozilla/5.0 (Windows; U; MSIE 10.0; Windows NT 10.0; .NET CLR 1.3.5765; Win64; x64)"
3.66.227.117 - - [06/Nov/2025:18:29:58 +0530] "GET /php_info.php.save HTTP/1.1" 404 19369 "https://www.google.com/" "Mozilla/5.0 (Windows; U; MSIE 10.0; Windows NT 10.0; .NET CLR 1.3.5765; Win64; x64)"
3.66.227.117 - - [06/Nov/2025:18:30:01 +0530] "GET /test.php.save HTTP/1.1" 404 19369 "https://www.google.com/" "Mozilla/5.0 (Windows; U; MSIE 10.0; Windows NT 10.0; .NET CLR 1.3.5765; Win64; x64)"
3.66.227.117 - - [06/Nov/2025:18:30:04 +0530] "GET /phpinfo.php.bak HTTP/1.1" 404 19369 "https://www.google.com/" "Mozilla/5.0 (Windows; U; MSIE 10.0; Windows NT 10.0; .NET CLR 1.3.5765; Win64; x64)"
3.66.227.117 - - [06/Nov/2025:18:30:07 +0530] "GET /info.php.bak HTTP/1.1" 404 19369 "https://www.google.com/" "Mozilla/5.0 (Windows; U; MSIE 10.0; Windows NT 10.0; .NET CLR 1.3.5765; Win64; x64)"
3.66.227.117 - - [06/Nov/2025:18:30:09 +0530] "GET /php_info.php.bak HTTP/1.1" 404 19369 "https://www.google.com/" "Mozilla/5.0 (Windows; U; MSIE 10.0; Windows NT 10.0; .NET CLR 1.3.5765; Win64; x64)"
3.122.246.7 - - [06/Nov/2025:18:30:11 +0530] "GET / HTTP/1.1" 200 27120 "https://www.google.com/" "Mozilla/5.0 (Windows NT 6.3; WOW64) Gecko/20091610 Firefox/19.0"
122.180.246.194 - - [06/Nov/2025:18:30:12 +0530] "POST /wp-cron.php?doing_wp_cron=1762434012.1996250152587890625000 HTTP/1.1" 200 0 "-" "WordPress/6.8.3; https://androidhindi.in"
3.66.227.117 - - [06/Nov/2025:18:30:11 +0530] "GET /test.php.bak HTTP/1.1" 404 19369 "https://www.google.com/" "Mozilla/5.0 (Windows; U; MSIE 10.0; Windows NT 10.0; .NET CLR 1.3.5765; Win64; x64)"
3.122.246.7 - - [06/Nov/2025:18:30:12 +0530] "GET /.env HTTP/1.1" 403 787 "https://www.google.com/" "Mozilla/5.0 (Windows NT 6.3; WOW64) Gecko/20091610 Firefox/19.0"
3.122.246.7 - - [06/Nov/2025:18:30:13 +0530] "GET /.env.local HTTP/1.1" 404 19369 "https://www.google.com/" "Mozilla/5.0 (Windows NT 6.3; WOW64) Gecko/20091610 Firefox/19.0"
3.122.246.7 - - [06/Nov/2025:18:30:14 +0530] "GET /.env.dev HTTP/1.1" 404 19369 "https://www.google.com/" "Mozilla/5.0 (Windows NT 6.3; WOW64) Gecko/20091610 Firefox/19.0"
3.66.227.117 - - [06/Nov/2025:18:30:14 +0530] "GET /phpinfo.php.old HTTP/1.1" 404 19369 "https://www.google.com/" "Mozilla/5.0 (Windows; U; MSIE 10.0; Windows NT 10.0; .NET CLR 1.3.5765; Win64; x64)"
3.122.246.7 - - [06/Nov/2025:18:30:15 +0530] "GET /.env.prod HTTP/1.1" 404 19369 "https://www.google.com/" "Mozilla/5.0 (Windows NT 6.3; WOW64) Gecko/20091610 Firefox/19.0"
3.66.227.117 - - [06/Nov/2025:18:30:16 +0530] "GET /info.php.old HTTP/1.1" 404 19369 "https://www.google.com/" "Mozilla/5.0 (Windows; U; MSIE 10.0; Windows NT 10.0; .NET CLR 1.3.5765; Win64; x64)"
3.122.246.7 - - [06/Nov/2025:18:30:17 +0530] "GET /.env.staging HTTP/1.1" 404 19369 "https://www.google.com/" "Mozilla/5.0 (Windows NT 6.3; WOW64) Gecko/20091610 Firefox/19.0"
3.122.246.7 - - [06/Nov/2025:18:30:18 +0530] "GET /.env.development HTTP/1.1" 404 19369 "https://www.google.com/" "Mozilla/5.0 (Windows NT 6.3; WOW64) Gecko/20091610 Firefox/19.0"
3.66.227.117 - - [06/Nov/2025:18:30:18 +0530] "GET /php_info.php.old HTTP/1.1" 404 19369 "https://www.google.com/" "Mozilla/5.0 (Windows; U; MSIE 10.0; Windows NT 10.0; .NET CLR 1.3.5765; Win64; x64)"
3.122.246.7 - - [06/Nov/2025:18:30:19 +0530] "GET /.env.production HTTP/1.1" 404 19369 "https://www.google.com/" "Mozilla/5.0 (Windows NT 6.3; WOW64) Gecko/20091610 Firefox/19.0"
3.66.227.117 - - [06/Nov/2025:18:30:20 +0530] "GET /test.php.old HTTP/1.1" 404 19369 "https://www.google.com/" "Mozilla/5.0 (Windows; U; MSIE 10.0; Windows NT 10.0; .NET CLR 1.3.5765; Win64; x64)"
3.122.246.7 - - [06/Nov/2025:18:30:21 +0530] "GET /.env.test HTTP/1.1" 404 19369 "https://www.google.com/" "Mozilla/5.0 (Windows NT 6.3; WOW64) Gecko/20091610 Firefox/19.0"
3.66.227.117 - - [06/Nov/2025:18:30:22 +0530] "GET /phpinfo.php.orig HTTP/1.1" 404 19369 "https://www.google.com/" "Mozilla/5.0 (Windows; U; MSIE 10.0; Windows NT 10.0; .NET CLR 1.3.5765; Win64; x64)"
3.122.246.7 - - [06/Nov/2025:18:30:23 +0530] "GET /.env.backup HTTP/1.1" 404 19369 "https://www.google.com/" "Mozilla/5.0 (Windows NT 6.3; WOW64) Gecko/20091610 Firefox/19.0"
3.66.227.117 - - [06/Nov/2025:18:30:24 +0530] "GET /info.php.orig HTTP/1.1" 404 19369 "https://www.google.com/" "Mozilla/5.0 (Windows; U; MSIE 10.0; Windows NT 10.0; .NET CLR 1.3.5765; Win64; x64)"
3.122.246.7 - - [06/Nov/2025:18:30:25 +0530] "GET /.env.example HTTP/1.1" 404 19369 "https://www.google.com/" "Mozilla/5.0 (Windows NT 6.3; WOW64) Gecko/20091610 Firefox/19.0"
3.66.227.117 - - [06/Nov/2025:18:30:26 +0530] "GET /php_info.php.orig HTTP/1.1" 404 19369 "https://www.google.com/" "Mozilla/5.0 (Windows; U; MSIE 10.0; Windows NT 10.0; .NET CLR 1.3.5765; Win64; x64)"
3.122.246.7 - - [06/Nov/2025:18:30:27 +0530] "GET /.env.sample HTTP/1.1" 404 19369 "https://www.google.com/" "Mozilla/5.0 (Windows NT 6.3; WOW64) Gecko/20091610 Firefox/19.0"
122.180.246.194 - - [06/Nov/2025:18:30:29 +0530] "POST /wp-cron.php?doing_wp_cron=1762434029.3232669830322265625000 HTTP/1.1" 200 0 "-" "WordPress/6.8.3; https://androidhindi.in"
3.122.246.7 - - [06/Nov/2025:18:30:28 +0530] "GET /.env.old HTTP/1.1" 404 19369 "https://www.google.com/" "Mozilla/5.0 (Windows NT 6.3; WOW64) Gecko/20091610 Firefox/19.0"
3.66.227.117 - - [06/Nov/2025:18:30:29 +0530] "GET /test.php.orig HTTP/1.1" 404 19369 "https://www.google.com/" "Mozilla/5.0 (Windows; U; MSIE 10.0; Windows NT 10.0; .NET CLR 1.3.5765; Win64; x64)"
3.122.246.7 - - [06/Nov/2025:18:30:30 +0530] "GET /.env.bak HTTP/1.1" 404 19369 "https://www.google.com/" "Mozilla/5.0 (Windows NT 6.3; WOW64) Gecko/20091610 Firefox/19.0"
3.66.227.117 - - [06/Nov/2025:18:30:31 +0530] "GET /phpinfo.php.backup HTTP/1.1" 404 19369 "https://www.google.com/" "Mozilla/5.0 (Windows; U; MSIE 10.0; Windows NT 10.0; .NET CLR 1.3.5765; Win64; x64)"
3.122.246.7 - - [06/Nov/2025:18:30:33 +0530] "GET /.env.save HTTP/1.1" 404 19369 "https://www.google.com/" "Mozilla/5.0 (Windows NT 6.3; WOW64) Gecko/20091610 Firefox/19.0"
3.66.227.117 - - [06/Nov/2025:18:30:33 +0530] "GET /info.php.backup HTTP/1.1" 404 19369 "https://www.google.com/" "Mozilla/5.0 (Windows; U; MSIE 10.0; Windows NT 10.0; .NET CLR 1.3.5765; Win64; x64)"
3.122.246.7 - - [06/Nov/2025:18:30:34 +0530] "GET /.env.orig HTTP/1.1" 404 19369 "https://www.google.com/" "Mozilla/5.0 (Windows NT 6.3; WOW64) Gecko/20091610 Firefox/19.0"
3.66.227.117 - - [06/Nov/2025:18:30:35 +0530] "GET /php_info.php.backup HTTP/1.1" 404 19369 "https://www.google.com/" "Mozilla/5.0 (Windows; U; MSIE 10.0; Windows NT 10.0; .NET CLR 1.3.5765; Win64; x64)"
3.122.246.7 - - [06/Nov/2025:18:30:37 +0530] "GET /.env.swp HTTP/1.1" 404 19369 "https://www.google.com/" "Mozilla/5.0 (Windows NT 6.3; WOW64) Gecko/20091610 Firefox/19.0"
3.66.227.117 - - [06/Nov/2025:18:30:37 +0530] "GET /test.php.backup HTTP/1.1" 404 19369 "https://www.google.com/" "Mozilla/5.0 (Windows; U; MSIE 10.0; Windows NT 10.0; .NET CLR 1.3.5765; Win64; x64)"
3.122.246.7 - - [06/Nov/2025:18:30:39 +0530] "GET /.env~ HTTP/1.1" 404 19369 "https://www.google.com/" "Mozilla/5.0 (Windows NT 6.3; WOW64) Gecko/20091610 Firefox/19.0"
3.66.227.117 - - [06/Nov/2025:18:30:39 +0530] "GET /phpinfo.php~ HTTP/1.1" 404 19369 "https://www.google.com/" "Mozilla/5.0 (Windows; U; MSIE 10.0; Windows NT 10.0; .NET CLR 1.3.5765; Win64; x64)"
3.122.246.7 - - [06/Nov/2025:18:30:41 +0530] "GET /.env.tmp HTTP/1.1" 404 19369 "https://www.google.com/" "Mozilla/5.0 (Windows NT 6.3; WOW64) Gecko/20091610 Firefox/19.0"
3.66.227.117 - - [06/Nov/2025:18:30:42 +0530] "GET /info.php~ HTTP/1.1" 404 19369 "https://www.google.com/" "Mozilla/5.0 (Windows; U; MSIE 10.0; Windows NT 10.0; .NET CLR 1.3.5765; Win64; x64)"
3.122.246.7 - - [06/Nov/2025:18:30:42 +0530] "GET /.env.dist HTTP/1.1" 404 19369 "https://www.google.com/" "Mozilla/5.0 (Windows NT 6.3; WOW64) Gecko/20091610 Firefox/19.0"
3.122.246.7 - - [06/Nov/2025:18:30:44 +0530] "GET /admin/.env HTTP/1.1" 403 787 "https://www.google.com/" "Mozilla/5.0 (Windows NT 6.3; WOW64) Gecko/20091610 Firefox/19.0"
3.66.227.117 - - [06/Nov/2025:18:30:44 +0530] "GET /php_info.php~ HTTP/1.1" 404 19369 "https://www.google.com/" "Mozilla/5.0 (Windows; U; MSIE 10.0; Windows NT 10.0; .NET CLR 1.3.5765; Win64; x64)"
3.122.246.7 - - [06/Nov/2025:18:30:45 +0530] "GET /admin/.env.save HTTP/1.1" 404 19369 "https://www.google.com/" "Mozilla/5.0 (Windows NT 6.3; WOW64) Gecko/20091610 Firefox/19.0"
3.122.246.7 - - [06/Nov/2025:18:30:46 +0530] "GET /admin/.env.bak HTTP/1.1" 404 19369 "https://www.google.com/" "Mozilla/5.0 (Windows NT 6.3; WOW64) Gecko/20091610 Firefox/19.0"
3.66.227.117 - - [06/Nov/2025:18:30:46 +0530] "GET /test.php~ HTTP/1.1" 404 19369 "https://www.google.com/" "Mozilla/5.0 (Windows; U; MSIE 10.0; Windows NT 10.0; .NET CLR 1.3.5765; Win64; x64)"
3.122.246.7 - - [06/Nov/2025:18:30:48 +0530] "GET /admin/.env.old HTTP/1.1" 404 19369 "https://www.google.com/" "Mozilla/5.0 (Windows NT 6.3; WOW64) Gecko/20091610 Firefox/19.0"
3.66.227.117 - - [06/Nov/2025:18:30:49 +0530] "GET /phpinfo.php.swp HTTP/1.1" 404 19369 "https://www.google.com/" "Mozilla/5.0 (Windows; U; MSIE 10.0; Windows NT 10.0; .NET CLR 1.3.5765; Win64; x64)"
3.122.246.7 - - [06/Nov/2025:18:30:50 +0530] "GET /api/.env HTTP/1.1" 403 787 "https://www.google.com/" "Mozilla/5.0 (Windows NT 6.3; WOW64) Gecko/20091610 Firefox/19.0"
3.122.246.7 - - [06/Nov/2025:18:30:51 +0530] "GET /api/.env.save HTTP/1.1" 404 19369 "https://www.google.com/" "Mozilla/5.0 (Windows NT 6.3; WOW64) Gecko/20091610 Firefox/19.0"
3.66.227.117 - - [06/Nov/2025:18:30:52 +0530] "GET /info.php.swp HTTP/1.1" 404 19369 "https://www.google.com/" "Mozilla/5.0 (Windows; U; MSIE 10.0; Windows NT 10.0; .NET CLR 1.3.5765; Win64; x64)"
3.122.246.7 - - [06/Nov/2025:18:30:52 +0530] "GET /api/.env.bak HTTP/1.1" 404 19369 "https://www.google.com/" "Mozilla/5.0 (Windows NT 6.3; WOW64) Gecko/20091610 Firefox/19.0"
3.122.246.7 - - [06/Nov/2025:18:30:53 +0530] "GET /api/.env.old HTTP/1.1" 404 19369 "https://www.google.com/" "Mozilla/5.0 (Windows NT 6.3; WOW64) Gecko/20091610 Firefox/19.0"
3.66.227.117 - - [06/Nov/2025:18:30:54 +0530] "GET /php_info.php.swp HTTP/1.1" 404 19369 "https://www.google.com/" "Mozilla/5.0 (Windows; U; MSIE 10.0; Windows NT 10.0; .NET CLR 1.3.5765; Win64; x64)"
3.122.246.7 - - [06/Nov/2025:18:30:55 +0530] "GET /app/.env HTTP/1.1" 403 787 "https://www.google.com/" "Mozilla/5.0 (Windows NT 6.3; WOW64) Gecko/20091610 Firefox/19.0"
3.122.246.7 - - [06/Nov/2025:18:30:55 +0530] "GET /app/.env.save HTTP/1.1" 404 19369 "https://www.google.com/" "Mozilla/5.0 (Windows NT 6.3; WOW64) Gecko/20091610 Firefox/19.0"
3.66.227.117 - - [06/Nov/2025:18:30:56 +0530] "GET /test.php.swp HTTP/1.1" 404 19369 "https://www.google.com/" "Mozilla/5.0 (Windows; U; MSIE 10.0; Windows NT 10.0; .NET CLR 1.3.5765; Win64; x64)"
3.122.246.7 - - [06/Nov/2025:18:30:57 +0530] "GET /app/.env.bak HTTP/1.1" 404 19369 "https://www.google.com/" "Mozilla/5.0 (Windows NT 6.3; WOW64) Gecko/20091610 Firefox/19.0"
3.66.227.117 - - [06/Nov/2025:18:30:57 +0530] "GET /phpinfo.php.tmp HTTP/1.1" 404 19369 "https://www.google.com/" "Mozilla/5.0 (Windows; U; MSIE 10.0; Windows NT 10.0; .NET CLR 1.3.5765; Win64; x64)"
3.122.246.7 - - [06/Nov/2025:18:30:59 +0530] "GET /app/.env.old HTTP/1.1" 404 19369 "https://www.google.com/" "Mozilla/5.0 (Windows NT 6.3; WOW64) Gecko/20091610 Firefox/19.0"
3.66.227.117 - - [06/Nov/2025:18:31:00 +0530] "GET /info.php.tmp HTTP/1.1" 404 19369 "https://www.google.com/" "Mozilla/5.0 (Windows; U; MSIE 10.0; Windows NT 10.0; .NET CLR 1.3.5765; Win64; x64)"
3.122.246.7 - - [06/Nov/2025:18:31:00 +0530] "GET /config/.env HTTP/1.1" 403 787 "https://www.google.com/" "Mozilla/5.0 (Windows NT 6.3; WOW64) Gecko/20091610 Firefox/19.0"
3.122.246.7 - - [06/Nov/2025:18:31:01 +0530] "GET /config/.env.save HTTP/1.1" 404 19369 "https://www.google.com/" "Mozilla/5.0 (Windows NT 6.3; WOW64) Gecko/20091610 Firefox/19.0"
3.122.246.7 - - [06/Nov/2025:18:31:02 +0530] "GET /config/.env.bak HTTP/1.1" 404 19369 "https://www.google.com/" "Mozilla/5.0 (Windows NT 6.3; WOW64) Gecko/20091610 Firefox/19.0"
3.66.227.117 - - [06/Nov/2025:18:31:03 +0530] "GET /php_info.php.tmp HTTP/1.1" 404 19369 "https://www.google.com/" "Mozilla/5.0 (Windows; U; MSIE 10.0; Windows NT 10.0; .NET CLR 1.3.5765; Win64; x64)"
3.122.246.7 - - [06/Nov/2025:18:31:04 +0530] "GET /config/.env.old HTTP/1.1" 404 19369 "https://www.google.com/" "Mozilla/5.0 (Windows NT 6.3; WOW64) Gecko/20091610 Firefox/19.0"
3.122.246.7 - - [06/Nov/2025:18:31:05 +0530] "GET /src/.env HTTP/1.1" 403 787 "https://www.google.com/" "Mozilla/5.0 (Windows NT 6.3; WOW64) Gecko/20091610 Firefox/19.0"
3.122.246.7 - - [06/Nov/2025:18:31:06 +0530] "GET /src/.env.save HTTP/1.1" 404 19369 "https://www.google.com/" "Mozilla/5.0 (Windows NT 6.3; WOW64) Gecko/20091610 Firefox/19.0"
3.66.227.117 - - [06/Nov/2025:18:31:06 +0530] "GET /test.php.tmp HTTP/1.1" 404 19369 "https://www.google.com/" "Mozilla/5.0 (Windows; U; MSIE 10.0; Windows NT 10.0; .NET CLR 1.3.5765; Win64; x64)"
3.122.246.7 - - [06/Nov/2025:18:31:07 +0530] "GET /src/.env.bak HTTP/1.1" 404 19369 "https://www.google.com/" "Mozilla/5.0 (Windows NT 6.3; WOW64) Gecko/20091610 Firefox/19.0"
3.66.227.117 - - [06/Nov/2025:18:31:08 +0530] "GET /admin/phpinfo.php HTTP/1.1" 404 17317 "https://www.google.com/" "Mozilla/5.0 (Windows; U; MSIE 10.0; Windows NT 10.0; .NET CLR 1.3.5765; Win64; x64)"
3.122.246.7 - - [06/Nov/2025:18:31:09 +0530] "GET /src/.env.old HTTP/1.1" 404 19369 "https://www.google.com/" "Mozilla/5.0 (Windows NT 6.3; WOW64) Gecko/20091610 Firefox/19.0"
122.180.246.194 - - [06/Nov/2025:18:31:11 +0530] "POST /wp-cron.php?doing_wp_cron=1762434071.4479711055755615234375 HTTP/1.1" 200 0 "-" "WordPress/6.8.3; https://androidhindi.in"
3.66.227.117 - - [06/Nov/2025:18:31:11 +0530] "GET /admin/info.php HTTP/1.1" 404 17317 "https://www.google.com/" "Mozilla/5.0 (Windows; U; MSIE 10.0; Windows NT 10.0; .NET CLR 1.3.5765; Win64; x64)"
3.122.246.7 - - [06/Nov/2025:18:31:12 +0530] "GET /public/.env HTTP/1.1" 403 787 "https://www.google.com/" "Mozilla/5.0 (Windows NT 6.3; WOW64) Gecko/20091610 Firefox/19.0"
3.66.227.117 - - [06/Nov/2025:18:31:13 +0530] "GET /admin/phpinfo.php.save HTTP/1.1" 404 19369 "https://www.google.com/" "Mozilla/5.0 (Windows; U; MSIE 10.0; Windows NT 10.0; .NET CLR 1.3.5765; Win64; x64)"
3.122.246.7 - - [06/Nov/2025:18:31:13 +0530] "GET /public/.env.save HTTP/1.1" 404 19369 "https://www.google.com/" "Mozilla/5.0 (Windows NT 6.3; WOW64) Gecko/20091610 Firefox/19.0"
3.122.246.7 - - [06/Nov/2025:18:31:14 +0530] "GET /public/.env.bak HTTP/1.1" 404 19369 "https://www.google.com/" "Mozilla/5.0 (Windows NT 6.3; WOW64) Gecko/20091610 Firefox/19.0"
3.66.227.117 - - [06/Nov/2025:18:31:15 +0530] "GET /admin/info.php.save HTTP/1.1" 404 19369 "https://www.google.com/" "Mozilla/5.0 (Windows; U; MSIE 10.0; Windows NT 10.0; .NET CLR 1.3.5765; Win64; x64)"
3.66.227.117 - - [06/Nov/2025:18:31:17 +0530] "GET /test/phpinfo.php HTTP/1.1" 404 17317 "https://www.google.com/" "Mozilla/5.0 (Windows; U; MSIE 10.0; Windows NT 10.0; .NET CLR 1.3.5765; Win64; x64)"
3.122.246.7 - - [06/Nov/2025:18:31:17 +0530] "GET /public/.env.old HTTP/1.1" 404 19369 "https://www.google.com/" "Mozilla/5.0 (Windows NT 6.3; WOW64) Gecko/20091610 Firefox/19.0"
3.122.246.7 - - [06/Nov/2025:18:31:19 +0530] "GET /assets/.env HTTP/1.1" 403 787 "https://www.google.com/" "Mozilla/5.0 (Windows NT 6.3; WOW64) Gecko/20091610 Firefox/19.0"
3.122.246.7 - - [06/Nov/2025:18:31:19 +0530] "GET /assets/.env.save HTTP/1.1" 404 19369 "https://www.google.com/" "Mozilla/5.0 (Windows NT 6.3; WOW64) Gecko/20091610 Firefox/19.0"
3.66.227.117 - - [06/Nov/2025:18:31:20 +0530] "GET /test/info.php HTTP/1.1" 404 17317 "https://www.google.com/" "Mozilla/5.0 (Windows; U; MSIE 10.0; Windows NT 10.0; .NET CLR 1.3.5765; Win64; x64)"
3.122.246.7 - - [06/Nov/2025:18:31:21 +0530] "GET /assets/.env.bak HTTP/1.1" 404 19369 "https://www.google.com/" "Mozilla/5.0 (Windows NT 6.3; WOW64) Gecko/20091610 Firefox/19.0"
3.66.227.117 - - [06/Nov/2025:18:31:21 +0530] "GET /test/phpinfo.php.save HTTP/1.1" 404 19369 "https://www.google.com/" "Mozilla/5.0 (Windows; U; MSIE 10.0; Windows NT 10.0; .NET CLR 1.3.5765; Win64; x64)"
3.122.246.7 - - [06/Nov/2025:18:31:23 +0530] "GET /assets/.env.old HTTP/1.1" 404 19369 "https://www.google.com/" "Mozilla/5.0 (Windows NT 6.3; WOW64) Gecko/20091610 Firefox/19.0"
3.66.227.117 - - [06/Nov/2025:18:31:24 +0530] "GET /test/info.php.save HTTP/1.1" 404 19369 "https://www.google.com/" "Mozilla/5.0 (Windows; U; MSIE 10.0; Windows NT 10.0; .NET CLR 1.3.5765; Win64; x64)"
3.122.246.7 - - [06/Nov/2025:18:31:25 +0530] "GET /includes/.env HTTP/1.1" 403 787 "https://www.google.com/" "Mozilla/5.0 (Windows NT 6.3; WOW64) Gecko/20091610 Firefox/19.0"
3.122.246.7 - - [06/Nov/2025:18:31:25 +0530] "GET /includes/.env.save HTTP/1.1" 404 19369 "https://www.google.com/" "Mozilla/5.0 (Windows NT 6.3; WOW64) Gecko/20091610 Firefox/19.0"
3.66.227.117 - - [06/Nov/2025:18:31:26 +0530] "GET /dev/phpinfo.php HTTP/1.1" 404 17317 "https://www.google.com/" "Mozilla/5.0 (Windows; U; MSIE 10.0; Windows NT 10.0; .NET CLR 1.3.5765; Win64; x64)"
3.122.246.7 - - [06/Nov/2025:18:31:27 +0530] "GET /includes/.env.bak HTTP/1.1" 404 19369 "https://www.google.com/" "Mozilla/5.0 (Windows NT 6.3; WOW64) Gecko/20091610 Firefox/19.0"
122.180.246.194 - - [06/Nov/2025:18:31:28 +0530] "POST /wp-cron.php?doing_wp_cron=1762434088.9189660549163818359375 HTTP/1.1" 200 0 "-" "WordPress/6.8.3; https://androidhindi.in"
3.66.227.117 - - [06/Nov/2025:18:31:28 +0530] "GET /dev/info.php HTTP/1.1" 404 17317 "https://www.google.com/" "Mozilla/5.0 (Windows; U; MSIE 10.0; Windows NT 10.0; .NET CLR 1.3.5765; Win64; x64)"
3.122.246.7 - - [06/Nov/2025:18:31:29 +0530] "GET /includes/.env.old HTTP/1.1" 404 19369 "https://www.google.com/" "Mozilla/5.0 (Windows NT 6.3; WOW64) Gecko/20091610 Firefox/19.0"
3.122.246.7 - - [06/Nov/2025:18:31:30 +0530] "GET /lib/.env HTTP/1.1" 403 787 "https://www.google.com/" "Mozilla/5.0 (Windows NT 6.3; WOW64) Gecko/20091610 Firefox/19.0"
3.122.246.7 - - [06/Nov/2025:18:31:31 +0530] "GET /lib/.env.save HTTP/1.1" 404 19369 "https://www.google.com/" "Mozilla/5.0 (Windows NT 6.3; WOW64) Gecko/20091610 Firefox/19.0"
3.66.227.117 - - [06/Nov/2025:18:31:31 +0530] "GET /dev/phpinfo.php.save HTTP/1.1" 404 19369 "https://www.google.com/" "Mozilla/5.0 (Windows; U; MSIE 10.0; Windows NT 10.0; .NET CLR 1.3.5765; Win64; x64)"
3.122.246.7 - - [06/Nov/2025:18:31:32 +0530] "GET /lib/.env.bak HTTP/1.1" 404 19369 "https://www.google.com/" "Mozilla/5.0 (Windows NT 6.3; WOW64) Gecko/20091610 Firefox/19.0"
3.66.227.117 - - [06/Nov/2025:18:31:33 +0530] "GET /dev/info.php.save HTTP/1.1" 404 19369 "https://www.google.com/" "Mozilla/5.0 (Windows; U; MSIE 10.0; Windows NT 10.0; .NET CLR 1.3.5765; Win64; x64)"
3.122.246.7 - - [06/Nov/2025:18:31:34 +0530] "GET /lib/.env.old HTTP/1.1" 404 19369 "https://www.google.com/" "Mozilla/5.0 (Windows NT 6.3; WOW64) Gecko/20091610 Firefox/19.0"
3.122.246.7 - - [06/Nov/2025:18:31:36 +0530] "GET /application/.env HTTP/1.1" 403 787 "https://www.google.com/" "Mozilla/5.0 (Windows NT 6.3; WOW64) Gecko/20091610 Firefox/19.0"
3.122.246.7 - - [06/Nov/2025:18:31:36 +0530] "GET /application/.env.save HTTP/1.1" 404 19369 "https://www.google.com/" "Mozilla/5.0 (Windows NT 6.3; WOW64) Gecko/20091610 Firefox/19.0"
3.66.227.117 - - [06/Nov/2025:18:31:37 +0530] "GET /tmp/phpinfo.php HTTP/1.1" 404 17317 "https://www.google.com/" "Mozilla/5.0 (Windows; U; MSIE 10.0; Windows NT 10.0; .NET CLR 1.3.5765; Win64; x64)"
3.122.246.7 - - [06/Nov/2025:18:31:38 +0530] "GET /application/.env.bak HTTP/1.1" 404 19369 "https://www.google.com/" "Mozilla/5.0 (Windows NT 6.3; WOW64) Gecko/20091610 Firefox/19.0"
3.66.227.117 - - [06/Nov/2025:18:31:39 +0530] "GET /tmp/info.php HTTP/1.1" 404 17289 "https://www.google.com/" "Mozilla/5.0 (Windows; U; MSIE 10.0; Windows NT 10.0; .NET CLR 1.3.5765; Win64; x64)"
3.122.246.7 - - [06/Nov/2025:18:31:39 +0530] "GET /application/.env.old HTTP/1.1" 404 19369 "https://www.google.com/" "Mozilla/5.0 (Windows NT 6.3; WOW64) Gecko/20091610 Firefox/19.0"
3.122.246.7 - - [06/Nov/2025:18:31:41 +0530] "GET /system/.env HTTP/1.1" 403 787 "https://www.google.com/" "Mozilla/5.0 (Windows NT 6.3; WOW64) Gecko/20091610 Firefox/19.0"
3.66.227.117 - - [06/Nov/2025:18:31:42 +0530] "GET /tmp/phpinfo.php.save HTTP/1.1" 404 19369 "https://www.google.com/" "Mozilla/5.0 (Windows; U; MSIE 10.0; Windows NT 10.0; .NET CLR 1.3.5765; Win64; x64)"
3.122.246.7 - - [06/Nov/2025:18:31:42 +0530] "GET /system/.env.save HTTP/1.1" 404 19369 "https://www.google.com/" "Mozilla/5.0 (Windows NT 6.3; WOW64) Gecko/20091610 Firefox/19.0"
3.122.246.7 - - [06/Nov/2025:18:31:43 +0530] "GET /system/.env.bak HTTP/1.1" 404 19369 "https://www.google.com/" "Mozilla/5.0 (Windows NT 6.3; WOW64) Gecko/20091610 Firefox/19.0"
3.66.227.117 - - [06/Nov/2025:18:31:44 +0530] "GET /tmp/info.php.save HTTP/1.1" 404 19369 "https://www.google.com/" "Mozilla/5.0 (Windows; U; MSIE 10.0; Windows NT 10.0; .NET CLR 1.3.5765; Win64; x64)"
3.122.246.7 - - [06/Nov/2025:18:31:45 +0530] "GET /system/.env.old HTTP/1.1" 404 19369 "https://www.google.com/" "Mozilla/5.0 (Windows NT 6.3; WOW64) Gecko/20091610 Firefox/19.0"
3.66.227.117 - - [06/Nov/2025:18:31:46 +0530] "GET /includes/phpinfo.php HTTP/1.1" 404 17317 "https://www.google.com/" "Mozilla/5.0 (Windows; U; MSIE 10.0; Windows NT 10.0; .NET CLR 1.3.5765; Win64; x64)"
3.122.246.7 - - [06/Nov/2025:18:31:47 +0530] "GET /core/.env HTTP/1.1" 403 787 "https://www.google.com/" "Mozilla/5.0 (Windows NT 6.3; WOW64) Gecko/20091610 Firefox/19.0"
3.122.246.7 - - [06/Nov/2025:18:31:47 +0530] "GET /core/.env.save HTTP/1.1" 404 19369 "https://www.google.com/" "Mozilla/5.0 (Windows NT 6.3; WOW64) Gecko/20091610 Firefox/19.0"
3.66.227.117 - - [06/Nov/2025:18:31:48 +0530] "GET /includes/info.php HTTP/1.1" 404 17317 "https://www.google.com/" "Mozilla/5.0 (Windows; U; MSIE 10.0; Windows NT 10.0; .NET CLR 1.3.5765; Win64; x64)"
3.122.246.7 - - [06/Nov/2025:18:31:49 +0530] "GET /core/.env.bak HTTP/1.1" 404 19369 "https://www.google.com/" "Mozilla/5.0 (Windows NT 6.3; WOW64) Gecko/20091610 Firefox/19.0"
3.66.227.117 - - [06/Nov/2025:18:31:50 +0530] "GET /includes/phpinfo.php.save HTTP/1.1" 404 19369 "https://www.google.com/" "Mozilla/5.0 (Windows; U; MSIE 10.0; Windows NT 10.0; .NET CLR 1.3.5765; Win64; x64)"
3.122.246.7 - - [06/Nov/2025:18:31:51 +0530] "GET /core/.env.old HTTP/1.1" 404 19369 "https://www.google.com/" "Mozilla/5.0 (Windows NT 6.3; WOW64) Gecko/20091610 Firefox/19.0"
3.122.246.7 - - [06/Nov/2025:18:31:52 +0530] "GET /modules/.env HTTP/1.1" 403 787 "https://www.google.com/" "Mozilla/5.0 (Windows NT 6.3; WOW64) Gecko/20091610 Firefox/19.0"
3.66.227.117 - - [06/Nov/2025:18:31:52 +0530] "GET /includes/info.php.save HTTP/1.1" 404 19369 "https://www.google.com/" "Mozilla/5.0 (Windows; U; MSIE 10.0; Windows NT 10.0; .NET CLR 1.3.5765; Win64; x64)"
3.122.246.7 - - [06/Nov/2025:18:31:54 +0530] "GET /modules/.env.save HTTP/1.1" 404 19369 "https://www.google.com/" "Mozilla/5.0 (Windows NT 6.3; WOW64) Gecko/20091610 Firefox/19.0"
3.66.227.117 - - [06/Nov/2025:18:31:54 +0530] "GET /scripts/phpinfo.php HTTP/1.1" 404 17317 "https://www.google.com/" "Mozilla/5.0 (Windows; U; MSIE 10.0; Windows NT 10.0; .NET CLR 1.3.5765; Win64; x64)"
3.122.246.7 - - [06/Nov/2025:18:31:56 +0530] "GET /modules/.env.bak HTTP/1.1" 404 19369 "https://www.google.com/" "Mozilla/5.0 (Windows NT 6.3; WOW64) Gecko/20091610 Firefox/19.0"
3.66.227.117 - - [06/Nov/2025:18:31:56 +0530] "GET /scripts/info.php HTTP/1.1" 404 17317 "https://www.google.com/" "Mozilla/5.0 (Windows; U; MSIE 10.0; Windows NT 10.0; .NET CLR 1.3.5765; Win64; x64)"
3.66.227.117 - - [06/Nov/2025:18:31:58 +0530] "GET /scripts/phpinfo.php.save HTTP/1.1" 404 19369 "https://www.google.com/" "Mozilla/5.0 (Windows; U; MSIE 10.0; Windows NT 10.0; .NET CLR 1.3.5765; Win64; x64)"
3.122.246.7 - - [06/Nov/2025:18:31:58 +0530] "GET /modules/.env.old HTTP/1.1" 404 19369 "https://www.google.com/" "Mozilla/5.0 (Windows NT 6.3; WOW64) Gecko/20091610 Firefox/19.0"
3.122.246.7 - - [06/Nov/2025:18:32:00 +0530] "GET /plugins/.env HTTP/1.1" 403 787 "https://www.google.com/" "Mozilla/5.0 (Windows NT 6.3; WOW64) Gecko/20091610 Firefox/19.0"
3.66.227.117 - - [06/Nov/2025:18:32:00 +0530] "GET /scripts/info.php.save HTTP/1.1" 404 19369 "https://www.google.com/" "Mozilla/5.0 (Windows; U; MSIE 10.0; Windows NT 10.0; .NET CLR 1.3.5765; Win64; x64)"
3.122.246.7 - - [06/Nov/2025:18:32:01 +0530] "GET /plugins/.env.save HTTP/1.1" 404 19369 "https://www.google.com/" "Mozilla/5.0 (Windows NT 6.3; WOW64) Gecko/20091610 Firefox/19.0"
3.122.246.7 - - [06/Nov/2025:18:32:03 +0530] "GET /plugins/.env.bak HTTP/1.1" 404 19369 "https://www.google.com/" "Mozilla/5.0 (Windows NT 6.3; WOW64) Gecko/20091610 Firefox/19.0"
3.66.227.117 - - [06/Nov/2025:18:32:04 +0530] "GET /cgi-bin/phpinfo.php HTTP/1.1" 404 17317 "https://www.google.com/" "Mozilla/5.0 (Windows; U; MSIE 10.0; Windows NT 10.0; .NET CLR 1.3.5765; Win64; x64)"
3.122.246.7 - - [06/Nov/2025:18:32:04 +0530] "GET /plugins/.env.old HTTP/1.1" 404 19369 "https://www.google.com/" "Mozilla/5.0 (Windows NT 6.3; WOW64) Gecko/20091610 Firefox/19.0"
3.122.246.7 - - [06/Nov/2025:18:32:06 +0530] "GET /themes/.env HTTP/1.1" 403 787 "https://www.google.com/" "Mozilla/5.0 (Windows NT 6.3; WOW64) Gecko/20091610 Firefox/19.0"
3.66.227.117 - - [06/Nov/2025:18:32:06 +0530] "GET /cgi-bin/info.php HTTP/1.1" 404 17317 "https://www.google.com/" "Mozilla/5.0 (Windows; U; MSIE 10.0; Windows NT 10.0; .NET CLR 1.3.5765; Win64; x64)"
3.122.246.7 - - [06/Nov/2025:18:32:06 +0530] "GET /themes/.env.save HTTP/1.1" 404 19369 "https://www.google.com/" "Mozilla/5.0 (Windows NT 6.3; WOW64) Gecko/20091610 Firefox/19.0"
3.66.227.117 - - [06/Nov/2025:18:32:08 +0530] "GET /cgi-bin/phpinfo.php.save HTTP/1.1" 404 19369 "https://www.google.com/" "Mozilla/5.0 (Windows; U; MSIE 10.0; Windows NT 10.0; .NET CLR 1.3.5765; Win64; x64)"
3.122.246.7 - - [06/Nov/2025:18:32:08 +0530] "GET /themes/.env.bak HTTP/1.1" 404 19369 "https://www.google.com/" "Mozilla/5.0 (Windows NT 6.3; WOW64) Gecko/20091610 Firefox/19.0"
3.66.227.117 - - [06/Nov/2025:18:32:10 +0530] "GET /cgi-bin/info.php.save HTTP/1.1" 404 19369 "https://www.google.com/" "Mozilla/5.0 (Windows; U; MSIE 10.0; Windows NT 10.0; .NET CLR 1.3.5765; Win64; x64)"
3.122.246.7 - - [06/Nov/2025:18:32:10 +0530] "GET /themes/.env.old HTTP/1.1" 404 19369 "https://www.google.com/" "Mozilla/5.0 (Windows NT 6.3; WOW64) Gecko/20091610 Firefox/19.0"
122.180.246.194 - - [06/Nov/2025:18:32:12 +0530] "POST /wp-cron.php?doing_wp_cron=1762434132.2750771045684814453125 HTTP/1.1" 200 0 "-" "WordPress/6.8.3; https://androidhindi.in"
3.66.227.117 - - [06/Nov/2025:18:32:12 +0530] "GET /public/phpinfo.php HTTP/1.1" 404 17317 "https://www.google.com/" "Mozilla/5.0 (Windows; U; MSIE 10.0; Windows NT 10.0; .NET CLR 1.3.5765; Win64; x64)"
3.122.246.7 - - [06/Nov/2025:18:32:13 +0530] "GET /vendor/.env HTTP/1.1" 403 787 "https://www.google.com/" "Mozilla/5.0 (Windows NT 6.3; WOW64) Gecko/20091610 Firefox/19.0"
3.122.246.7 - - [06/Nov/2025:18:32:13 +0530] "GET /vendor/.env.save HTTP/1.1" 404 19369 "https://www.google.com/" "Mozilla/5.0 (Windows NT 6.3; WOW64) Gecko/20091610 Firefox/19.0"
3.66.227.117 - - [06/Nov/2025:18:32:14 +0530] "GET /public/info.php HTTP/1.1" 404 17317 "https://www.google.com/" "Mozilla/5.0 (Windows; U; MSIE 10.0; Windows NT 10.0; .NET CLR 1.3.5765; Win64; x64)"
66.249.69.228 - - [06/Nov/2025:18:19:50 +0530] "GET /feed/ HTTP/1.1" 500 194 "-" "Mozilla/5.0 (compatible; Googlebot/2.1; +http://www.google.com/bot.html)"
122.180.246.194 - - [06/Nov/2025:18:20:52 +0530] "POST /wp-cron.php?doing_wp_cron=1762433452.0397369861602783203125 HTTP/1.1" 200 0 "-" "WordPress/6.8.3; https://androidhindi.in"
122.180.246.194 - - [06/Nov/2025:18:21:53 +0530] "POST /wp-cron.php?doing_wp_cron=1762433513.8329019546508789062500 HTTP/1.1" 200 0 "-" "WordPress/6.8.3; https://androidhindi.in"
66.249.69.226 - - [06/Nov/2025:18:21:53 +0530] "GET /feed HTTP/1.1" 301 0 "-" "Mozilla/5.0 (compatible; Googlebot/2.1; +http://www.google.com/bot.html)"
122.180.246.194 - - [06/Nov/2025:18:22:56 +0530] "POST /wp-cron.php?doing_wp_cron=1762433576.2080819606781005859375 HTTP/1.1" 200 0 "-" "WordPress/6.8.3; https://androidhindi.in"
66.249.69.228 - - [06/Nov/2025:18:22:55 +0530] "GET /feed HTTP/1.1" 301 0 "-" "Mozilla/5.0 (compatible; Googlebot/2.1; +http://www.google.com/bot.html)"
122.180.246.194 - - [06/Nov/2025:18:23:55 +0530] "POST /wp-cron.php?doing_wp_cron=1762433635.9774610996246337890625 HTTP/1.1" 200 0 "-" "WordPress/6.8.3; https://androidhindi.in"
122.180.246.194 - - [06/Nov/2025:18:24:29 +0530] "POST /wp-cron.php?doing_wp_cron=1762433669.6558899879455566406250 HTTP/1.1" 200 0 "-" "WordPress/6.8.3; https://androidhindi.in"
122.180.246.194 - - [06/Nov/2025:18:25:28 +0530] "POST /wp-cron.php?doing_wp_cron=1762433728.1694059371948242187500 HTTP/1.1" 200 0 "-" "WordPress/6.8.3; https://androidhindi.in"
122.180.246.194 - - [06/Nov/2025:18:26:11 +0530] "POST /wp-cron.php?doing_wp_cron=1762433771.6309309005737304687500 HTTP/1.1" 200 0 "-" "WordPress/6.8.3; https://androidhindi.in"
195.189.97.10 - - [06/Nov/2025:18:26:44 +0530] "GET / HTTP/1.1" 200 27120 "-" "Mozilla/5.0 (Windows NT 10.0; WOW64) AppleWebKit/537.36 (KHTML, like Gecko) Chrome/70.0.3538.25 Safari/537.36 Core/1.70.3722.400 QQBrowser/10.5.3763.400"
195.189.97.10 - - [06/Nov/2025:18:27:25 +0530] "GET //androidhindi.in/wp-content/plugins/kk-star-ratings/src/core/public/js/kk-star-ratings.min.js HTTP/1.1" 301 0 "-" "Mozilla/5.0 (Macintosh; Intel Mac OS X 10_12_6) AppleWebKit/537.36 (KHTML, like Gecko) Chrome/76.0.3809.100 Safari/537.36"
195.189.97.10 - - [06/Nov/2025:18:27:26 +0530] "GET //pagead2.googlesyndication.com/pagead/js/adsbygoogle.js HTTP/1.1" 301 0 "-" "Mozilla/5.0 (iPhone; CPU iPhone OS 10_3_3 like Mac OS X) AppleWebKit/603.3.8 (KHTML, like Gecko) Version/9.0 Mobile/13B143 Safari/601.1"
195.189.97.10 - - [06/Nov/2025:18:27:26 +0530] "GET //androidhindi.in/wp-content/themes/generatepress/assets/dist/modal.js HTTP/1.1" 301 0 "-" "Mozilla/5.0 (Windows NT 5.1; rv:31.0) Gecko/20100101 Firefox/31.0"
195.189.97.10 - - [06/Nov/2025:18:27:27 +0530] "GET //notix.io/ent/current/enot.min.js HTTP/1.1" 301 0 "-" "Mozilla/5.0 (Windows NT 10.0; Win64; x64) AppleWebKit/537.36 (KHTML, like Gecko) Chrome/55.0.2869.0 Safari/537.36"
195.189.97.10 - - [06/Nov/2025:18:27:28 +0530] "GET //androidhindi.in/wp-content/plugins/notix-web-push-notifications/public/js/notix-public.js HTTP/1.1" 301 0 "-" "Opera/9.80 (J2ME/MIDP; Opera Mini/5.0.16823/1428; U; en) Presto/2.2.0"
195.189.97.10 - - [06/Nov/2025:18:27:28 +0530] "GET //androidhindi.in/wp-content/themes/generatepress/assets/js/classList.min.js HTTP/1.1" 301 0 "-" "Mozilla/5.0 (Macintosh; Intel Mac OS X 10_13_5) AppleWebKit/537.36 (KHTML, like Gecko) Chrome/75.0.3770.142 Safari/537.36"
122.180.246.194 - - [06/Nov/2025:18:28:12 +0530] "POST /wp-cron.php?doing_wp_cron=1762433892.2961010932922363281250 HTTP/1.1" 200 0 "-" "WordPress/6.8.3; https://androidhindi.in"
122.180.246.194 - - [06/Nov/2025:18:29:29 +0530] "POST /wp-cron.php?doing_wp_cron=1762433969.1431910991668701171875 HTTP/1.1" 200 0 "-" "WordPress/6.8.3; https://androidhindi.in"
3.122.246.7 - - [06/Nov/2025:18:32:24 +0530] "GET /.env HTTP/1.1" 403 787 "https://www.google.com/" "Mozilla/5.0 (Windows NT 6.3; WOW64) Gecko/20091610 Firefox/19.0"
3.122.246.7 - - [06/Nov/2025:18:32:14 +0530] "GET /vendor/.env.bak HTTP/1.1" 404 19369 "https://www.google.com/" "Mozilla/5.0 (Windows NT 6.3; WOW64) Gecko/20091610 Firefox/19.0"
3.66.227.117 - - [06/Nov/2025:18:32:16 +0530] "GET /public/phpinfo.php.save HTTP/1.1" 404 19369 "https://www.google.com/" "Mozilla/5.0 (Windows; U; MSIE 10.0; Windows NT 10.0; .NET CLR 1.3.5765; Win64; x64)"
3.122.246.7 - - [06/Nov/2025:18:32:16 +0530] "GET /vendor/.env.old HTTP/1.1" 404 19369 "https://www.google.com/" "Mozilla/5.0 (Windows NT 6.3; WOW64) Gecko/20091610 Firefox/19.0"
3.122.246.7 - - [06/Nov/2025:18:32:18 +0530] "GET /storage/.env HTTP/1.1" 403 787 "https://www.google.com/" "Mozilla/5.0 (Windows NT 6.3; WOW64) Gecko/20091610 Firefox/19.0"
3.122.246.7 - - [06/Nov/2025:18:32:18 +0530] "GET /storage/.env.save HTTP/1.1" 404 19369 "https://www.google.com/" "Mozilla/5.0 (Windows NT 6.3; WOW64) Gecko/20091610 Firefox/19.0"
3.66.227.117 - - [06/Nov/2025:18:32:19 +0530] "GET /public/info.php.save HTTP/1.1" 404 19369 "https://www.google.com/" "Mozilla/5.0 (Windows; U; MSIE 10.0; Windows NT 10.0; .NET CLR 1.3.5765; Win64; x64)"
3.122.246.7 - - [06/Nov/2025:18:32:20 +0530] "GET /storage/.env.bak HTTP/1.1" 404 19369 "https://www.google.com/" "Mozilla/5.0 (Windows NT 6.3; WOW64) Gecko/20091610 Firefox/19.0"
3.66.227.117 - - [06/Nov/2025:18:32:20 +0530] "GET /web/phpinfo.php HTTP/1.1" 404 17317 "https://www.google.com/" "Mozilla/5.0 (Windows; U; MSIE 10.0; Windows NT 10.0; .NET CLR 1.3.5765; Win64; x64)"
3.122.246.7 - - [06/Nov/2025:18:32:22 +0530] "GET /storage/.env.old HTTP/1.1" 404 19369 "https://www.google.com/" "Mozilla/5.0 (Windows NT 6.3; WOW64) Gecko/20091610 Firefox/19.0"
3.66.227.117 - - [06/Nov/2025:18:32:22 +0530] "GET /web/info.php HTTP/1.1" 404 17317 "https://www.google.com/" "Mozilla/5.0 (Windows; U; MSIE 10.0; Windows NT 10.0; .NET CLR 1.3.5765; Win64; x64)"
3.66.227.117 - - [06/Nov/2025:18:32:25 +0530] "GET /web/phpinfo.php.save HTTP/1.1" 404 19369 "https://www.google.com/" "Mozilla/5.0 (Windows; U; MSIE 10.0; Windows NT 10.0; .NET CLR 1.3.5765; Win64; x64)"
3.66.227.117 - - [06/Nov/2025:18:32:28 +0530] "GET /web/info.php.save HTTP/1.1" 404 19369 "https://www.google.com/" "Mozilla/5.0 (Windows; U; MSIE 10.0; Windows NT 10.0; .NET CLR 1.3.5765; Win64; x64)"
3.66.227.117 - - [06/Nov/2025:18:32:30 +0530] "GET /www/phpinfo.php HTTP/1.1" 404 17317 "https://www.google.com/" "Mozilla/5.0 (Windows; U; MSIE 10.0; Windows NT 10.0; .NET CLR 1.3.5765; Win64; x64)"
3.66.227.117 - - [06/Nov/2025:18:32:32 +0530] "GET /www/info.php HTTP/1.1" 404 17317 "https://www.google.com/" "Mozilla/5.0 (Windows; U; MSIE 10.0; Windows NT 10.0; .NET CLR 1.3.5765; Win64; x64)"
3.66.227.117 - - [06/Nov/2025:18:32:35 +0530] "GET /www/phpinfo.php.save HTTP/1.1" 404 19369 "https://www.google.com/" "Mozilla/5.0 (Windows; U; MSIE 10.0; Windows NT 10.0; .NET CLR 1.3.5765; Win64; x64)"
3.66.227.117 - - [06/Nov/2025:18:32:38 +0530] "GET /www/info.php.save HTTP/1.1" 404 19369 "https://www.google.com/" "Mozilla/5.0 (Windows; U; MSIE 10.0; Windows NT 10.0; .NET CLR 1.3.5765; Win64; x64)"
3.66.227.117 - - [06/Nov/2025:18:32:40 +0530] "GET /site/phpinfo.php HTTP/1.1" 404 17317 "https://www.google.com/" "Mozilla/5.0 (Windows; U; MSIE 10.0; Windows NT 10.0; .NET CLR 1.3.5765; Win64; x64)"
3.66.227.117 - - [06/Nov/2025:18:32:43 +0530] "GET /site/info.php HTTP/1.1" 404 17317 "https://www.google.com/" "Mozilla/5.0 (Windows; U; MSIE 10.0; Windows NT 10.0; .NET CLR 1.3.5765; Win64; x64)"
3.66.227.117 - - [06/Nov/2025:18:32:45 +0530] "GET /site/phpinfo.php.save HTTP/1.1" 404 19369 "https://www.google.com/" "Mozilla/5.0 (Windows; U; MSIE 10.0; Windows NT 10.0; .NET CLR 1.3.5765; Win64; x64)"
3.66.227.117 - - [06/Nov/2025:18:32:47 +0530] "GET /site/info.php.save HTTP/1.1" 404 19369 "https://www.google.com/" "Mozilla/5.0 (Windows; U; MSIE 10.0; Windows NT 10.0; .NET CLR 1.3.5765; Win64; x64)"
3.122.246.7 - - [06/Nov/2025:18:32:25 +0530] "GET /.env.local HTTP/1.1" 404 19369 "https://www.google.com/" "Mozilla/5.0 (Windows NT 6.3; WOW64) Gecko/20091610 Firefox/19.0"
3.122.246.7 - - [06/Nov/2025:18:32:27 +0530] "GET /.env.dev HTTP/1.1" 404 19369 "https://www.google.com/" "Mozilla/5.0 (Windows NT 6.3; WOW64) Gecko/20091610 Firefox/19.0"
122.180.246.194 - - [06/Nov/2025:18:32:28 +0530] "POST /wp-cron.php?doing_wp_cron=1762434148.4405388832092285156250 HTTP/1.1" 200 0 "-" "WordPress/6.8.3; https://androidhindi.in"
3.122.246.7 - - [06/Nov/2025:18:32:28 +0530] "GET /.env.prod HTTP/1.1" 404 19369 "https://www.google.com/" "Mozilla/5.0 (Windows NT 6.3; WOW64) Gecko/20091610 Firefox/19.0"
3.122.246.7 - - [06/Nov/2025:18:32:31 +0530] "GET /.env.staging HTTP/1.1" 404 19369 "https://www.google.com/" "Mozilla/5.0 (Windows NT 6.3; WOW64) Gecko/20091610 Firefox/19.0"
3.122.246.7 - - [06/Nov/2025:18:32:32 +0530] "GET /.env.development HTTP/1.1" 404 19369 "https://www.google.com/" "Mozilla/5.0 (Windows NT 6.3; WOW64) Gecko/20091610 Firefox/19.0"
3.122.246.7 - - [06/Nov/2025:18:32:35 +0530] "GET /.env.production HTTP/1.1" 404 19369 "https://www.google.com/" "Mozilla/5.0 (Windows NT 6.3; WOW64) Gecko/20091610 Firefox/19.0"
3.122.246.7 - - [06/Nov/2025:18:32:37 +0530] "GET /.env.test HTTP/1.1" 404 19369 "https://www.google.com/" "Mozilla/5.0 (Windows NT 6.3; WOW64) Gecko/20091610 Firefox/19.0"
3.122.246.7 - - [06/Nov/2025:18:32:39 +0530] "GET /.env.backup HTTP/1.1" 404 19369 "https://www.google.com/" "Mozilla/5.0 (Windows NT 6.3; WOW64) Gecko/20091610 Firefox/19.0"
3.122.246.7 - - [06/Nov/2025:18:32:41 +0530] "GET /.env.example HTTP/1.1" 404 19369 "https://www.google.com/" "Mozilla/5.0 (Windows NT 6.3; WOW64) Gecko/20091610 Firefox/19.0"
3.122.246.7 - - [06/Nov/2025:18:32:42 +0530] "GET /.env.sample HTTP/1.1" 404 19369 "https://www.google.com/" "Mozilla/5.0 (Windows NT 6.3; WOW64) Gecko/20091610 Firefox/19.0"
3.122.246.7 - - [06/Nov/2025:18:32:44 +0530] "GET /.env.old HTTP/1.1" 404 19369 "https://www.google.com/" "Mozilla/5.0 (Windows NT 6.3; WOW64) Gecko/20091610 Firefox/19.0"
3.122.246.7 - - [06/Nov/2025:18:32:46 +0530] "GET /.env.bak HTTP/1.1" 404 19369 "https://www.google.com/" "Mozilla/5.0 (Windows NT 6.3; WOW64) Gecko/20091610 Firefox/19.0"
3.122.246.7 - - [06/Nov/2025:18:32:47 +0530] "GET /.env.save HTTP/1.1" 404 19369 "https://www.google.com/" "Mozilla/5.0 (Windows NT 6.3; WOW64) Gecko/20091610 Firefox/19.0"
3.122.246.7 - - [06/Nov/2025:18:32:49 +0530] "GET /.env.orig HTTP/1.1" 404 19369 "https://www.google.com/" "Mozilla/5.0 (Windows NT 6.3; WOW64) Gecko/20091610 Firefox/19.0"
3.122.246.7 - - [06/Nov/2025:18:32:51 +0530] "GET /.env.swp HTTP/1.1" 404 19369 "https://www.google.com/" "Mozilla/5.0 (Windows NT 6.3; WOW64) Gecko/20091610 Firefox/19.0"
3.122.246.7 - - [06/Nov/2025:18:32:52 +0530] "GET /.env~ HTTP/1.1" 404 19369 "https://www.google.com/" "Mozilla/5.0 (Windows NT 6.3; WOW64) Gecko/20091610 Firefox/19.0"
3.122.246.7 - - [06/Nov/2025:18:32:55 +0530] "GET /.env.tmp HTTP/1.1" 404 19369 "https://www.google.com/" "Mozilla/5.0 (Windows NT 6.3; WOW64) Gecko/20091610 Firefox/19.0"
3.122.246.7 - - [06/Nov/2025:18:32:56 +0530] "GET /.env.dist HTTP/1.1" 404 19369 "https://www.google.com/" "Mozilla/5.0 (Windows NT 6.3; WOW64) Gecko/20091610 Firefox/19.0"
3.122.246.7 - - [06/Nov/2025:18:32:58 +0530] "GET /admin/.env HTTP/1.1" 403 787 "https://www.google.com/" "Mozilla/5.0 (Windows NT 6.3; WOW64) Gecko/20091610 Firefox/19.0"
3.122.246.7 - - [06/Nov/2025:18:32:59 +0530] "GET /admin/.env.save HTTP/1.1" 404 19369 "https://www.google.com/" "Mozilla/5.0 (Windows NT 6.3; WOW64) Gecko/20091610 Firefox/19.0"
3.122.246.7 - - [06/Nov/2025:18:33:01 +0530] "GET /admin/.env.bak HTTP/1.1" 404 19369 "https://www.google.com/" "Mozilla/5.0 (Windows NT 6.3; WOW64) Gecko/20091610 Firefox/19.0"
3.122.246.7 - - [06/Nov/2025:18:33:02 +0530] "GET /admin/.env.old HTTP/1.1" 404 19369 "https://www.google.com/" "Mozilla/5.0 (Windows NT 6.3; WOW64) Gecko/20091610 Firefox/19.0"
3.66.227.117 - - [06/Nov/2025:18:32:51 +0530] "GET /.git/config HTTP/1.1" 403 787 "https://www.google.com/" "Mozilla/5.0 (Windows; U; MSIE 10.0; Windows NT 10.0; .NET CLR 1.3.5765; Win64; x64)"
3.66.227.117 - - [06/Nov/2025:18:32:53 +0530] "GET / HTTP/1.1" 200 27120 "https://www.google.com/" "Mozilla/5.0 (Windows; U; MSIE 10.0; Windows NT 10.0; .NET CLR 1.3.5765; Win64; x64)"
3.66.227.117 - - [06/Nov/2025:18:32:57 +0530] "HEAD /js/app.js HTTP/1.1" 404 0 "https://www.google.com/" "Mozilla/5.0 (Windows; U; MSIE 10.0; Windows NT 10.0; .NET CLR 1.3.5765; Win64; x64)"
3.66.227.117 - - [06/Nov/2025:18:32:58 +0530] "HEAD /js/main.js HTTP/1.1" 404 0 "https://www.google.com/" "Mozilla/5.0 (Windows; U; MSIE 10.0; Windows NT 10.0; .NET CLR 1.3.5765; Win64; x64)"
3.66.227.117 - - [06/Nov/2025:18:33:00 +0530] "HEAD /js/config.js HTTP/1.1" 404 0 "https://www.google.com/" "Mozilla/5.0 (Windows; U; MSIE 10.0; Windows NT 10.0; .NET CLR 1.3.5765; Win64; x64)"
3.66.227.117 - - [06/Nov/2025:18:33:02 +0530] "HEAD /js/settings.js HTTP/1.1" 404 0 "https://www.google.com/" "Mozilla/5.0 (Windows; U; MSIE 10.0; Windows NT 10.0; .NET CLR 1.3.5765; Win64; x64)"
3.66.227.117 - - [06/Nov/2025:18:33:03 +0530] "HEAD /js/constants.js HTTP/1.1" 404 0 "https://www.google.com/" "Mozilla/5.0 (Windows; U; MSIE 10.0; Windows NT 10.0; .NET CLR 1.3.5765; Win64; x64)"
3.66.227.117 - - [06/Nov/2025:18:33:05 +0530] "HEAD /js/bundle.js HTTP/1.1" 404 0 "https://www.google.com/" "Mozilla/5.0 (Windows; U; MSIE 10.0; Windows NT 10.0; .NET CLR 1.3.5765; Win64; x64)"
3.66.227.117 - - [06/Nov/2025:18:33:06 +0530] "HEAD /js/vendor.js HTTP/1.1" 404 0 "https://www.google.com/" "Mozilla/5.0 (Windows; U; MSIE 10.0; Windows NT 10.0; .NET CLR 1.3.5765; Win64; x64)"
3.66.227.117 - - [06/Nov/2025:18:33:08 +0530] "HEAD /js/runtime.js HTTP/1.1" 404 0 "https://www.google.com/" "Mozilla/5.0 (Windows; U; MSIE 10.0; Windows NT 10.0; .NET CLR 1.3.5765; Win64; x64)"
3.66.227.117 - - [06/Nov/2025:18:33:09 +0530] "HEAD /js/chunk.js HTTP/1.1" 404 0 "https://www.google.com/" "Mozilla/5.0 (Windows; U; MSIE 10.0; Windows NT 10.0; .NET CLR 1.3.5765; Win64; x64)"
3.66.227.117 - - [06/Nov/2025:18:33:11 +0530] "HEAD /js/webpack.js HTTP/1.1" 404 0 "https://www.google.com/" "Mozilla/5.0 (Windows; U; MSIE 10.0; Windows NT 10.0; .NET CLR 1.3.5765; Win64; x64)"
3.66.227.117 - - [06/Nov/2025:18:33:12 +0530] "HEAD /app.js HTTP/1.1" 404 0 "https://www.google.com/" "Mozilla/5.0 (Windows; U; MSIE 10.0; Windows NT 10.0; .NET CLR 1.3.5765; Win64; x64)"
3.66.227.117 - - [06/Nov/2025:18:33:14 +0530] "HEAD /main.js HTTP/1.1" 404 0 "https://www.google.com/" "Mozilla/5.0 (Windows; U; MSIE 10.0; Windows NT 10.0; .NET CLR 1.3.5765; Win64; x64)"
3.66.227.117 - - [06/Nov/2025:18:33:15 +0530] "HEAD /bundle.js HTTP/1.1" 404 0 "https://www.google.com/" "Mozilla/5.0 (Windows; U; MSIE 10.0; Windows NT 10.0; .NET CLR 1.3.5765; Win64; x64)"
3.66.227.117 - - [06/Nov/2025:18:33:17 +0530] "HEAD /config.js HTTP/1.1" 404 0 "https://www.google.com/" "Mozilla/5.0 (Windows; U; MSIE 10.0; Windows NT 10.0; .NET CLR 1.3.5765; Win64; x64)"
3.66.227.117 - - [06/Nov/2025:18:33:18 +0530] "HEAD /settings.js HTTP/1.1" 404 0 "https://www.google.com/" "Mozilla/5.0 (Windows; U; MSIE 10.0; Windows NT 10.0; .NET CLR 1.3.5765; Win64; x64)"
3.66.227.117 - - [06/Nov/2025:18:33:19 +0530] "HEAD /vendor.js HTTP/1.1" 404 0 "https://www.google.com/" "Mozilla/5.0 (Windows; U; MSIE 10.0; Windows NT 10.0; .NET CLR 1.3.5765; Win64; x64)"
3.66.227.117 - - [06/Nov/2025:18:33:22 +0530] "HEAD /runtime.js HTTP/1.1" 404 0 "https://www.google.com/" "Mozilla/5.0 (Windows; U; MSIE 10.0; Windows NT 10.0; .NET CLR 1.3.5765; Win64; x64)"
3.66.227.117 - - [06/Nov/2025:18:33:24 +0530] "HEAD /constants.js HTTP/1.1" 404 0 "https://www.google.com/" "Mozilla/5.0 (Windows; U; MSIE 10.0; Windows NT 10.0; .NET CLR 1.3.5765; Win64; x64)"
3.66.227.117 - - [06/Nov/2025:18:33:26 +0530] "HEAD /env.js HTTP/1.1" 404 0 "https://www.google.com/" "Mozilla/5.0 (Windows; U; MSIE 10.0; Windows NT 10.0; .NET CLR 1.3.5765; Win64; x64)"
3.122.246.7 - - [06/Nov/2025:18:33:04 +0530] "GET /api/.env HTTP/1.1" 403 787 "https://www.google.com/" "Mozilla/5.0 (Windows NT 6.3; WOW64) Gecko/20091610 Firefox/19.0"
3.122.246.7 - - [06/Nov/2025:18:33:04 +0530] "GET /api/.env.save HTTP/1.1" 404 19369 "https://www.google.com/" "Mozilla/5.0 (Windows NT 6.3; WOW64) Gecko/20091610 Firefox/19.0"
3.122.246.7 - - [06/Nov/2025:18:33:06 +0530] "GET /api/.env.bak HTTP/1.1" 404 19369 "https://www.google.com/" "Mozilla/5.0 (Windows NT 6.3; WOW64) Gecko/20091610 Firefox/19.0"
3.122.246.7 - - [06/Nov/2025:18:33:07 +0530] "GET /api/.env.old HTTP/1.1" 404 19369 "https://www.google.com/" "Mozilla/5.0 (Windows NT 6.3; WOW64) Gecko/20091610 Firefox/19.0"
3.122.246.7 - - [06/Nov/2025:18:33:08 +0530] "GET /app/.env HTTP/1.1" 403 787 "https://www.google.com/" "Mozilla/5.0 (Windows NT 6.3; WOW64) Gecko/20091610 Firefox/19.0"
3.122.246.7 - - [06/Nov/2025:18:33:09 +0530] "GET /app/.env.save HTTP/1.1" 404 19369 "https://www.google.com/" "Mozilla/5.0 (Windows NT 6.3; WOW64) Gecko/20091610 Firefox/19.0"
122.180.246.194 - - [06/Nov/2025:18:33:11 +0530] "POST /wp-cron.php?doing_wp_cron=1762434191.7241709232330322265625 HTTP/1.1" 200 0 "-" "WordPress/6.8.3; https://androidhindi.in"
3.122.246.7 - - [06/Nov/2025:18:33:12 +0530] "GET /app/.env.bak HTTP/1.1" 404 19369 "https://www.google.com/" "Mozilla/5.0 (Windows NT 6.3; WOW64) Gecko/20091610 Firefox/19.0"
3.122.246.7 - - [06/Nov/2025:18:33:13 +0530] "GET /app/.env.old HTTP/1.1" 404 19369 "https://www.google.com/" "Mozilla/5.0 (Windows NT 6.3; WOW64) Gecko/20091610 Firefox/19.0"
3.122.246.7 - - [06/Nov/2025:18:33:15 +0530] "GET /config/.env HTTP/1.1" 403 787 "https://www.google.com/" "Mozilla/5.0 (Windows NT 6.3; WOW64) Gecko/20091610 Firefox/19.0"
3.122.246.7 - - [06/Nov/2025:18:33:16 +0530] "GET /config/.env.save HTTP/1.1" 404 19369 "https://www.google.com/" "Mozilla/5.0 (Windows NT 6.3; WOW64) Gecko/20091610 Firefox/19.0"
3.122.246.7 - - [06/Nov/2025:18:33:17 +0530] "GET /config/.env.bak HTTP/1.1" 404 19369 "https://www.google.com/" "Mozilla/5.0 (Windows NT 6.3; WOW64) Gecko/20091610 Firefox/19.0"
3.122.246.7 - - [06/Nov/2025:18:33:20 +0530] "GET /config/.env.old HTTP/1.1" 404 19369 "https://www.google.com/" "Mozilla/5.0 (Windows NT 6.3; WOW64) Gecko/20091610 Firefox/19.0"
3.122.246.7 - - [06/Nov/2025:18:33:21 +0530] "GET /src/.env HTTP/1.1" 403 787 "https://www.google.com/" "Mozilla/5.0 (Windows NT 6.3; WOW64) Gecko/20091610 Firefox/19.0"
3.122.246.7 - - [06/Nov/2025:18:33:22 +0530] "GET /src/.env.save HTTP/1.1" 404 19369 "https://www.google.com/" "Mozilla/5.0 (Windows NT 6.3; WOW64) Gecko/20091610 Firefox/19.0"
3.122.246.7 - - [06/Nov/2025:18:33:24 +0530] "GET /src/.env.bak HTTP/1.1" 404 19369 "https://www.google.com/" "Mozilla/5.0 (Windows NT 6.3; WOW64) Gecko/20091610 Firefox/19.0"
3.122.246.7 - - [06/Nov/2025:18:33:26 +0530] "GET /src/.env.old HTTP/1.1" 404 19369 "https://www.google.com/" "Mozilla/5.0 (Windows NT 6.3; WOW64) Gecko/20091610 Firefox/19.0"
3.122.246.7 - - [06/Nov/2025:18:33:28 +0530] "GET /public/.env HTTP/1.1" 403 787 "https://www.google.com/" "Mozilla/5.0 (Windows NT 6.3; WOW64) Gecko/20091610 Firefox/19.0"
3.122.246.7 - - [06/Nov/2025:18:33:29 +0530] "GET /public/.env.save HTTP/1.1" 404 19369 "https://www.google.com/" "Mozilla/5.0 (Windows NT 6.3; WOW64) Gecko/20091610 Firefox/19.0"
3.122.246.7 - - [06/Nov/2025:18:33:32 +0530] "GET /public/.env.bak HTTP/1.1" 404 19369 "https://www.google.com/" "Mozilla/5.0 (Windows NT 6.3; WOW64) Gecko/20091610 Firefox/19.0"
3.122.246.7 - - [06/Nov/2025:18:33:34 +0530] "GET /public/.env.old HTTP/1.1" 404 19369 "https://www.google.com/" "Mozilla/5.0 (Windows NT 6.3; WOW64) Gecko/20091610 Firefox/19.0"
3.122.246.7 - - [06/Nov/2025:18:33:36 +0530] "GET /assets/.env HTTP/1.1" 403 787 "https://www.google.com/" "Mozilla/5.0 (Windows NT 6.3; WOW64) Gecko/20091610 Firefox/19.0"
3.122.246.7 - - [06/Nov/2025:18:33:36 +0530] "GET /assets/.env.save HTTP/1.1" 404 19369 "https://www.google.com/" "Mozilla/5.0 (Windows NT 6.3; WOW64) Gecko/20091610 Firefox/19.0"
122.180.246.194 - - [06/Nov/2025:18:33:28 +0530] "POST /wp-cron.php?doing_wp_cron=1762434208.0520009994506835937500 HTTP/1.1" 200 0 "-" "WordPress/6.8.3; https://androidhindi.in"
3.66.227.117 - - [06/Nov/2025:18:33:27 +0530] "HEAD /api.js HTTP/1.1" 404 0 "https://www.google.com/" "Mozilla/5.0 (Windows; U; MSIE 10.0; Windows NT 10.0; .NET CLR 1.3.5765; Win64; x64)"
