114.119.143.225 - - [06/Nov/2025:21:37:30 +0530] "GET /wp-content/uploads/2023/12/USD-Coin-USDC-2018.webp HTTP/1.1" 404 22979 "https://androidhindi.in/web-stories/top-10-crypto-trying-to-compete-with-the-us-dollar" "Mozilla/5.0 (Linux; Android 7.0;) AppleWebKit/537.36 (KHTML, like Gecko) Mobile Safari/537.36 (compatible; PetalBot;+https://webmaster.petalsearch.com/site/petalbot)"
122.180.246.194 - - [06/Nov/2025:21:43:38 +0530] "POST /wp-cron.php?doing_wp_cron=1762445618.8381860256195068359375 HTTP/1.1" 200 0 "-" "WordPress/6.8.3; https://androidhindi.in"
122.180.246.194 - - [06/Nov/2025:21:45:00 +0530] "POST /wp-cron.php?doing_wp_cron=1762445700.3670690059661865234375 HTTP/1.1" 200 0 "-" "WordPress/6.8.3; https://androidhindi.in"
45.165.146.23 - - [06/Nov/2025:21:44:58 +0530] "POST /xmlrpc.php HTTP/1.1" 405 415 "-" "Mozilla/5.0 (Windows NT 10.0; Win64; x64) AppleWebKit/537.36 (KHTML, like Gecko) Chrome/91.0.4472.124 Safari/537.36"
122.180.246.194 - - [06/Nov/2025:21:45:11 +0530] "POST /wp-cron.php?doing_wp_cron=1762445711.1042859554290771484375 HTTP/1.1" 200 0 "-" "WordPress/6.8.3; https://androidhindi.in"
177.91.193.39 - - [06/Nov/2025:21:45:10 +0530] "POST /xmlrpc.php HTTP/1.1" 405 415 "-" "Mozilla/5.0 (Windows NT 10.0; x64) AppleWebKit/537.36 (KHTML, like Gecko) Chrome/94.0.0.0 Safari/537.36"
122.180.246.194 - - [06/Nov/2025:21:46:14 +0530] "POST /wp-cron.php?doing_wp_cron=1762445774.9057590961456298828125 HTTP/1.1" 200 0 "-" "WordPress/6.8.3; https://androidhindi.in"
45.165.146.23 - - [06/Nov/2025:21:46:14 +0530] "POST /xmlrpc.php HTTP/1.1" 405 415 "-" "Mozilla/5.0 (Windows NT 10.0; Win64; x64) AppleWebKit/537.36 (KHTML, like Gecko) Chrome/91.0.4472.124 Safari/537.36"
177.91.193.39 - - [06/Nov/2025:21:46:16 +0530] "POST /xmlrpc.php HTTP/1.1" 405 415 "-" "Mozilla/5.0 (Linux; Android 10; x86) AppleWebKit/537.36 (KHTML, like Gecko) Chrome/84.0.0.0 Safari/537.36"
43.166.250.187 - - [06/Nov/2025:21:47:22 +0530] "GET /wp-content/uploads/2023/02/Android-Phone-Me-RTF-Files-Ko-Kaise-Open-Kare.webp HTTP/1.1" 404 22979 "-" "Mozilla/5.0 (iPhone; CPU iPhone OS 13_2_3 like Mac OS X) AppleWebKit/605.1.15 (KHTML, like Gecko) Version/13.0.3 Mobile/15E148 Safari/604.1"
122.180.246.194 - - [06/Nov/2025:21:47:41 +0530] "POST /wp-cron.php?doing_wp_cron=1762445861.5568060874938964843750 HTTP/1.1" 200 0 "-" "WordPress/6.8.3; https://androidhindi.in"
122.180.246.194 - - [06/Nov/2025:21:48:42 +0530] "POST /wp-cron.php?doing_wp_cron=1762445922.7899889945983886718750 HTTP/1.1" 200 0 "-" "WordPress/6.8.3; https://androidhindi.in"
45.165.146.23 - - [06/Nov/2025:21:48:42 +0530] "POST /xmlrpc.php HTTP/1.1" 405 415 "-" "Mozilla/5.0 (Windows NT 10.0; Win64; x64) AppleWebKit/537.36 (KHTML, like Gecko) Chrome/91.0.4472.124 Safari/537.36"
177.91.193.39 - - [06/Nov/2025:21:48:49 +0530] "POST /xmlrpc.php HTTP/1.1" 405 415 "-" "Mozilla/5.0 (Macintosh; Intel Mac OS X 10_15_7; arm64) AppleWebKit/537.36 (KHTML, like Gecko) Firefox/97.0.0.0 Safari/537.36"
177.91.193.39 - - [06/Nov/2025:21:49:53 +0530] "POST /xmlrpc.php HTTP/1.1" 405 415 "-" "Mozilla/5.0 (Macintosh; Intel Mac OS X 10_15_7; x64) AppleWebKit/537.36 (KHTML, like Gecko) Firefox/72.0.0.0 Safari/537.36"
45.165.146.23 - - [06/Nov/2025:21:49:58 +0530] "POST /xmlrpc.php HTTP/1.1" 405 415 "-" "Mozilla/5.0 (Windows NT 10.0; Win64; x64) AppleWebKit/537.36 (KHTML, like Gecko) Chrome/91.0.4472.124 Safari/537.36"
122.180.246.194 - - [06/Nov/2025:21:51:06 +0530] "POST /wp-cron.php?doing_wp_cron=1762446066.6512169837951660156250 HTTP/1.1" 200 0 "-" "WordPress/6.8.3; https://androidhindi.in"
177.91.193.39 - - [06/Nov/2025:21:51:06 +0530] "POST /xmlrpc.php HTTP/1.1" 405 415 "-" "Mozilla/5.0 (X11; Ubuntu; Linux x86_64; arm64) AppleWebKit/537.36 (KHTML, like Gecko) Firefox/83.0.0.0 Safari/537.36"
45.165.146.23 - - [06/Nov/2025:21:51:10 +0530] "POST /xmlrpc.php HTTP/1.1" 405 415 "-" "Mozilla/5.0 (Windows NT 10.0; Win64; x64) AppleWebKit/537.36 (KHTML, like Gecko) Chrome/91.0.4472.124 Safari/537.36"
66.249.69.226 - - [06/Nov/2025:21:51:14 +0530] "GET /feed/ HTTP/1.1" 500 194 "-" "Mozilla/5.0 (compatible; Googlebot/2.1; +http://www.google.com/bot.html)"
66.249.69.228 - - [06/Nov/2025:21:52:17 +0530] "GET /feed/ HTTP/1.1" 500 194 "-" "Mozilla/5.0 (compatible; Googlebot/2.1; +http://www.google.com/bot.html)"
45.165.146.23 - - [06/Nov/2025:21:43:38 +0530] "POST /xmlrpc.php HTTP/1.1" 405 415 "-" "Mozilla/5.0 (Windows NT 10.0; Win64; x64) AppleWebKit/537.36 (KHTML, like Gecko) Chrome/91.0.4472.124 Safari/537.36"
177.91.193.39 - - [06/Nov/2025:21:43:57 +0530] "POST /xmlrpc.php HTTP/1.1" 405 415 "-" "Mozilla/5.0 (Windows NT 6.3; arm64) AppleWebKit/537.36 (KHTML, like Gecko) Chrome/100.0.0.0 Safari/537.36"
122.180.246.194 - - [06/Nov/2025:21:47:22 +0530] "POST /wp-cron.php?doing_wp_cron=1762445842.7002348899841308593750 HTTP/1.1" 200 0 "-" "WordPress/6.8.3; https://androidhindi.in"
45.165.146.23 - - [06/Nov/2025:21:47:26 +0530] "POST /xmlrpc.php HTTP/1.1" 405 415 "-" "Mozilla/5.0 (Windows NT 10.0; Win64; x64) AppleWebKit/537.36 (KHTML, like Gecko) Chrome/91.0.4472.124 Safari/537.36"
177.91.193.39 - - [06/Nov/2025:21:47:41 +0530] "POST /xmlrpc.php HTTP/1.1" 405 415 "-" "Mozilla/5.0 (Linux; Android 10; x64) AppleWebKit/537.36 (KHTML, like Gecko) Opera/69.0.0.0 Safari/537.36"
122.180.246.194 - - [06/Nov/2025:21:49:53 +0530] "POST /wp-cron.php?doing_wp_cron=1762445993.9827640056610107421875 HTTP/1.1" 200 0 "-" "WordPress/6.8.3; https://androidhindi.in"
122.180.246.194 - - [06/Nov/2025:21:51:13 +0530] "POST /wp-cron.php?doing_wp_cron=1762446073.6618940830230712890625 HTTP/1.1" 200 0 "-" "WordPress/6.8.3; https://androidhindi.in"
66.249.69.228 - - [06/Nov/2025:21:51:13 +0530] "GET /feed HTTP/1.1" 301 0 "-" "Mozilla/5.0 (compatible; Googlebot/2.1; +http://www.google.com/bot.html)"
122.180.246.194 - - [06/Nov/2025:21:52:16 +0530] "POST /wp-cron.php?doing_wp_cron=1762446136.7183420658111572265625 HTTP/1.1" 200 0 "-" "WordPress/6.8.3; https://androidhindi.in"
66.249.69.227 - - [06/Nov/2025:21:52:16 +0530] "GET /feed HTTP/1.1" 301 0 "-" "Mozilla/5.0 (compatible; Googlebot/2.1; +http://www.google.com/bot.html)"
177.91.193.39 - - [06/Nov/2025:21:52:39 +0530] "POST /xmlrpc.php HTTP/1.1" 405 415 "-" "Mozilla/5.0 (X11; Ubuntu; Linux x86_64; x86) AppleWebKit/537.36 (KHTML, like Gecko) Edge/89.0.0.0 Safari/537.36"
122.180.246.194 - - [06/Nov/2025:21:53:19 +0530] "POST /wp-cron.php?doing_wp_cron=1762446199.0669579505920410156250 HTTP/1.1" 200 0 "-" "WordPress/6.8.3; https://androidhindi.in"
66.249.69.228 - - [06/Nov/2025:21:53:18 +0530] "GET /feed HTTP/1.1" 301 0 "-" "Mozilla/5.0 (compatible; Googlebot/2.1; +http://www.google.com/bot.html)"
177.91.193.39 - - [06/Nov/2025:21:53:47 +0530] "POST /xmlrpc.php HTTP/1.1" 405 415 "-" "Mozilla/5.0 (Windows NT 10.0; arm64) AppleWebKit/537.36 (KHTML, like Gecko) Safari/15.0.0.0 Safari/537.36"
66.249.69.227 - - [06/Nov/2025:21:54:23 +0530] "GET /feed HTTP/1.1" 301 0 "-" "Mozilla/5.0 (compatible; Googlebot/2.1; +http://www.google.com/bot.html)"
66.249.69.227 - - [06/Nov/2025:21:54:24 +0530] "GET /feed/ HTTP/1.1" 500 194 "-" "Mozilla/5.0 (compatible; Googlebot/2.1; +http://www.google.com/bot.html)"
122.180.246.194 - - [06/Nov/2025:21:54:55 +0530] "POST /wp-cron.php?doing_wp_cron=1762446295.3847589492797851562500 HTTP/1.1" 200 0 "-" "WordPress/6.8.3; https://androidhindi.in"
45.165.146.23 - - [06/Nov/2025:21:54:55 +0530] "POST /xmlrpc.php HTTP/1.1" 405 415 "-" "Mozilla/5.0 (Windows NT 10.0; Win64; x64) AppleWebKit/537.36 (KHTML, like Gecko) Chrome/91.0.4472.124 Safari/537.36"
177.91.193.39 - - [06/Nov/2025:21:54:59 +0530] "POST /xmlrpc.php HTTP/1.1" 405 415 "-" "Mozilla/5.0 (Windows NT 10.0; x64) AppleWebKit/537.36 (KHTML, like Gecko) Firefox/96.0.0.0 Safari/537.36"
208.110.64.178 - - [06/Nov/2025:21:56:00 +0530] "GET /wp-includes/js9262c2/edit.php HTTP/1.1" 301 0 "http://www.androidhindi.in/wp-includes/js9262c2/edit.php" "Mozilla/5.0 (Windows NT 10.0; Win64; x64) AppleWebKit/537.36 (KHTML, like Gecko) Chrome/58.0.3029.110 Safari/537.3"
208.110.64.178 - - [06/Nov/2025:21:56:02 +0530] "GET /wp-includes/js9262c2/edit.php HTTP/1.1" 301 0 "http://www.androidhindi.in/wp-includes/js9262c2/edit.php" "Mozilla/5.0 (Windows NT 10.0; Win64; x64) AppleWebKit/537.36 (KHTML, like Gecko) Chrome/58.0.3029.110 Safari/537.3"
177.91.193.39 - - [06/Nov/2025:21:56:15 +0530] "POST /xmlrpc.php HTTP/1.1" 405 415 "-" "Mozilla/5.0 (Windows NT 10.0; x64) AppleWebKit/537.36 (KHTML, like Gecko) Edge/80.0.0.0 Safari/537.36"
43.159.128.247 - - [06/Nov/2025:21:56:52 +0530] "GET /ludo-me-jitne-ke-liye-kya-karna-chahiye/ HTTP/1.1" 200 38249 "-" "Mozilla/5.0 (iPhone; CPU iPhone OS 13_2_3 like Mac OS X) AppleWebKit/605.1.15 (KHTML, like Gecko) Version/13.0.3 Mobile/15E148 Safari/604.1"
122.180.246.194 - - [06/Nov/2025:21:57:40 +0530] "POST /wp-cron.php?doing_wp_cron=1762446460.1501009464263916015625 HTTP/1.1" 200 0 "-" "WordPress/6.8.3; https://androidhindi.in"
177.91.193.39 - - [06/Nov/2025:21:57:39 +0530] "POST /xmlrpc.php HTTP/1.1" 405 415 "-" "Mozilla/5.0 (Linux; Android 10; x64) AppleWebKit/537.36 (KHTML, like Gecko) Firefox/81.0.0.0 Safari/537.36"
122.180.246.194 - - [06/Nov/2025:21:58:51 +0530] "POST /wp-cron.php?doing_wp_cron=1762446531.7565009593963623046875 HTTP/1.1" 200 0 "-" "WordPress/6.8.3; https://androidhindi.in"
45.165.146.23 - - [06/Nov/2025:21:59:38 +0530] "POST /xmlrpc.php HTTP/1.1" 405 415 "-" "Mozilla/5.0 (Windows NT 10.0; Win64; x64) AppleWebKit/537.36 (KHTML, like Gecko) Chrome/91.0.4472.124 Safari/537.36"
45.165.146.23 - - [06/Nov/2025:21:52:22 +0530] "POST /xmlrpc.php HTTP/1.1" 405 415 "-" "Mozilla/5.0 (Windows NT 10.0; Win64; x64) AppleWebKit/537.36 (KHTML, like Gecko) Chrome/91.0.4472.124 Safari/537.36"
122.180.246.194 - - [06/Nov/2025:21:52:40 +0530] "POST /wp-cron.php?doing_wp_cron=1762446160.2258160114288330078125 HTTP/1.1" 200 0 "-" "WordPress/6.8.3; https://androidhindi.in"
66.249.69.226 - - [06/Nov/2025:21:53:21 +0530] "GET /feed/ HTTP/1.1" 500 194 "-" "Mozilla/5.0 (compatible; Googlebot/2.1; +http://www.google.com/bot.html)"
122.180.246.194 - - [06/Nov/2025:21:53:38 +0530] "POST /wp-cron.php?doing_wp_cron=1762446218.8730609416961669921875 HTTP/1.1" 200 0 "-" "WordPress/6.8.3; https://androidhindi.in"
45.165.146.23 - - [06/Nov/2025:21:53:38 +0530] "POST /xmlrpc.php HTTP/1.1" 405 415 "-" "Mozilla/5.0 (Windows NT 10.0; Win64; x64) AppleWebKit/537.36 (KHTML, like Gecko) Chrome/91.0.4472.124 Safari/537.36"
122.180.246.194 - - [06/Nov/2025:21:54:24 +0530] "POST /wp-cron.php?doing_wp_cron=1762446264.1142039299011230468750 HTTP/1.1" 200 0 "-" "WordPress/6.8.3; https://androidhindi.in"
122.180.246.194 - - [06/Nov/2025:21:56:01 +0530] "POST /wp-cron.php?doing_wp_cron=1762446361.4972798824310302734375 HTTP/1.1" 200 0 "-" "WordPress/6.8.3; https://androidhindi.in"
45.165.146.23 - - [06/Nov/2025:21:56:02 +0530] "POST /xmlrpc.php HTTP/1.1" 405 415 "-" "Mozilla/5.0 (Windows NT 10.0; Win64; x64) AppleWebKit/537.36 (KHTML, like Gecko) Chrome/91.0.4472.124 Safari/537.36"
208.110.64.178 - - [06/Nov/2025:21:56:04 +0530] "GET /wp-includes/js9262c2/edit.php HTTP/1.1" 404 18305 "http://www.androidhindi.in/wp-includes/js9262c2/edit.php" "Mozilla/5.0 (Windows NT 10.0; Win64; x64) AppleWebKit/537.36 (KHTML, like Gecko) Chrome/58.0.3029.110 Safari/537.3"
122.180.246.194 - - [06/Nov/2025:21:56:15 +0530] "POST /wp-cron.php?doing_wp_cron=1762446375.5295979976654052734375 HTTP/1.1" 200 0 "-" "WordPress/6.8.3; https://androidhindi.in"
122.180.246.194 - - [06/Nov/2025:21:57:15 +0530] "POST /wp-cron.php?doing_wp_cron=1762446435.2978560924530029296875 HTTP/1.1" 200 0 "-" "WordPress/6.8.3; https://androidhindi.in"
45.165.146.23 - - [06/Nov/2025:21:57:15 +0530] "POST /xmlrpc.php HTTP/1.1" 405 415 "-" "Mozilla/5.0 (Windows NT 10.0; Win64; x64) AppleWebKit/537.36 (KHTML, like Gecko) Chrome/91.0.4472.124 Safari/537.36"
122.180.246.194 - - [06/Nov/2025:21:58:27 +0530] "POST /wp-cron.php?doing_wp_cron=1762446507.5911641120910644531250 HTTP/1.1" 200 0 "-" "WordPress/6.8.3; https://androidhindi.in"
45.165.146.23 - - [06/Nov/2025:21:58:27 +0530] "POST /xmlrpc.php HTTP/1.1" 405 415 "-" "Mozilla/5.0 (Windows NT 10.0; Win64; x64) AppleWebKit/537.36 (KHTML, like Gecko) Chrome/91.0.4472.124 Safari/537.36"
177.91.193.39 - - [06/Nov/2025:21:58:51 +0530] "POST /xmlrpc.php HTTP/1.1" 405 415 "-" "Mozilla/5.0 (Windows NT 10.0; x86) AppleWebKit/537.36 (KHTML, like Gecko) Chrome/82.0.0.0 Safari/537.36"
122.180.246.194 - - [06/Nov/2025:21:59:38 +0530] "POST /wp-cron.php?doing_wp_cron=1762446578.8058819770812988281250 HTTP/1.1" 200 0 "-" "WordPress/6.8.3; https://androidhindi.in"
177.91.193.39 - - [06/Nov/2025:22:00:08 +0530] "POST /xmlrpc.php HTTP/1.1" 405 415 "-" "Mozilla/5.0 (Linux; Android 10; x64) AppleWebKit/537.36 (KHTML, like Gecko) Firefox/72.0.0.0 Safari/537.36"
122.180.246.194 - - [06/Nov/2025:22:00:52 +0530] "POST /wp-cron.php?doing_wp_cron=1762446652.5761189460754394531250 HTTP/1.1" 200 0 "-" "WordPress/6.8.3; https://androidhindi.in"
45.165.146.23 - - [06/Nov/2025:22:00:52 +0530] "POST /xmlrpc.php HTTP/1.1" 405 415 "-" "Mozilla/5.0 (Windows NT 10.0; Win64; x64) AppleWebKit/537.36 (KHTML, like Gecko) Chrome/91.0.4472.124 Safari/537.36"
177.91.193.39 - - [06/Nov/2025:22:01:17 +0530] "POST /xmlrpc.php HTTP/1.1" 405 415 "-" "Mozilla/5.0 (Windows NT 6.2; arm64) AppleWebKit/537.36 (KHTML, like Gecko) Firefox/94.0.0.0 Safari/537.36"
177.91.193.39 - - [06/Nov/2025:22:02:26 +0530] "POST /xmlrpc.php HTTP/1.1" 405 415 "-" "Mozilla/5.0 (Windows NT 10.0; arm64) AppleWebKit/537.36 (KHTML, like Gecko) Safari/13.0.0.0 Safari/537.36"
122.180.246.194 - - [06/Nov/2025:22:03:36 +0530] "POST /wp-cron.php?doing_wp_cron=1762446816.3376860618591308593750 HTTP/1.1" 200 0 "-" "WordPress/6.8.3; https://androidhindi.in"
52.77.43.229 - - [06/Nov/2025:22:03:44 +0530] "GET /wp-content/uploads/2022/09/ACCEPT-Pe-Click-Kare.jpg HTTP/1.1" 404 22978 "-" "Mozilla/5.0 (compatible; crawler)"
177.91.193.39 - - [06/Nov/2025:22:04:38 +0530] "POST /xmlrpc.php HTTP/1.1" 405 415 "-" "Mozilla/5.0 (X11; Ubuntu; Linux x86_64; x86) AppleWebKit/537.36 (KHTML, like Gecko) Firefox/86.0.0.0 Safari/537.36"
45.165.146.23 - - [06/Nov/2025:22:05:01 +0530] "POST /xmlrpc.php HTTP/1.1" 405 415 "-" "Mozilla/5.0 (Windows NT 10.0; Win64; x64) AppleWebKit/537.36 (KHTML, like Gecko) Chrome/91.0.4472.124 Safari/537.36"
122.180.246.194 - - [06/Nov/2025:22:05:36 +0530] "POST /wp-cron.php?doing_wp_cron=1762446936.2849590778350830078125 HTTP/1.1" 200 0 "-" "WordPress/6.8.3; https://androidhindi.in"
177.91.193.39 - - [06/Nov/2025:22:05:35 +0530] "POST /xmlrpc.php HTTP/1.1" 405 415 "-" "Mozilla/5.0 (Macintosh; Intel Mac OS X 10_15_7; x86) AppleWebKit/537.36 (KHTML, like Gecko) Edge/83.0.0.0 Safari/537.36"
122.180.246.194 - - [06/Nov/2025:22:06:40 +0530] "POST /wp-cron.php?doing_wp_cron=1762447000.1808319091796875000000 HTTP/1.1" 200 0 "-" "WordPress/6.8.3; https://androidhindi.in"
177.91.193.39 - - [06/Nov/2025:22:06:39 +0530] "POST /xmlrpc.php HTTP/1.1" 405 415 "-" "Mozilla/5.0 (X11; Ubuntu; Linux x86_64; x64) AppleWebKit/537.36 (KHTML, like Gecko) Chrome/105.0.0.0 Safari/537.36"
45.165.146.23 - - [06/Nov/2025:22:07:07 +0530] "POST /xmlrpc.php HTTP/1.1" 405 415 "-" "Mozilla/5.0 (Windows NT 10.0; Win64; x64) AppleWebKit/537.36 (KHTML, like Gecko) Chrome/91.0.4472.124 Safari/537.36"
122.180.246.194 - - [06/Nov/2025:22:07:36 +0530] "POST /wp-cron.php?doing_wp_cron=1762447056.7489728927612304687500 HTTP/1.1" 200 0 "-" "WordPress/6.8.3; https://androidhindi.in"
49.51.178.45 - - [06/Nov/2025:22:08:13 +0530] "GET /ludo-me-jitne-ke-liye-kya-karna-chahiye/ HTTP/1.1" 200 38249 "-" "Mozilla/5.0 (iPhone; CPU iPhone OS 13_2_3 like Mac OS X) AppleWebKit/605.1.15 (KHTML, like Gecko) Version/13.0.3 Mobile/15E148 Safari/604.1"
177.91.193.39 - - [06/Nov/2025:22:08:36 +0530] "POST /xmlrpc.php HTTP/1.1" 405 415 "-" "Mozilla/5.0 (Windows NT 10.0; x86) AppleWebKit/537.36 (KHTML, like Gecko) Safari/15.0.0.0 Safari/537.36"
45.165.146.23 - - [06/Nov/2025:22:09:59 +0530] "POST /xmlrpc.php HTTP/1.1" 405 415 "-" "Mozilla/5.0 (Windows NT 10.0; Win64; x64) AppleWebKit/537.36 (KHTML, like Gecko) Chrome/91.0.4472.124 Safari/537.36"
177.91.193.39 - - [06/Nov/2025:22:10:36 +0530] "POST /xmlrpc.php HTTP/1.1" 405 415 "-" "Mozilla/5.0 (Windows NT 6.3; x64) AppleWebKit/537.36 (KHTML, like Gecko) Edge/88.0.0.0 Safari/537.36"
45.165.146.23 - - [06/Nov/2025:22:10:59 +0530] "POST /xmlrpc.php HTTP/1.1" 405 415 "-" "Mozilla/5.0 (Windows NT 10.0; Win64; x64) AppleWebKit/537.36 (KHTML, like Gecko) Chrome/91.0.4472.124 Safari/537.36"
122.180.246.194 - - [06/Nov/2025:22:01:17 +0530] "POST /wp-cron.php?doing_wp_cron=1762446677.6229369640350341796875 HTTP/1.1" 200 0 "-" "WordPress/6.8.3; https://androidhindi.in"
122.180.246.194 - - [06/Nov/2025:22:01:50 +0530] "POST /wp-cron.php?doing_wp_cron=1762446710.2937760353088378906250 HTTP/1.1" 200 0 "-" "WordPress/6.8.3; https://androidhindi.in"
45.165.146.23 - - [06/Nov/2025:22:01:49 +0530] "POST /xmlrpc.php HTTP/1.1" 405 415 "-" "Mozilla/5.0 (Windows NT 10.0; Win64; x64) AppleWebKit/537.36 (KHTML, like Gecko) Chrome/91.0.4472.124 Safari/537.36"
122.180.246.194 - - [06/Nov/2025:22:02:27 +0530] "POST /wp-cron.php?doing_wp_cron=1762446747.1698510646820068359375 HTTP/1.1" 200 0 "-" "WordPress/6.8.3; https://androidhindi.in"
122.180.246.194 - - [06/Nov/2025:22:02:57 +0530] "POST /wp-cron.php?doing_wp_cron=1762446777.1952030658721923828125 HTTP/1.1" 200 0 "-" "WordPress/6.8.3; https://androidhindi.in"
45.165.146.23 - - [06/Nov/2025:22:02:56 +0530] "POST /xmlrpc.php HTTP/1.1" 405 415 "-" "Mozilla/5.0 (Windows NT 10.0; Win64; x64) AppleWebKit/537.36 (KHTML, like Gecko) Chrome/91.0.4472.124 Safari/537.36"
177.91.193.39 - - [06/Nov/2025:22:03:36 +0530] "POST /xmlrpc.php HTTP/1.1" 405 415 "-" "Mozilla/5.0 (X11; Ubuntu; Linux x86_64; x64) AppleWebKit/537.36 (KHTML, like Gecko) Safari/14.0.0.0 Safari/537.36"
45.165.146.23 - - [06/Nov/2025:22:03:57 +0530] "POST /xmlrpc.php HTTP/1.1" 405 415 "-" "Mozilla/5.0 (Windows NT 10.0; Win64; x64) AppleWebKit/537.36 (KHTML, like Gecko) Chrome/91.0.4472.124 Safari/537.36"
122.180.246.194 - - [06/Nov/2025:22:04:38 +0530] "POST /wp-cron.php?doing_wp_cron=1762446878.6494269371032714843750 HTTP/1.1" 200 0 "-" "WordPress/6.8.3; https://androidhindi.in"
45.165.146.23 - - [06/Nov/2025:22:06:06 +0530] "POST /xmlrpc.php HTTP/1.1" 405 415 "-" "Mozilla/5.0 (Windows NT 10.0; Win64; x64) AppleWebKit/537.36 (KHTML, like Gecko) Chrome/91.0.4472.124 Safari/537.36"
177.91.193.39 - - [06/Nov/2025:22:07:36 +0530] "POST /xmlrpc.php HTTP/1.1" 405 415 "-" "Mozilla/5.0 (Linux; Android 10; x86) AppleWebKit/537.36 (KHTML, like Gecko) Safari/13.0.0.0 Safari/537.36"
45.165.146.23 - - [06/Nov/2025:22:08:06 +0530] "POST /xmlrpc.php HTTP/1.1" 405 415 "-" "Mozilla/5.0 (Windows NT 10.0; Win64; x64) AppleWebKit/537.36 (KHTML, like Gecko) Chrome/91.0.4472.124 Safari/537.36"
122.180.246.194 - - [06/Nov/2025:22:08:36 +0530] "POST /wp-cron.php?doing_wp_cron=1762447116.5518848896026611328125 HTTP/1.1" 200 0 "-" "WordPress/6.8.3; https://androidhindi.in"
45.165.146.23 - - [06/Nov/2025:22:09:04 +0530] "POST /xmlrpc.php HTTP/1.1" 405 415 "-" "Mozilla/5.0 (Windows NT 10.0; Win64; x64) AppleWebKit/537.36 (KHTML, like Gecko) Chrome/91.0.4472.124 Safari/537.36"
122.180.246.194 - - [06/Nov/2025:22:09:32 +0530] "POST /wp-cron.php?doing_wp_cron=1762447172.9307599067687988281250 HTTP/1.1" 200 0 "-" "WordPress/6.8.3; https://androidhindi.in"
177.91.193.39 - - [06/Nov/2025:22:09:32 +0530] "POST /xmlrpc.php HTTP/1.1" 405 415 "-" "Mozilla/5.0 (Macintosh; Intel Mac OS X 10_15_7; x86) AppleWebKit/537.36 (KHTML, like Gecko) Safari/15.0.0.0 Safari/537.36"
122.180.246.194 - - [06/Nov/2025:22:10:36 +0530] "POST /wp-cron.php?doing_wp_cron=1762447236.4595990180969238281250 HTTP/1.1" 200 0 "-" "WordPress/6.8.3; https://androidhindi.in"
177.91.193.39 - - [06/Nov/2025:22:12:30 +0530] "POST /xmlrpc.php HTTP/1.1" 405 415 "-" "Mozilla/5.0 (Windows NT 6.2; arm64) AppleWebKit/537.36 (KHTML, like Gecko) Safari/11.0.0.0 Safari/537.36"
88.134.110.36 - - [06/Nov/2025:22:12:40 +0530] "GET /robots.txt HTTP/1.1" 200 277 "-" "Mozilla/5.0 (compatible; MJ12bot/v1.4.8; http://mj12bot.com/)"
88.134.110.36 - - [06/Nov/2025:22:12:48 +0530] "GET /page/6/?s=message HTTP/1.1" 200 21732 "-" "Mozilla/5.0 (compatible; MJ12bot/v1.4.8; http://mj12bot.com/)"
88.134.110.36 - - [06/Nov/2025:22:12:55 +0530] "GET /page/7/?s=message HTTP/1.1" 200 21741 "-" "Mozilla/5.0 (compatible; MJ12bot/v1.4.8; http://mj12bot.com/)"
66.249.69.228 - - [06/Nov/2025:22:13:09 +0530] "GET /feed HTTP/1.1" 301 0 "-" "Mozilla/5.0 (compatible; Googlebot/2.1; +http://www.google.com/bot.html)"
66.249.69.227 - - [06/Nov/2025:22:13:10 +0530] "GET /feed/ HTTP/1.1" 500 194 "-" "Mozilla/5.0 (compatible; Googlebot/2.1; +http://www.google.com/bot.html)"
122.180.246.194 - - [06/Nov/2025:22:13:29 +0530] "POST /wp-cron.php?doing_wp_cron=1762447409.6907989978790283203125 HTTP/1.1" 200 0 "-" "WordPress/6.8.3; https://androidhindi.in"
66.249.69.227 - - [06/Nov/2025:22:14:11 +0530] "GET /feed HTTP/1.1" 301 0 "-" "Mozilla/5.0 (compatible; Googlebot/2.1; +http://www.google.com/bot.html)"
122.180.246.194 - - [06/Nov/2025:22:14:29 +0530] "POST /wp-cron.php?doing_wp_cron=1762447469.9304358959197998046875 HTTP/1.1" 200 0 "-" "WordPress/6.8.3; https://androidhindi.in"
45.165.146.23 - - [06/Nov/2025:22:15:03 +0530] "POST /xmlrpc.php HTTP/1.1" 405 415 "-" "Mozilla/5.0 (Windows NT 10.0; Win64; x64) AppleWebKit/537.36 (KHTML, like Gecko) Chrome/91.0.4472.124 Safari/537.36"
205.169.39.16 - - [06/Nov/2025:22:15:06 +0530] "GET / HTTP/2" 301 0 "-" "Mozilla/5.0 (Windows NT 10.0; Win64; x64) AppleWebKit/537.36 (KHTML, like Gecko) Chrome/117.0.5938.132 Safari/537.36"
205.169.39.16 - - [06/Nov/2025:22:15:06 +0530] "GET / HTTP/2" 200 27120 "-" "Mozilla/5.0 (Windows NT 10.0; Win64; x64) AppleWebKit/537.36 (KHTML, like Gecko) Chrome/117.0.5938.132 Safari/537.36"
205.169.39.16 - - [06/Nov/2025:22:15:07 +0530] "GET /wp-includes/css/dist/block-library/style.min.css?ver=6.8.3 HTTP/2" 200 14360 "https://androidhindi.in/" "Mozilla/5.0 (Windows NT 10.0; Win64; x64) AppleWebKit/537.36 (KHTML, like Gecko) Chrome/117.0.5938.132 Safari/537.36"
205.169.39.16 - - [06/Nov/2025:22:15:07 +0530] "GET /wp-content/cache/min/1/wp-content/plugins/contact-form-7/includes/css/styles.css?ver=1761863903 HTTP/2" 200 780 "https://androidhindi.in/" "Mozilla/5.0 (Windows NT 10.0; Win64; x64) AppleWebKit/537.36 (KHTML, like Gecko) Chrome/117.0.5938.132 Safari/537.36"
205.169.39.16 - - [06/Nov/2025:22:15:07 +0530] "GET /wp-content/cache/background-css/androidhindi.in/wp-content/plugins/kk-star-ratings/src/core/public/css/kk-star-ratings.min.css?ver=5.4.10.2&wpr_t=1761883704 HTTP/2" 200 580 "https://androidhindi.in/" "Mozilla/5.0 (Windows NT 10.0; Win64; x64) AppleWebKit/537.36 (KHTML, like Gecko) Chrome/117.0.5938.132 Safari/537.36"
205.169.39.16 - - [06/Nov/2025:22:15:07 +0530] "GET /wp-content/themes/generatepress/assets/css/main.min.css?ver=3.6.0 HTTP/2" 200 4410 "https://androidhindi.in/" "Mozilla/5.0 (Windows NT 10.0; Win64; x64) AppleWebKit/537.36 (KHTML, like Gecko) Chrome/117.0.5938.132 Safari/537.36"
205.169.39.16 - - [06/Nov/2025:22:15:07 +0530] "GET /wp-content/cache/min/1/wp-content/plugins/notix-web-push-notifications/public/css/notix-public.css?ver=1761863903 HTTP/2" 200 313 "https://androidhindi.in/" "Mozilla/5.0 (Windows NT 10.0; Win64; x64) AppleWebKit/537.36 (KHTML, like Gecko) Chrome/117.0.5938.132 Safari/537.36"
205.169.39.16 - - [06/Nov/2025:22:15:07 +0530] "GET /wp-content/plugins/gp-premium/menu-plus/functions/css/navigation-branding-flex.min.css?ver=2.3.2 HTTP/2" 200 542 "https://androidhindi.in/" "Mozilla/5.0 (Windows NT 10.0; Win64; x64) AppleWebKit/537.36 (KHTML, like Gecko) Chrome/117.0.5938.132 Safari/537.36"
205.169.39.16 - - [06/Nov/2025:22:15:07 +0530] "GET /wp-includes/js/jquery/jquery-migrate.min.js?ver=3.4.1 HTTP/2" 200 4678 "https://androidhindi.in/" "Mozilla/5.0 (Windows NT 10.0; Win64; x64) AppleWebKit/537.36 (KHTML, like Gecko) Chrome/117.0.5938.132 Safari/537.36"
205.169.39.16 - - [06/Nov/2025:22:15:07 +0530] "GET /wp-content/cache/min/1/wp-content/uploads/generateblocks/style-1476.css?ver=1761863903 HTTP/2" 200 2355 "https://androidhindi.in/" "Mozilla/5.0 (Windows NT 10.0; Win64; x64) AppleWebKit/537.36 (KHTML, like Gecko) Chrome/117.0.5938.132 Safari/537.36"
205.169.39.16 - - [06/Nov/2025:22:15:07 +0530] "GET /wp-includes/js/jquery/jquery.min.js?ver=3.7.1 HTTP/2" 200 29744 "https://androidhindi.in/" "Mozilla/5.0 (Windows NT 10.0; Win64; x64) AppleWebKit/537.36 (KHTML, like Gecko) Chrome/117.0.5938.132 Safari/537.36"
205.169.39.16 - - [06/Nov/2025:22:15:08 +0530] "GET /wp-content/plugins/wp-rocket/assets/js/lazyload/17.8.3/lazyload.min.js HTTP/2" 200 2902 "https://androidhindi.in/" "Mozilla/5.0 (Windows NT 10.0; Win64; x64) AppleWebKit/537.36 (KHTML, like Gecko) Chrome/117.0.5938.132 Safari/537.36"
205.169.39.16 - - [06/Nov/2025:22:15:09 +0530] "GET /wp-content/uploads/2023/10/Net-Kyon-Nahin-Chal-Raha-Hai.webp HTTP/2" 404 20381 "https://androidhindi.in/" "Mozilla/5.0 (Windows NT 10.0; Win64; x64) AppleWebKit/537.36 (KHTML, like Gecko) Chrome/117.0.5938.132 Safari/537.36"
205.169.39.16 - - [06/Nov/2025:22:15:09 +0530] "GET /wp-content/uploads/2022/11/AndroidHindi.webp HTTP/2" 404 20379 "https://androidhindi.in/" "Mozilla/5.0 (Windows NT 10.0; Win64; x64) AppleWebKit/537.36 (KHTML, like Gecko) Chrome/117.0.5938.132 Safari/537.36"
205.169.39.16 - - [06/Nov/2025:22:15:09 +0530] "GET /wp-content/uploads/2022/12/Dusre-Ka-WhatsApp-Kaise-Dekhe-By-AndroidHindi.webp HTTP/2" 404 20574 "https://androidhindi.in/" "Mozilla/5.0 (Windows NT 10.0; Win64; x64) AppleWebKit/537.36 (KHTML, like Gecko) Chrome/117.0.5938.132 Safari/537.36"
205.169.39.16 - - [06/Nov/2025:22:15:09 +0530] "GET /wp-content/uploads/2023/10/Phone-Me-Fastboot-Kaise-Hataye.webp HTTP/2" 404 20381 "https://androidhindi.in/" "Mozilla/5.0 (Windows NT 10.0; Win64; x64) AppleWebKit/537.36 (KHTML, like Gecko) Chrome/117.0.5938.132 Safari/537.36"
205.169.39.16 - - [06/Nov/2025:22:15:09 +0530] "GET /wp-content/uploads/2023/10/WhatsApp-Channel-Kaise-Banaye.webp HTTP/2" 404 20381 "https://androidhindi.in/" "Mozilla/5.0 (Windows NT 10.0; Win64; x64) AppleWebKit/537.36 (KHTML, like Gecko) Chrome/117.0.5938.132 Safari/537.36"
205.169.39.16 - - [06/Nov/2025:22:15:09 +0530] "GET /wp-content/uploads/2023/08/GTA-6-Download.webp HTTP/2" 404 20381 "https://androidhindi.in/" "Mozilla/5.0 (Windows NT 10.0; Win64; x64) AppleWebKit/537.36 (KHTML, like Gecko) Chrome/117.0.5938.132 Safari/537.36"
205.169.39.16 - - [06/Nov/2025:22:15:12 +0530] "GET /wp-content/uploads/2022/11/AndroidHindi-Logo.png HTTP/2" 404 20381 "https://androidhindi.in/" "Mozilla/5.0 (Windows NT 10.0; Win64; x64) AppleWebKit/537.36 (KHTML, like Gecko) Chrome/117.0.5938.132 Safari/537.36"
66.249.69.226 - - [06/Nov/2025:22:15:14 +0530] "GET /feed HTTP/1.1" 301 0 "-" "Mozilla/5.0 (compatible; Googlebot/2.1; +http://www.google.com/bot.html)"
122.180.246.194 - - [06/Nov/2025:22:15:29 +0530] "POST /wp-cron.php?doing_wp_cron=1762447529.1458330154418945312500 HTTP/1.1" 200 0 "-" "WordPress/6.8.3; https://androidhindi.in"
177.91.193.39 - - [06/Nov/2025:22:15:28 +0530] "POST /xmlrpc.php HTTP/1.1" 405 415 "-" "Mozilla/5.0 (X11; Ubuntu; Linux x86_64; x86) AppleWebKit/537.36 (KHTML, like Gecko) Safari/11.0.0.0 Safari/537.36"
45.165.146.23 - - [06/Nov/2025:22:16:03 +0530] "POST /xmlrpc.php HTTP/1.1" 405 415 "-" "Mozilla/5.0 (Windows NT 10.0; Win64; x64) AppleWebKit/537.36 (KHTML, like Gecko) Chrome/91.0.4472.124 Safari/537.36"
66.249.69.226 - - [06/Nov/2025:22:16:17 +0530] "GET /feed HTTP/1.1" 301 0 "-" "Mozilla/5.0 (compatible; Googlebot/2.1; +http://www.google.com/bot.html)"
66.249.69.226 - - [06/Nov/2025:22:16:17 +0530] "GET /feed/ HTTP/1.1" 500 194 "-" "Mozilla/5.0 (compatible; Googlebot/2.1; +http://www.google.com/bot.html)"
43.153.74.75 - - [06/Nov/2025:22:16:26 +0530] "GET /wp-content/uploads/2023/10/Android-Phone-Me-Siri-Kaise-Chalaye-150x86.webp HTTP/1.1" 404 22979 "-" "Mozilla/5.0 (iPhone; CPU iPhone OS 13_2_3 like Mac OS X) AppleWebKit/605.1.15 (KHTML, like Gecko) Version/13.0.3 Mobile/15E148 Safari/604.1"
122.180.246.194 - - [06/Nov/2025:22:16:30 +0530] "POST /wp-cron.php?doing_wp_cron=1762447590.8084421157836914062500 HTTP/1.1" 200 0 "-" "WordPress/6.8.3; https://androidhindi.in"
122.180.246.194 - - [06/Nov/2025:22:11:28 +0530] "POST /wp-cron.php?doing_wp_cron=1762447288.8465909957885742187500 HTTP/1.1" 200 0 "-" "WordPress/6.8.3; https://androidhindi.in"
177.91.193.39 - - [06/Nov/2025:22:11:28 +0530] "POST /xmlrpc.php HTTP/1.1" 405 415 "-" "Mozilla/5.0 (Windows NT 6.3; x64) AppleWebKit/537.36 (KHTML, like Gecko) Edge/95.0.0.0 Safari/537.36"
45.165.146.23 - - [06/Nov/2025:22:12:01 +0530] "POST /xmlrpc.php HTTP/1.1" 405 415 "-" "Mozilla/5.0 (Windows NT 10.0; Win64; x64) AppleWebKit/537.36 (KHTML, like Gecko) Chrome/91.0.4472.124 Safari/537.36"
122.180.246.194 - - [06/Nov/2025:22:12:31 +0530] "POST /wp-cron.php?doing_wp_cron=1762447351.1293001174926757812500 HTTP/1.1" 200 0 "-" "WordPress/6.8.3; https://androidhindi.in"
45.165.146.23 - - [06/Nov/2025:22:13:05 +0530] "POST /xmlrpc.php HTTP/1.1" 405 415 "-" "Mozilla/5.0 (Windows NT 10.0; Win64; x64) AppleWebKit/537.36 (KHTML, like Gecko) Chrome/91.0.4472.124 Safari/537.36"
177.91.193.39 - - [06/Nov/2025:22:13:29 +0530] "POST /xmlrpc.php HTTP/1.1" 405 415 "-" "Mozilla/5.0 (Windows NT 6.3; x86) AppleWebKit/537.36 (KHTML, like Gecko) Firefox/98.0.0.0 Safari/537.36"
45.165.146.23 - - [06/Nov/2025:22:14:05 +0530] "POST /xmlrpc.php HTTP/1.1" 405 415 "-" "Mozilla/5.0 (Windows NT 10.0; Win64; x64) AppleWebKit/537.36 (KHTML, like Gecko) Chrome/91.0.4472.124 Safari/537.36"
122.180.246.194 - - [06/Nov/2025:22:14:12 +0530] "POST /wp-cron.php?doing_wp_cron=1762447452.2042880058288574218750 HTTP/1.1" 200 0 "-" "WordPress/6.8.3; https://androidhindi.in"
66.249.69.228 - - [06/Nov/2025:22:14:13 +0530] "GET /feed/ HTTP/1.1" 500 194 "-" "Mozilla/5.0 (compatible; Googlebot/2.1; +http://www.google.com/bot.html)"
177.91.193.39 - - [06/Nov/2025:22:14:29 +0530] "POST /xmlrpc.php HTTP/1.1" 405 415 "-" "Mozilla/5.0 (Macintosh; Intel Mac OS X 10_15_7; x64) AppleWebKit/537.36 (KHTML, like Gecko) Safari/12.0.0.0 Safari/537.36"
122.180.246.194 - - [06/Nov/2025:22:15:11 +0530] "POST /wp-cron.php?doing_wp_cron=1762447511.9166009426116943359375 HTTP/1.1" 200 0 "-" "WordPress/6.8.3; https://androidhindi.in"
66.249.69.228 - - [06/Nov/2025:22:15:15 +0530] "GET /feed/ HTTP/1.1" 500 194 "-" "Mozilla/5.0 (compatible; Googlebot/2.1; +http://www.google.com/bot.html)"
122.180.246.194 - - [06/Nov/2025:22:16:17 +0530] "POST /wp-cron.php?doing_wp_cron=1762447577.3412480354309082031250 HTTP/1.1" 200 0 "-" "WordPress/6.8.3; https://androidhindi.in"
177.91.193.39 - - [06/Nov/2025:22:16:30 +0530] "POST /xmlrpc.php HTTP/1.1" 405 415 "-" "Mozilla/5.0 (X11; Ubuntu; Linux x86_64; x86) AppleWebKit/537.36 (KHTML, like Gecko) Safari/14.0.0.0 Safari/537.36"
45.165.146.23 - - [06/Nov/2025:22:17:03 +0530] "POST /xmlrpc.php HTTP/1.1" 405 415 "-" "Mozilla/5.0 (Windows NT 10.0; Win64; x64) AppleWebKit/537.36 (KHTML, like Gecko) Chrome/91.0.4472.124 Safari/537.36"
122.180.246.194 - - [06/Nov/2025:22:17:30 +0530] "POST /wp-cron.php?doing_wp_cron=1762447650.7885351181030273437500 HTTP/1.1" 200 0 "-" "WordPress/6.8.3; https://androidhindi.in"
45.165.146.23 - - [06/Nov/2025:22:18:08 +0530] "POST /xmlrpc.php HTTP/1.1" 405 415 "-" "Mozilla/5.0 (Windows NT 10.0; Win64; x64) AppleWebKit/537.36 (KHTML, like Gecko) Chrome/91.0.4472.124 Safari/537.36"
122.180.246.194 - - [06/Nov/2025:22:18:26 +0530] "POST /wp-cron.php?doing_wp_cron=1762447706.9247310161590576171875 HTTP/1.1" 200 0 "-" "WordPress/6.8.3; https://androidhindi.in"
177.91.193.39 - - [06/Nov/2025:22:18:26 +0530] "POST /xmlrpc.php HTTP/1.1" 405 415 "-" "Mozilla/5.0 (Windows NT 10.0; x64) AppleWebKit/537.36 (KHTML, like Gecko) Safari/12.0.0.0 Safari/537.36"
122.180.246.194 - - [06/Nov/2025:22:19:07 +0530] "POST /wp-cron.php?doing_wp_cron=1762447747.9429759979248046875000 HTTP/1.1" 200 0 "-" "WordPress/6.8.3; https://androidhindi.in"
177.91.193.39 - - [06/Nov/2025:22:19:26 +0530] "POST /xmlrpc.php HTTP/1.1" 405 415 "-" "Mozilla/5.0 (Windows NT 10.0; x86) AppleWebKit/537.36 (KHTML, like Gecko) Safari/10.0.0.0 Safari/537.36"
122.180.246.194 - - [06/Nov/2025:22:20:04 +0530] "POST /wp-cron.php?doing_wp_cron=1762447804.0733671188354492187500 HTTP/1.1" 200 0 "-" "WordPress/6.8.3; https://androidhindi.in"
177.91.193.39 - - [06/Nov/2025:22:20:30 +0530] "POST /xmlrpc.php HTTP/1.1" 405 415 "-" "Mozilla/5.0 (X11; Ubuntu; Linux x86_64; x86) AppleWebKit/537.36 (KHTML, like Gecko) Edge/94.0.0.0 Safari/537.36"
45.165.146.23 - - [06/Nov/2025:22:21:10 +0530] "POST /xmlrpc.php HTTP/1.1" 405 415 "-" "Mozilla/5.0 (Windows NT 10.0; Win64; x64) AppleWebKit/537.36 (KHTML, like Gecko) Chrome/91.0.4472.124 Safari/537.36"
122.180.246.194 - - [06/Nov/2025:22:21:35 +0530] "POST /wp-cron.php?doing_wp_cron=1762447895.5482499599456787109375 HTTP/1.1" 200 0 "-" "WordPress/6.8.3; https://androidhindi.in"
45.165.146.23 - - [06/Nov/2025:22:23:29 +0530] "POST /xmlrpc.php HTTP/1.1" 405 415 "-" "Mozilla/5.0 (Windows NT 10.0; Win64; x64) AppleWebKit/537.36 (KHTML, like Gecko) Chrome/91.0.4472.124 Safari/537.36"
177.91.193.39 - - [06/Nov/2025:22:23:36 +0530] "POST /xmlrpc.php HTTP/1.1" 405 415 "-" "Mozilla/5.0 (Windows NT 6.3; x86) AppleWebKit/537.36 (KHTML, like Gecko) Chrome/108.0.0.0 Safari/537.36"
45.165.146.23 - - [06/Nov/2025:22:24:27 +0530] "POST /xmlrpc.php HTTP/1.1" 405 415 "-" "Mozilla/5.0 (Windows NT 10.0; Win64; x64) AppleWebKit/537.36 (KHTML, like Gecko) Chrome/91.0.4472.124 Safari/537.36"
177.91.193.39 - - [06/Nov/2025:22:24:34 +0530] "POST /xmlrpc.php HTTP/1.1" 405 415 "-" "Mozilla/5.0 (Linux; Android 10; x86) AppleWebKit/537.36 (KHTML, like Gecko) Firefox/94.0.0.0 Safari/537.36"
209.97.180.8 - - [06/Nov/2025:22:25:22 +0530] "GET / HTTP/1.1" 200 120279 "-" "-"
209.97.180.8 - - [06/Nov/2025:22:25:25 +0530] "POST /graphql HTTP/1.1" 200 0 "-" "Mozilla/5.0 (l9scan/2.0.439313e2634323e2038313e2232313; +https://leakix.net)"
122.180.246.194 - - [06/Nov/2025:22:25:28 +0530] "POST /wp-cron.php?doing_wp_cron=1762448128.8305149078369140625000 HTTP/1.1" 200 0 "-" "WordPress/6.8.3; https://androidhindi.in"
209.97.180.8 - - [06/Nov/2025:22:25:28 +0530] "POST /api HTTP/1.1" 404 19229 "-" "Mozilla/5.0 (l9scan/2.0.439313e2634323e2038313e2232313; +https://leakix.net)"
209.97.180.8 - - [06/Nov/2025:22:25:30 +0530] "POST /graphql/api HTTP/1.1" 404 19229 "-" "Mozilla/5.0 (l9scan/2.0.439313e2634323e2038313e2232313; +https://leakix.net)"
45.165.146.23 - - [06/Nov/2025:22:25:32 +0530] "POST /xmlrpc.php HTTP/1.1" 405 415 "-" "Mozilla/5.0 (Windows NT 10.0; Win64; x64) AppleWebKit/537.36 (KHTML, like Gecko) Chrome/91.0.4472.124 Safari/537.36"
209.97.180.8 - - [06/Nov/2025:22:25:33 +0530] "GET /swagger/index.html HTTP/1.1" 404 21860 "-" "Mozilla/5.0 (l9scan/2.0.439313e2634323e2038313e2232313; +https://leakix.net)"
177.91.193.39 - - [06/Nov/2025:22:17:30 +0530] "POST /xmlrpc.php HTTP/1.1" 405 415 "-" "Mozilla/5.0 (Windows NT 6.3; x86) AppleWebKit/537.36 (KHTML, like Gecko) Safari/15.0.0.0 Safari/537.36"
45.165.146.23 - - [06/Nov/2025:22:19:07 +0530] "POST /xmlrpc.php HTTP/1.1" 405 415 "-" "Mozilla/5.0 (Windows NT 10.0; Win64; x64) AppleWebKit/537.36 (KHTML, like Gecko) Chrome/91.0.4472.124 Safari/537.36"
122.180.246.194 - - [06/Nov/2025:22:19:26 +0530] "POST /wp-cron.php?doing_wp_cron=1762447766.5361549854278564453125 HTTP/1.1" 200 0 "-" "WordPress/6.8.3; https://androidhindi.in"
45.165.146.23 - - [06/Nov/2025:22:20:03 +0530] "POST /xmlrpc.php HTTP/1.1" 405 415 "-" "Mozilla/5.0 (Windows NT 10.0; Win64; x64) AppleWebKit/537.36 (KHTML, like Gecko) Chrome/91.0.4472.124 Safari/537.36"
122.180.246.194 - - [06/Nov/2025:22:20:31 +0530] "POST /wp-cron.php?doing_wp_cron=1762447831.2286040782928466796875 HTTP/1.1" 200 0 "-" "WordPress/6.8.3; https://androidhindi.in"
177.91.193.39 - - [06/Nov/2025:22:21:35 +0530] "POST /xmlrpc.php HTTP/1.1" 405 415 "-" "Mozilla/5.0 (Linux; Android 10; arm64) AppleWebKit/537.36 (KHTML, like Gecko) Firefox/71.0.0.0 Safari/537.36"
45.165.146.23 - - [06/Nov/2025:22:22:16 +0530] "POST /xmlrpc.php HTTP/1.1" 200 0 "-" "Mozilla/5.0 (Windows NT 10.0; Win64; x64) AppleWebKit/537.36 (KHTML, like Gecko) Chrome/91.0.4472.124 Safari/537.36"
177.91.193.39 - - [06/Nov/2025:22:22:37 +0530] "POST /xmlrpc.php HTTP/1.1" 405 415 "-" "Mozilla/5.0 (Windows NT 6.2; x86) AppleWebKit/537.36 (KHTML, like Gecko) Firefox/75.0.0.0 Safari/537.36"
122.180.246.194 - - [06/Nov/2025:22:23:30 +0530] "POST /wp-cron.php?doing_wp_cron=1762448010.2356569766998291015625 HTTP/1.1" 200 0 "-" "WordPress/6.8.3; https://androidhindi.in"
122.180.246.194 - - [06/Nov/2025:22:24:28 +0530] "POST /wp-cron.php?doing_wp_cron=1762448067.9962770938873291015625 HTTP/1.1" 200 0 "-" "WordPress/6.8.3; https://androidhindi.in"
107.178.192.109 - - [06/Nov/2025:22:24:45 +0530] "GET /how-to-choose-the-best-betting-site-in-bangladesh/ HTTP/1.1" 404 19369 "-" "Mozilla/5.0 (compatible; Google-Apps-Script; beanserver; +https://script.google.com; id: UAEmdDd-ksAj05ImaJpjF2ii_SjuE-kUuuA)"
209.97.180.8 - - [06/Nov/2025:22:25:24 +0530] "GET / HTTP/1.1" 200 120279 "-" "Mozilla/5.0 (Linux; Android 6.0; HTC One M9 Build/MRA683436) AppleWebKit/537.36 (KHTML, like Gecko) Chrome/52.0.2058.98 Mobile Safari/537.3"
209.97.180.8 - - [06/Nov/2025:22:25:29 +0530] "POST /api/graphql HTTP/1.1" 404 19229 "-" "Mozilla/5.0 (l9scan/2.0.439313e2634323e2038313e2232313; +https://leakix.net)"
122.180.246.194 - - [06/Nov/2025:22:25:30 +0530] "POST /wp-cron.php?doing_wp_cron=1762448130.6421859264373779296875 HTTP/1.1" 200 0 "-" "WordPress/6.8.3; https://androidhindi.in"
209.97.180.8 - - [06/Nov/2025:22:25:30 +0530] "POST /api/gql HTTP/1.1" 404 19229 "-" "Mozilla/5.0 (l9scan/2.0.439313e2634323e2038313e2232313; +https://leakix.net)"
209.97.180.8 - - [06/Nov/2025:22:25:31 +0530] "GET /swagger-ui.html HTTP/1.1" 404 21860 "-" "Mozilla/5.0 (l9scan/2.0.439313e2634323e2038313e2232313; +https://leakix.net)"
209.97.180.8 - - [06/Nov/2025:22:25:34 +0530] "GET /swagger/swagger-ui.html HTTP/1.1" 404 21860 "-" "Mozilla/5.0 (l9scan/2.0.439313e2634323e2038313e2232313; +https://leakix.net)"
177.91.193.39 - - [06/Nov/2025:22:25:34 +0530] "POST /xmlrpc.php HTTP/1.1" 405 415 "-" "Mozilla/5.0 (Linux; Android 10; x64) AppleWebKit/537.36 (KHTML, like Gecko) Firefox/77.0.0.0 Safari/537.36"
209.97.180.8 - - [06/Nov/2025:22:25:35 +0530] "GET /webjars/swagger-ui/index.html HTTP/1.1" 404 22978 "-" "Mozilla/5.0 (l9scan/2.0.439313e2634323e2038313e2232313; +https://leakix.net)"
209.97.180.8 - - [06/Nov/2025:22:25:36 +0530] "GET /swagger.json HTTP/1.1" 404 21860 "-" "Mozilla/5.0 (l9scan/2.0.439313e2634323e2038313e2232313; +https://leakix.net)"
209.97.180.8 - - [06/Nov/2025:22:25:39 +0530] "GET /v3/api-docs HTTP/1.1" 404 21860 "-" "Mozilla/5.0 (l9scan/2.0.439313e2634323e2038313e2232313; +https://leakix.net)"
209.97.180.8 - - [06/Nov/2025:22:25:45 +0530] "GET /about HTTP/1.1" 301 0 "-" "Go-http-client/1.1"
209.97.180.8 - - [06/Nov/2025:22:25:37 +0530] "GET /swagger/v1/swagger.json HTTP/1.1" 404 22978 "-" "Mozilla/5.0 (l9scan/2.0.439313e2634323e2038313e2232313; +https://leakix.net)"
209.97.180.8 - - [06/Nov/2025:22:25:38 +0530] "GET /v2/api-docs HTTP/1.1" 404 21860 "-" "Mozilla/5.0 (l9scan/2.0.439313e2634323e2038313e2232313; +https://leakix.net)"
209.97.180.8 - - [06/Nov/2025:22:25:41 +0530] "GET /api-docs/swagger.json HTTP/1.1" 404 21860 "-" "Mozilla/5.0 (l9scan/2.0.439313e2634323e2038313e2232313; +https://leakix.net)"
209.97.180.8 - - [06/Nov/2025:22:25:41 +0530] "GET /@vite/env HTTP/1.1" 404 21860 "-" "Go-http-client/1.1"
209.97.180.8 - - [06/Nov/2025:22:25:42 +0530] "GET /actuator/env HTTP/1.1" 404 21860 "-" "Go-http-client/1.1"
209.97.180.8 - - [06/Nov/2025:22:25:43 +0530] "GET /server HTTP/1.1" 404 21860 "-" "Go-http-client/1.1"
209.97.180.8 - - [06/Nov/2025:22:25:44 +0530] "GET /.vscode/sftp.json HTTP/1.1" 404 21860 "-" "Go-http-client/1.1"
209.97.180.8 - - [06/Nov/2025:22:25:48 +0530] "GET /v2/_catalog HTTP/1.1" 404 21860 "-" "Go-http-client/1.1"
209.97.180.8 - - [06/Nov/2025:22:25:49 +0530] "GET /ecp/Current/exporttool/microsoft.exchange.ediscovery.exporttool.application HTTP/1.1" 404 22978 "-" "Go-http-client/1.1"
209.97.180.8 - - [06/Nov/2025:22:25:53 +0530] "GET /.DS_Store HTTP/1.1" 404 21860 "-" "Go-http-client/1.1"
209.97.180.8 - - [06/Nov/2025:22:25:54 +0530] "GET /.env HTTP/1.1" 403 787 "-" "Go-http-client/1.1"
209.97.180.8 - - [06/Nov/2025:22:25:55 +0530] "GET /.git/config HTTP/1.1" 403 787 "-" "Go-http-client/1.1"
209.97.180.8 - - [06/Nov/2025:22:25:58 +0530] "GET /telescope/requests HTTP/1.1" 404 21860 "-" "Go-http-client/1.1"
209.97.180.8 - - [06/Nov/2025:22:25:59 +0530] "GET /info.php HTTP/1.1" 404 19229 "-" "Go-http-client/1.1"
209.97.180.8 - - [06/Nov/2025:22:26:00 +0530] "GET /?rest_route=/wp/v2/users/ HTTP/1.1" 401 112 "-" "Go-http-client/1.1"
122.180.246.194 - - [06/Nov/2025:22:26:11 +0530] "POST /wp-cron.php?doing_wp_cron=1762448171.3322069644927978515625 HTTP/1.1" 200 0 "-" "WordPress/6.8.3; https://androidhindi.in"
208.110.64.178 - - [06/Nov/2025:22:26:12 +0530] "GET /wp-includes/js9262c2/edit.php HTTP/1.1" 404 18324 "http://www.androidhindi.in/wp-includes/js9262c2/edit.php" "Mozilla/5.0 (Windows NT 10.0; Win64; x64) AppleWebKit/537.36 (KHTML, like Gecko) Chrome/58.0.3029.110 Safari/537.3"
209.97.180.8 - - [06/Nov/2025:22:25:46 +0530] "GET /debug/default/view?panel=config HTTP/1.1" 404 20379 "-" "Go-http-client/1.1"
209.97.180.8 - - [06/Nov/2025:22:25:50 +0530] "GET /server-status HTTP/1.1" 404 21860 "-" "Go-http-client/1.1"
209.97.180.8 - - [06/Nov/2025:22:25:51 +0530] "GET /login.action HTTP/1.1" 404 21860 "-" "Go-http-client/1.1"
209.97.180.8 - - [06/Nov/2025:22:25:52 +0530] "GET /_all_dbs HTTP/1.1" 404 21860 "-" "Mozilla/5.0 (l9scan/2.0.439313e2634323e2038313e2232313; +https://leakix.net)"
209.97.180.8 - - [06/Nov/2025:22:25:56 +0530] "GET /s/439313e2634323e2038313e2232313/_/;/META-INF/maven/com.atlassian.jira/jira-webapp-dist/pom.properties HTTP/1.1" 404 22978 "-" "Go-http-client/1.1"
209.97.180.8 - - [06/Nov/2025:22:25:58 +0530] "GET /config.json HTTP/1.1" 404 21860 "-" "Go-http-client/1.1"
208.110.64.178 - - [06/Nov/2025:22:26:10 +0530] "GET /wp-includes/js9262c2/edit.php HTTP/1.1" 301 0 "http://www.androidhindi.in/wp-includes/js9262c2/edit.php" "Mozilla/5.0 (Windows NT 10.0; Win64; x64) AppleWebKit/537.36 (KHTML, like Gecko) Chrome/58.0.3029.110 Safari/537.3"
101.47.52.200 - - [06/Nov/2025:22:26:11 +0530] "GET /category/how-to/page/5/ HTTP/1.1" 404 19369 "-" "Mozilla/5.0 (Macintosh; Intel Mac OS X 10_15_7) AppleWebKit/605.1.15 (KHTML, like Gecko) Version/18.4 Safari/605.1.15"
185.65.134.232 - - [06/Nov/2025:22:29:08 +0530] "GET /mobile-me-internet-speed-kaise-badhaye/ HTTP/1.0" 200 170091 "https://androidhindi.in/mobile-me-internet-speed-kaise-badhaye/" "Mozilla/5.0 (Windows NT 6.1) AppleWebKit/537.36 (KHTML, like Gecko) Chrome/103.0.0.0 Safari/537.36"
185.65.134.232 - - [06/Nov/2025:22:29:11 +0530] "POST /wp-comments-post.php HTTP/1.0" 403 787 "https://androidhindi.in/mobile-me-internet-speed-kaise-badhaye/" "Mozilla/5.0 (Windows NT 6.1) AppleWebKit/537.36 (KHTML, like Gecko) Chrome/103.0.0.0 Safari/537.36"
66.249.69.227 - - [06/Nov/2025:22:33:50 +0530] "GET /feed HTTP/1.1" 301 0 "-" "Mozilla/5.0 (compatible; Googlebot/2.1; +http://www.google.com/bot.html)"
122.180.246.194 - - [06/Nov/2025:22:34:56 +0530] "POST /wp-cron.php?doing_wp_cron=1762448696.5346770286560058593750 HTTP/1.1" 200 0 "-" "WordPress/6.8.3; https://androidhindi.in"
66.249.69.228 - - [06/Nov/2025:22:34:56 +0530] "GET /feed HTTP/1.1" 301 0 "-" "Mozilla/5.0 (compatible; Googlebot/2.1; +http://www.google.com/bot.html)"
66.249.69.228 - - [06/Nov/2025:22:34:58 +0530] "GET /feed/ HTTP/1.1" 500 194 "-" "Mozilla/5.0 (compatible; Googlebot/2.1; +http://www.google.com/bot.html)"
122.180.246.194 - - [06/Nov/2025:22:35:59 +0530] "POST /wp-cron.php?doing_wp_cron=1762448759.6215949058532714843750 HTTP/1.1" 200 0 "-" "WordPress/6.8.3; https://androidhindi.in"
204.12.252.98 - - [06/Nov/2025:22:37:03 +0530] "GET /wp-includes/js9262c2/edit.php HTTP/1.1" 301 0 "http://www.androidhindi.in/wp-includes/js9262c2/edit.php" "Mozilla/5.0 (Windows NT 10.0; Win64; x64) AppleWebKit/537.36 (KHTML, like Gecko) Chrome/58.0.3029.110 Safari/537.3"
204.12.252.98 - - [06/Nov/2025:22:37:05 +0530] "GET /wp-includes/js9262c2/edit.php HTTP/1.1" 404 18305 "http://www.androidhindi.in/wp-includes/js9262c2/edit.php" "Mozilla/5.0 (Windows NT 10.0; Win64; x64) AppleWebKit/537.36 (KHTML, like Gecko) Chrome/58.0.3029.110 Safari/537.3"
122.180.246.194 - - [06/Nov/2025:22:37:06 +0530] "POST /wp-cron.php?doing_wp_cron=1762448826.3893001079559326171875 HTTP/1.1" 200 0 "-" "WordPress/6.8.3; https://androidhindi.in"
122.180.246.194 - - [06/Nov/2025:22:37:18 +0530] "POST /wp-cron.php?doing_wp_cron=1762448838.6607470512390136718750 HTTP/1.1" 200 0 "-" "WordPress/6.8.3; https://androidhindi.in"
122.180.246.194 - - [06/Nov/2025:22:33:50 +0530] "POST /wp-cron.php?doing_wp_cron=1762448630.5411009788513183593750 HTTP/1.1" 200 0 "-" "WordPress/6.8.3; https://androidhindi.in"
66.249.69.226 - - [06/Nov/2025:22:33:51 +0530] "GET /feed/ HTTP/1.1" 500 194 "-" "Mozilla/5.0 (compatible; Googlebot/2.1; +http://www.google.com/bot.html)"
66.249.69.227 - - [06/Nov/2025:22:35:59 +0530] "GET /feed HTTP/1.1" 301 0 "-" "Mozilla/5.0 (compatible; Googlebot/2.1; +http://www.google.com/bot.html)"
66.249.69.226 - - [06/Nov/2025:22:36:00 +0530] "GET /feed/ HTTP/1.1" 500 194 "-" "Mozilla/5.0 (compatible; Googlebot/2.1; +http://www.google.com/bot.html)"
122.180.246.194 - - [06/Nov/2025:22:37:02 +0530] "POST /wp-cron.php?doing_wp_cron=1762448822.1719579696655273437500 HTTP/1.1" 200 0 "-" "WordPress/6.8.3; https://androidhindi.in"
66.249.69.227 - - [06/Nov/2025:22:37:01 +0530] "GET /feed HTTP/1.1" 301 0 "-" "Mozilla/5.0 (compatible; Googlebot/2.1; +http://www.google.com/bot.html)"
66.249.69.227 - - [06/Nov/2025:22:37:02 +0530] "GET /feed/ HTTP/1.1" 500 194 "-" "Mozilla/5.0 (compatible; Googlebot/2.1; +http://www.google.com/bot.html)"
204.12.252.98 - - [06/Nov/2025:22:37:01 +0530] "GET /wp-includes/js9262c2/edit.php HTTP/1.1" 301 0 "http://www.androidhindi.in/wp-includes/js9262c2/edit.php" "Mozilla/5.0 (Windows NT 10.0; Win64; x64) AppleWebKit/537.36 (KHTML, like Gecko) Chrome/58.0.3029.110 Safari/537.3"
85.208.96.200 - - [06/Nov/2025:22:37:18 +0530] "GET /robots.txt HTTP/1.1" 200 166 "-" "Mozilla/5.0 (compatible; SemrushBot/7~bl; +http://www.semrush.com/bot.html)"
85.208.96.206 - - [06/Nov/2025:22:37:20 +0530] "GET /google-pay-hinglish-me-kaise-kare/ HTTP/1.1" 200 33082 "-" "Mozilla/5.0 (compatible; SemrushBot/7~bl; +http://www.semrush.com/bot.html)"
122.180.246.194 - - [06/Nov/2025:22:41:54 +0530] "POST /wp-cron.php?doing_wp_cron=1762449114.8160910606384277343750 HTTP/1.1" 200 0 "-" "WordPress/6.8.3; https://androidhindi.in"
122.180.246.194 - - [06/Nov/2025:22:44:11 +0530] "POST /wp-cron.php?doing_wp_cron=1762449251.6295440196990966796875 HTTP/1.1" 200 0 "-" "WordPress/6.8.3; https://androidhindi.in"
122.180.246.194 - - [06/Nov/2025:22:46:13 +0530] "POST /wp-cron.php?doing_wp_cron=1762449373.7682530879974365234375 HTTP/1.1" 200 0 "-" "WordPress/6.8.3; https://androidhindi.in"
114.119.159.145 - - [06/Nov/2025:22:46:12 +0530] "GET /wp-content/uploads/2023/12/Washington-Pattern-Cent-1783-scaled.jpg HTTP/1.1" 404 22979 "https://androidhindi.in/web-stories/top-10-valuable-colonial-era-coins-and-patterns" "Mozilla/5.0 (Linux; Android 7.0;) AppleWebKit/537.36 (KHTML, like Gecko) Mobile Safari/537.36 (compatible; PetalBot;+https://webmaster.petalsearch.com/site/petalbot)"
114.119.159.145 - - [06/Nov/2025:22:48:13 +0530] "GET /wp-content/uploads/2023/12/Lincoln-Wheat-Penny-1909.jpg HTTP/1.1" 404 22979 "https://androidhindi.in/web-stories/top-10-oldest-us-coins-in-circulation" "Mozilla/5.0 (Linux; Android 7.0;) AppleWebKit/537.36 (KHTML, like Gecko) Mobile Safari/537.36 (compatible; PetalBot;+https://webmaster.petalsearch.com/site/petalbot)"
114.119.143.225 - - [06/Nov/2025:22:41:53 +0530] "GET /wp-content/uploads/2023/12/Mercury-Dime-1916.jpg HTTP/1.1" 404 22979 "https://androidhindi.in/web-stories/top-10-oldest-us-coins-in-circulation" "Mozilla/5.0 (Linux; Android 7.0;) AppleWebKit/537.36 (KHTML, like Gecko) Mobile Safari/537.36 (compatible; PetalBot;+https://webmaster.petalsearch.com/site/petalbot)"
114.119.157.25 - - [06/Nov/2025:22:44:10 +0530] "GET /wp-content/uploads/2023/12/cropped-Top-10-Storied-Early-US-Rarities.jpg HTTP/1.1" 404 22979 "https://androidhindi.in/web-stories/top-10-storied-early-us-rarities" "Mozilla/5.0 (Linux; Android 7.0;) AppleWebKit/537.36 (KHTML, like Gecko) Mobile Safari/537.36 (compatible; PetalBot;+https://webmaster.petalsearch.com/site/petalbot)"
122.180.246.194 - - [06/Nov/2025:22:48:13 +0530] "POST /wp-cron.php?doing_wp_cron=1762449493.6759660243988037109375 HTTP/1.1" 200 0 "-" "WordPress/6.8.3; https://androidhindi.in"
122.180.246.194 - - [06/Nov/2025:22:51:07 +0530] "POST /wp-cron.php?doing_wp_cron=1762449667.4156579971313476562500 HTTP/1.1" 200 0 "-" "WordPress/6.8.3; https://androidhindi.in"
66.249.69.227 - - [06/Nov/2025:22:51:07 +0530] "GET /feed HTTP/1.1" 301 0 "-" "Mozilla/5.0 (compatible; Googlebot/2.1; +http://www.google.com/bot.html)"
122.180.246.194 - - [06/Nov/2025:22:51:16 +0530] "POST /wp-cron.php?doing_wp_cron=1762449676.8659350872039794921875 HTTP/1.1" 200 0 "-" "WordPress/6.8.3; https://androidhindi.in"
66.249.69.228 - - [06/Nov/2025:22:51:16 +0530] "GET /feed/ HTTP/1.1" 500 194 "-" "Mozilla/5.0 (compatible; Googlebot/2.1; +http://www.google.com/bot.html)"
122.180.246.194 - - [06/Nov/2025:22:52:18 +0530] "POST /wp-cron.php?doing_wp_cron=1762449738.0802290439605712890625 HTTP/1.1" 200 0 "-" "WordPress/6.8.3; https://androidhindi.in"
66.249.69.226 - - [06/Nov/2025:22:52:17 +0530] "GET /feed HTTP/1.1" 301 0 "-" "Mozilla/5.0 (compatible; Googlebot/2.1; +http://www.google.com/bot.html)"
