208.110.64.178 - - [07/Nov/2025:02:17:03 +0530] "GET /wp-includes/js9262c2/edit.php HTTP/1.1" 404 18305 "http://www.androidhindi.in/wp-includes/js9262c2/edit.php" "Mozilla/5.0 (Windows NT 10.0; Win64; x64) AppleWebKit/537.36 (KHTML, like Gecko) Chrome/58.0.3029.110 Safari/537.3"
66.249.69.228 - - [07/Nov/2025:02:17:43 +0530] "GET /feed HTTP/1.1" 301 0 "-" "Mozilla/5.0 (compatible; Googlebot/2.1; +http://www.google.com/bot.html)"
66.249.69.228 - - [07/Nov/2025:02:17:44 +0530] "GET /feed/ HTTP/1.1" 500 194 "-" "Mozilla/5.0 (compatible; Googlebot/2.1; +http://www.google.com/bot.html)"
122.180.246.194 - - [07/Nov/2025:02:18:46 +0530] "POST /wp-cron.php?doing_wp_cron=1762462126.9532079696655273437500 HTTP/1.1" 200 0 "-" "WordPress/6.8.3; https://androidhindi.in"
52.221.86.223 - - [07/Nov/2025:02:24:15 +0530] "GET /wp-content/uploads/2022/09/Neha-Sharma-Bio-Net-Worth-2022-2.jpg HTTP/1.1" 404 22978 "-" "Mozilla/5.0 (compatible; crawler)"
1.169.70.207 - - [07/Nov/2025:02:28:42 +0530] "GET /contact-us/ HTTP/1.0" 200 121635 "https://androidhindi.in/contact-us/" "Mozilla/5.0 (Windows NT 6.3; WOW64) AppleWebKit/537.36 (KHTML, like Gecko) Chrome/103.0.0.0 Safari/537.36"
122.180.246.194 - - [07/Nov/2025:02:29:43 +0530] "POST /wp-cron.php?doing_wp_cron=1762462782.9543850421905517578125 HTTP/1.1" 200 0 "-" "WordPress/6.8.3; https://androidhindi.in"
122.180.246.194 - - [07/Nov/2025:02:33:00 +0530] "POST /wp-cron.php?doing_wp_cron=1762462980.9742140769958496093750 HTTP/1.1" 200 0 "-" "WordPress/6.8.3; https://androidhindi.in"
204.12.252.98 - - [07/Nov/2025:02:33:00 +0530] "GET /wp-includes/js9262c2/edit.php HTTP/1.1" 301 0 "http://www.androidhindi.in/wp-includes/js9262c2/edit.php" "Mozilla/5.0 (Windows NT 10.0; Win64; x64) AppleWebKit/537.36 (KHTML, like Gecko) Chrome/58.0.3029.110 Safari/537.3"
1.169.70.207 - - [07/Nov/2025:02:28:46 +0530] "POST /contact-us/ HTTP/1.0" 403 787 "https://androidhindi.in/contact-us/" "Mozilla/5.0 (Windows NT 6.3; WOW64) AppleWebKit/537.36 (KHTML, like Gecko) Chrome/103.0.0.0 Safari/537.36"
35.187.132.76 - - [07/Nov/2025:02:29:06 +0530] "GET /reviewing-the-marvelbet-betting-platform/ HTTP/1.1" 404 19369 "-" "Mozilla/5.0 (compatible; Google-Apps-Script; beanserver; +https://script.google.com; id: UAEmdDd-ksAj05ImaJpjF2ii_SjuE-kUuuA)"
185.191.171.7 - - [07/Nov/2025:02:31:56 +0530] "GET /android-phone-update-kaise-karen/ HTTP/1.1" 200 36674 "-" "Mozilla/5.0 (compatible; SemrushBot/7~bl; +http://www.semrush.com/bot.html)"
204.12.252.98 - - [07/Nov/2025:02:33:01 +0530] "GET /wp-includes/js9262c2/edit.php HTTP/1.1" 404 18244 "http://www.androidhindi.in/wp-includes/js9262c2/edit.php" "Mozilla/5.0 (Windows NT 10.0; Win64; x64) AppleWebKit/537.36 (KHTML, like Gecko) Chrome/58.0.3029.110 Safari/537.3"
122.180.246.194 - - [07/Nov/2025:02:38:27 +0530] "POST /wp-cron.php?doing_wp_cron=1762463307.1772480010986328125000 HTTP/1.1" 200 0 "-" "WordPress/6.8.3; https://androidhindi.in"
122.180.246.194 - - [07/Nov/2025:02:39:30 +0530] "POST /wp-cron.php?doing_wp_cron=1762463370.3125491142272949218750 HTTP/1.1" 200 0 "-" "WordPress/6.8.3; https://androidhindi.in"
66.249.69.227 - - [07/Nov/2025:02:39:30 +0530] "GET /feed HTTP/1.1" 301 0 "-" "Mozilla/5.0 (compatible; Googlebot/2.1; +http://www.google.com/bot.html)"
66.249.69.227 - - [07/Nov/2025:02:39:30 +0530] "GET /feed/ HTTP/1.1" 500 194 "-" "Mozilla/5.0 (compatible; Googlebot/2.1; +http://www.google.com/bot.html)"
66.249.69.228 - - [07/Nov/2025:02:40:33 +0530] "GET /feed HTTP/1.1" 301 0 "-" "Mozilla/5.0 (compatible; Googlebot/2.1; +http://www.google.com/bot.html)"
208.110.64.178 - - [07/Nov/2025:02:40:34 +0530] "GET /wp-includes/js9262c2/edit.php HTTP/1.1" 301 0 "http://www.androidhindi.in/wp-includes/js9262c2/edit.php" "Mozilla/5.0 (Windows NT 10.0; Win64; x64) AppleWebKit/537.36 (KHTML, like Gecko) Chrome/58.0.3029.110 Safari/537.3"
66.249.69.227 - - [07/Nov/2025:02:41:41 +0530] "GET /feed HTTP/1.1" 301 0 "-" "Mozilla/5.0 (compatible; Googlebot/2.1; +http://www.google.com/bot.html)"
66.249.69.227 - - [07/Nov/2025:02:41:42 +0530] "GET /feed/ HTTP/1.1" 500 194 "-" "Mozilla/5.0 (compatible; Googlebot/2.1; +http://www.google.com/bot.html)"
85.208.96.199 - - [07/Nov/2025:02:43:04 +0530] "GET /google-pixel-5a/ HTTP/1.1" 200 34539 "-" "Mozilla/5.0 (compatible; SemrushBot/7~bl; +http://www.semrush.com/bot.html)"
66.249.69.227 - - [07/Nov/2025:02:38:26 +0530] "GET /feed HTTP/1.1" 301 0 "-" "Mozilla/5.0 (compatible; Googlebot/2.1; +http://www.google.com/bot.html)"
66.249.69.227 - - [07/Nov/2025:02:38:27 +0530] "GET /feed/ HTTP/1.1" 500 194 "-" "Mozilla/5.0 (compatible; Googlebot/2.1; +http://www.google.com/bot.html)"
122.180.246.194 - - [07/Nov/2025:02:40:33 +0530] "POST /wp-cron.php?doing_wp_cron=1762463433.6967420578002929687500 HTTP/1.1" 200 0 "-" "WordPress/6.8.3; https://androidhindi.in"
208.110.64.178 - - [07/Nov/2025:02:40:35 +0530] "GET /wp-includes/js9262c2/edit.php HTTP/1.1" 404 18305 "http://www.androidhindi.in/wp-includes/js9262c2/edit.php" "Mozilla/5.0 (Windows NT 10.0; Win64; x64) AppleWebKit/537.36 (KHTML, like Gecko) Chrome/58.0.3029.110 Safari/537.3"
66.249.69.227 - - [07/Nov/2025:02:40:40 +0530] "GET /feed/ HTTP/1.1" 500 194 "-" "Mozilla/5.0 (compatible; Googlebot/2.1; +http://www.google.com/bot.html)"
54.151.185.30 - - [07/Nov/2025:02:41:06 +0530] "GET /wp-content/uploads/2022/12/%C3%A0%C2%A4%C2%B8%C3%A0%C2%A4%C2%BF%C3%A0%C2%A4%C2%AE-%C3%A0%C2%A4%C2%AA%C3%A0%C2%A5%C2%8B%C3%A0%C2%A4%C2%B0%C3%A0%C2%A5%C2%8D%C3%A0%C2%A4%C2%9F-%C3%A0%C2%A4%C2%95%C3%A0%C2%A5%C2%88%C3%A0%C2%A4%C2%82%C3%A0%C2%A4%C2%B8%C3%A0%C2%A4%C2%BF%C3%A0%C2%A4%C2%B2-%C3%A0%C2%A4%C2%95%C3%A0%C2%A5%C2%88%C3%A0%C2%A4%C2%B8%C3%A0%C2%A5%C2%87-%C3%A0%C2%A4%C2%95%C3%A0%C2%A4%C2%B0%C3%A0%C2%A5%C2%87%C3%A0%C2%A4%C2%82-3.webp HTTP/1.1" 404 22978 "-" "Mozilla/5.0 (compatible; crawler)"
122.180.246.194 - - [07/Nov/2025:02:41:41 +0530] "POST /wp-cron.php?doing_wp_cron=1762463501.8270339965820312500000 HTTP/1.1" 200 0 "-" "WordPress/6.8.3; https://androidhindi.in"
66.249.87.99 - - [07/Nov/2025:02:48:25 +0530] "GET /wp-content/cache/min/1/wp-content/plugins/contact-form-7/includes/css/styles.css?ver=1761863903 HTTP/1.1" 200 780 "https://androidhindi.in/google-play-store-download-kaise-kare-play-store-update-kaise-kare/" "AdsBot-Google (+http://www.google.com/adsbot.html)"
66.249.87.98 - - [07/Nov/2025:02:48:27 +0530] "GET /wp-content/themes/generatepress/assets/css/main.min.css?ver=3.6.0 HTTP/1.1" 200 4410 "https://androidhindi.in/google-play-store-download-kaise-kare-play-store-update-kaise-kare/" "AdsBot-Google (+http://www.google.com/adsbot.html)"
66.249.87.98 - - [07/Nov/2025:02:48:28 +0530] "GET /wp-includes/css/dist/block-library/style.min.css?ver=6.8.3 HTTP/1.1" 200 14360 "https://androidhindi.in/google-play-store-download-kaise-kare-play-store-update-kaise-kare/" "AdsBot-Google (+http://www.google.com/adsbot.html)"
66.249.87.98 - - [07/Nov/2025:02:48:29 +0530] "GET /wp-content/themes/generatepress/assets/css/components/comments.min.css?ver=3.6.0 HTTP/1.1" 200 488 "https://androidhindi.in/google-play-store-download-kaise-kare-play-store-update-kaise-kare/" "AdsBot-Google (+http://www.google.com/adsbot.html)"
66.249.87.98 - - [07/Nov/2025:02:48:31 +0530] "GET /wp-content/plugins/easy-table-of-contents/assets/css/screen.min.css?ver=2.0.76 HTTP/1.1" 200 1431 "https://androidhindi.in/google-play-store-download-kaise-kare-play-store-update-kaise-kare/" "AdsBot-Google (+http://www.google.com/adsbot.html)"
66.249.87.98 - - [07/Nov/2025:02:48:32 +0530] "GET /wp-content/cache/background-css/androidhindi.in/wp-content/plugins/kk-star-ratings/src/core/public/css/kk-star-ratings.min.css?ver=5.4.10.2&wpr_t=1761928454 HTTP/1.1" 200 580 "https://androidhindi.in/google-play-store-download-kaise-kare-play-store-update-kaise-kare/" "AdsBot-Google (+http://www.google.com/adsbot.html)"
66.249.87.98 - - [07/Nov/2025:02:48:33 +0530] "GET /wp-content/plugins/gp-premium/menu-plus/functions/css/navigation-branding-flex.min.css?ver=2.3.2 HTTP/1.1" 200 542 "https://androidhindi.in/google-play-store-download-kaise-kare-play-store-update-kaise-kare/" "AdsBot-Google (+http://www.google.com/adsbot.html)"
66.249.87.98 - - [07/Nov/2025:02:48:34 +0530] "GET /wp-content/cache/min/1/wp-content/plugins/notix-web-push-notifications/public/css/notix-public.css?ver=1761863903 HTTP/1.1" 200 313 "https://androidhindi.in/google-play-store-download-kaise-kare-play-store-update-kaise-kare/" "AdsBot-Google (+http://www.google.com/adsbot.html)"
66.249.87.98 - - [07/Nov/2025:02:48:34 +0530] "GET /wp-includes/js/jquery/jquery.min.js?ver=3.7.1 HTTP/1.1" 200 29744 "https://androidhindi.in/google-play-store-download-kaise-kare-play-store-update-kaise-kare/" "AdsBot-Google (+http://www.google.com/adsbot.html)"
66.249.87.98 - - [07/Nov/2025:02:48:36 +0530] "GET /wp-content/plugins/easy-table-of-contents/vendor/sticky-kit/jquery.sticky-kit.min.js?ver=1.9.2 HTTP/1.1" 200 1180 "https://androidhindi.in/google-play-store-download-kaise-kare-play-store-update-kaise-kare/" "AdsBot-Google (+http://www.google.com/adsbot.html)"
66.249.87.98 - - [07/Nov/2025:02:48:37 +0530] "GET /wp-includes/js/jquery/jquery-migrate.min.js?ver=3.4.1 HTTP/1.1" 200 4678 "https://androidhindi.in/google-play-store-download-kaise-kare-play-store-update-kaise-kare/" "AdsBot-Google (+http://www.google.com/adsbot.html)"
66.249.87.98 - - [07/Nov/2025:02:48:38 +0530] "GET /wp-content/plugins/wp-rocket/assets/js/lazyload/17.8.3/lazyload.min.js HTTP/1.1" 200 2902 "https://androidhindi.in/google-play-store-download-kaise-kare-play-store-update-kaise-kare/" "AdsBot-Google (+http://www.google.com/adsbot.html)"
122.180.246.194 - - [07/Nov/2025:02:50:05 +0530] "POST /wp-cron.php?doing_wp_cron=1762464004.9827980995178222656250 HTTP/1.1" 200 0 "-" "WordPress/6.8.3; https://androidhindi.in"
66.249.87.99 - - [07/Nov/2025:02:48:03 +0530] "GET /google-play-store-download-kaise-kare-play-store-update-kaise-kare/ HTTP/1.1" 200 39244 "-" "Mozilla/5.0 (Linux; Android 6.0.1; Nexus 5X Build/MMB29P) AppleWebKit/537.36 (KHTML, like Gecko) Chrome/141.0.7390.122 Mobile Safari/537.36 (compatible; AdsBot-Google-Mobile; +http://www.google.com/mobile/adsbot.html)"
114.119.143.225 - - [07/Nov/2025:02:50:03 +0530] "GET /wp-content/uploads/2023/12/Dai-DAI-2017.png HTTP/1.1" 404 22979 "https://androidhindi.in/web-stories/top-10-crypto-trying-to-compete-with-the-us-dollar" "Mozilla/5.0 (Linux; Android 7.0;) AppleWebKit/537.36 (KHTML, like Gecko) Mobile Safari/537.36 (compatible; PetalBot;+https://webmaster.petalsearch.com/site/petalbot)"
122.180.246.194 - - [07/Nov/2025:02:51:56 +0530] "POST /wp-cron.php?doing_wp_cron=1762464116.2556569576263427734375 HTTP/1.1" 200 0 "-" "WordPress/6.8.3; https://androidhindi.in"
122.180.246.194 - - [07/Nov/2025:02:52:26 +0530] "POST /wp-cron.php?doing_wp_cron=1762464146.6564590930938720703125 HTTP/1.1" 200 0 "-" "WordPress/6.8.3; https://androidhindi.in"
208.110.64.178 - - [07/Nov/2025:02:52:25 +0530] "GET /wp-includes/js9262c2/edit.php HTTP/1.1" 301 0 "http://www.androidhindi.in/wp-includes/js9262c2/edit.php" "Mozilla/5.0 (Windows NT 10.0; Win64; x64) AppleWebKit/537.36 (KHTML, like Gecko) Chrome/58.0.3029.110 Safari/537.3"
122.180.246.194 - - [07/Nov/2025:02:58:57 +0530] "POST /wp-cron.php?doing_wp_cron=1762464537.7135610580444335937500 HTTP/1.1" 200 0 "-" "WordPress/6.8.3; https://androidhindi.in"
66.249.69.228 - - [07/Nov/2025:02:58:57 +0530] "GET /feed HTTP/1.1" 301 0 "-" "Mozilla/5.0 (compatible; Googlebot/2.1; +http://www.google.com/bot.html)"
66.249.69.227 - - [07/Nov/2025:03:00:02 +0530] "GET /feed/ HTTP/1.1" 500 194 "-" "Mozilla/5.0 (compatible; Googlebot/2.1; +http://www.google.com/bot.html)"
114.119.159.216 - - [07/Nov/2025:02:51:55 +0530] "GET /wp-content/uploads/2023/12/Col.-E.H.R.-Green-Early-20th-Century-Collector-scaled.jpeg HTTP/1.1" 404 22979 "https://androidhindi.in/web-stories/top-10-legendary-us-coin-collectors-through-history" "Mozilla/5.0 (Linux; Android 7.0;) AppleWebKit/537.36 (KHTML, like Gecko) Mobile Safari/537.36 (compatible; PetalBot;+https://webmaster.petalsearch.com/site/petalbot)"
208.110.64.178 - - [07/Nov/2025:02:52:27 +0530] "GET /wp-includes/js9262c2/edit.php HTTP/1.1" 404 18305 "http://www.androidhindi.in/wp-includes/js9262c2/edit.php" "Mozilla/5.0 (Windows NT 10.0; Win64; x64) AppleWebKit/537.36 (KHTML, like Gecko) Chrome/58.0.3029.110 Safari/537.3"
122.180.246.194 - - [07/Nov/2025:02:53:53 +0530] "POST /wp-cron.php?doing_wp_cron=1762464233.2309570312500000000000 HTTP/1.1" 200 0 "-" "WordPress/6.8.3; https://androidhindi.in"
114.119.144.38 - - [07/Nov/2025:02:53:52 +0530] "GET /wp-content/uploads/2023/12/10000-Red-Seal-Note-1928.jpg HTTP/1.1" 404 22979 "https://androidhindi.in/web-stories/top-10-oldest-us-paper-currency-notes" "Mozilla/5.0 (Linux; Android 7.0;) AppleWebKit/537.36 (KHTML, like Gecko) Mobile Safari/537.36 (compatible; PetalBot;+https://webmaster.petalsearch.com/site/petalbot)"
66.249.69.226 - - [07/Nov/2025:02:58:59 +0530] "GET /feed/ HTTP/1.1" 500 194 "-" "Mozilla/5.0 (compatible; Googlebot/2.1; +http://www.google.com/bot.html)"
122.180.246.194 - - [07/Nov/2025:03:00:01 +0530] "POST /wp-cron.php?doing_wp_cron=1762464601.4327719211578369140625 HTTP/1.1" 200 0 "-" "WordPress/6.8.3; https://androidhindi.in"
66.249.69.226 - - [07/Nov/2025:03:00:01 +0530] "GET /feed HTTP/1.1" 301 0 "-" "Mozilla/5.0 (compatible; Googlebot/2.1; +http://www.google.com/bot.html)"
52.169.208.217 - - [07/Nov/2025:03:00:39 +0530] "GET /wp-content/plugins/hellopress/wp_filemanager.php HTTP/1.1" 401 36 "-" "-"
52.169.208.217 - - [07/Nov/2025:03:00:39 +0530] "GET /wp-blog.php HTTP/1.1" 401 36 "-" "-"
52.169.208.217 - - [07/Nov/2025:03:00:40 +0530] "GET /Marvins.php HTTP/1.1" 401 36 "-" "-"
52.169.208.217 - - [07/Nov/2025:03:00:41 +0530] "GET /wpfile.php HTTP/1.1" 401 36 "-" "-"
52.169.208.217 - - [07/Nov/2025:03:00:41 +0530] "GET /foyhd.php HTTP/1.1" 401 36 "-" "-"
52.169.208.217 - - [07/Nov/2025:03:00:42 +0530] "GET /f350.php HTTP/1.1" 401 36 "-" "-"
52.169.208.217 - - [07/Nov/2025:03:00:42 +0530] "GET /moon.php HTTP/1.1" 401 36 "-" "-"
52.169.208.217 - - [07/Nov/2025:03:00:43 +0530] "GET /bless3.php HTTP/1.1" 401 36 "-" "-"
52.169.208.217 - - [07/Nov/2025:03:00:44 +0530] "GET /link.php HTTP/1.1" 401 36 "-" "-"
52.169.208.217 - - [07/Nov/2025:03:00:44 +0530] "GET /CmKHK.php HTTP/1.1" 401 36 "-" "-"
52.169.208.217 - - [07/Nov/2025:03:00:45 +0530] "GET /rtg.php HTTP/1.1" 401 36 "-" "-"
52.169.208.217 - - [07/Nov/2025:03:00:45 +0530] "GET /tools.php HTTP/1.1" 401 36 "-" "-"
52.169.208.217 - - [07/Nov/2025:03:00:47 +0530] "GET /term.php HTTP/1.1" 401 36 "-" "-"
52.169.208.217 - - [07/Nov/2025:03:00:47 +0530] "GET /fluentform.php HTTP/1.1" 401 36 "-" "-"
52.169.208.217 - - [07/Nov/2025:03:00:48 +0530] "GET /agqpec.php HTTP/1.1" 401 36 "-" "-"
52.169.208.217 - - [07/Nov/2025:03:00:48 +0530] "GET /byuri.php HTTP/1.1" 401 36 "-" "-"
52.169.208.217 - - [07/Nov/2025:03:00:49 +0530] "GET /axx.php HTTP/1.1" 401 36 "-" "-"
52.169.208.217 - - [07/Nov/2025:03:00:49 +0530] "GET /oiko6u.php HTTP/1.1" 401 36 "-" "-"
52.169.208.217 - - [07/Nov/2025:03:00:50 +0530] "GET /9WOLF.php HTTP/1.1" 401 36 "-" "-"
52.169.208.217 - - [07/Nov/2025:03:00:51 +0530] "GET /a.php HTTP/1.1" 401 36 "-" "-"
52.169.208.217 - - [07/Nov/2025:03:00:51 +0530] "GET /crew.php HTTP/1.1" 401 36 "-" "-"
52.169.208.217 - - [07/Nov/2025:03:00:52 +0530] "GET /btex.php HTTP/1.1" 401 36 "-" "-"
52.169.208.217 - - [07/Nov/2025:03:00:52 +0530] "GET /lptlo.php HTTP/1.1" 401 36 "-" "-"
52.169.208.217 - - [07/Nov/2025:03:00:53 +0530] "GET /ca.php HTTP/1.1" 401 36 "-" "-"
52.169.208.217 - - [07/Nov/2025:03:00:53 +0530] "GET /lx.php HTTP/1.1" 401 36 "-" "-"
52.169.208.217 - - [07/Nov/2025:03:00:54 +0530] "GET /iuoqc.php HTTP/1.1" 401 36 "-" "-"
52.169.208.217 - - [07/Nov/2025:03:00:54 +0530] "GET /1j.php HTTP/1.1" 401 36 "-" "-"
52.169.208.217 - - [07/Nov/2025:03:00:55 +0530] "GET /155.php HTTP/1.1" 401 36 "-" "-"
52.169.208.217 - - [07/Nov/2025:03:00:55 +0530] "GET /sosu.php HTTP/1.1" 401 36 "-" "-"
52.169.208.217 - - [07/Nov/2025:03:00:56 +0530] "GET /zero.php HTTP/1.1" 401 36 "-" "-"
52.169.208.217 - - [07/Nov/2025:03:00:56 +0530] "GET /ca.php HTTP/1.1" 401 36 "-" "-"
52.169.208.217 - - [07/Nov/2025:03:00:57 +0530] "GET /inzrw.php HTTP/1.1" 401 36 "-" "-"
52.169.208.217 - - [07/Nov/2025:03:00:57 +0530] "GET /0x.php HTTP/1.1" 401 36 "-" "-"
52.169.208.217 - - [07/Nov/2025:03:00:58 +0530] "GET /sx.php HTTP/1.1" 401 36 "-" "-"
52.169.208.217 - - [07/Nov/2025:03:00:59 +0530] "GET /we.php HTTP/1.1" 401 36 "-" "-"
52.169.208.217 - - [07/Nov/2025:03:00:59 +0530] "GET /20025.php HTTP/1.1" 401 36 "-" "-"
52.169.208.217 - - [07/Nov/2025:03:01:01 +0530] "GET /asd67.php HTTP/1.1" 401 36 "-" "-"
52.169.208.217 - - [07/Nov/2025:03:01:01 +0530] "GET /axx.php HTTP/1.1" 401 36 "-" "-"
52.169.208.217 - - [07/Nov/2025:03:01:02 +0530] "GET /rtg.php HTTP/1.1" 401 36 "-" "-"
52.169.208.217 - - [07/Nov/2025:03:01:02 +0530] "GET /wp.php HTTP/1.1" 401 36 "-" "-"
52.169.208.217 - - [07/Nov/2025:03:01:03 +0530] "GET /wp-good.php HTTP/1.1" 401 36 "-" "-"
52.169.208.217 - - [07/Nov/2025:03:01:03 +0530] "GET /ngek.php HTTP/1.1" 401 36 "-" "-"
122.180.246.194 - - [07/Nov/2025:03:01:04 +0530] "POST /wp-cron.php?doing_wp_cron=1762464664.1093740463256835937500 HTTP/1.1" 200 0 "-" "WordPress/6.8.3; https://androidhindi.in"
66.249.69.227 - - [07/Nov/2025:03:01:03 +0530] "GET /feed HTTP/1.1" 301 0 "-" "Mozilla/5.0 (compatible; Googlebot/2.1; +http://www.google.com/bot.html)"
52.169.208.217 - - [07/Nov/2025:03:01:05 +0530] "GET /wp-admin/network/wp-conflg.php HTTP/1.1" 401 36 "-" "-"
66.249.69.226 - - [07/Nov/2025:03:01:05 +0530] "GET /feed/ HTTP/1.1" 500 194 "-" "Mozilla/5.0 (compatible; Googlebot/2.1; +http://www.google.com/bot.html)"
66.249.69.226 - - [07/Nov/2025:03:01:44 +0530] "GET /ads.txt HTTP/1.1" 301 0 "-" "Mozilla/5.0 (compatible; Googlebot/2.1; +http://www.google.com/bot.html)"
66.249.69.226 - - [07/Nov/2025:03:01:46 +0530] "GET / HTTP/1.1" 200 27120 "-" "Mozilla/5.0 (compatible; Googlebot/2.1; +http://www.google.com/bot.html)"
66.249.69.226 - - [07/Nov/2025:03:02:07 +0530] "GET /feed HTTP/1.1" 301 0 "-" "Mozilla/5.0 (compatible; Googlebot/2.1; +http://www.google.com/bot.html)"
66.249.69.226 - - [07/Nov/2025:03:02:07 +0530] "GET /feed/ HTTP/1.1" 500 194 "-" "Mozilla/5.0 (compatible; Googlebot/2.1; +http://www.google.com/bot.html)"
122.180.246.194 - - [07/Nov/2025:03:04:03 +0530] "POST /wp-cron.php?doing_wp_cron=1762464843.6724960803985595703125 HTTP/1.1" 200 0 "-" "WordPress/6.8.3; https://androidhindi.in"
136.243.228.182 - - [07/Nov/2025:03:04:02 +0530] "GET /phone-update-kaise-kare/ HTTP/1.1" 301 0 "-" "Mozilla/5.0 (compatible; DataForSeoBot/1.0; +https://dataforseo.com/dataforseo-bot)"
136.243.228.182 - - [07/Nov/2025:03:04:06 +0530] "GET /things-to-remember-to-be-app-developer/ HTTP/1.1" 404 19369 "-" "Mozilla/5.0 (compatible; DataForSeoBot/1.0; +https://dataforseo.com/dataforseo-bot)"
122.180.246.194 - - [07/Nov/2025:03:04:11 +0530] "POST /wp-cron.php?doing_wp_cron=1762464851.5939440727233886718750 HTTP/1.1" 200 0 "-" "WordPress/6.8.3; https://androidhindi.in"
136.243.228.182 - - [07/Nov/2025:03:04:11 +0530] "GET /free-me-android-app-kaise-banaye/ HTTP/1.1" 404 19369 "-" "Mozilla/5.0 (compatible; DataForSeoBot/1.0; +https://dataforseo.com/dataforseo-bot)"
136.243.228.182 - - [07/Nov/2025:03:04:19 +0530] "GET /number-block-kaise-kare/ HTTP/1.1" 301 0 "-" "Mozilla/5.0 (compatible; DataForSeoBot/1.0; +https://dataforseo.com/dataforseo-bot)"
204.12.252.98 - - [07/Nov/2025:03:04:46 +0530] "GET /wp-includes/js9262c2/edit.php HTTP/1.1" 301 0 "http://www.androidhindi.in/wp-includes/js9262c2/edit.php" "Mozilla/5.0 (Windows NT 10.0; Win64; x64) AppleWebKit/537.36 (KHTML, like Gecko) Chrome/58.0.3029.110 Safari/537.3"
98.182.147.97 - - [07/Nov/2025:03:11:07 +0530] "GET /contact-us/ HTTP/1.0" 200 121635 "https://androidhindi.in/contact-us/" "Mozilla/5.0 (Windows NT 10.0; Win64; x64) AppleWebKit/537.36 (KHTML, like Gecko) Chrome/130.0.0.0 Safari/537.36 CCleaner/130.0.0.0"
98.182.147.97 - - [07/Nov/2025:03:11:10 +0530] "GET /wp-login.php?action=register HTTP/1.0" 404 71897 "https://androidhindi.in/wp-login.php?action=register" "Mozilla/5.0 (Windows NT 10.0; Win64; x64) AppleWebKit/537.36 (KHTML, like Gecko) Chrome/130.0.0.0 Safari/537.36 CCleaner/130.0.0.0"
98.182.147.97 - - [07/Nov/2025:03:11:14 +0530] "GET /wp-login.php?action=register HTTP/1.0" 404 71897 "https://androidhindi.in/wp-login.php?action=register" "Mozilla/5.0 (Windows NT 10.0; Win64; x64) AppleWebKit/537.36 (KHTML, like Gecko) Chrome/130.0.0.0 Safari/537.36 CCleaner/130.0.0.0"
98.182.147.97 - - [07/Nov/2025:03:11:19 +0530] "GET /phone-me-antivirus-use-karne-ke-fayde-aur-nuksan/ HTTP/1.0" 200 165803 "https://androidhindi.in/phone-me-antivirus-use-karne-ke-fayde-aur-nuksan/" "Mozilla/5.0 (Windows NT 10.0; Win64; x64) AppleWebKit/537.36 (KHTML, like Gecko) Chrome/130.0.0.0 Safari/537.36 CCleaner/130.0.0.0"
98.182.147.97 - - [07/Nov/2025:03:11:31 +0530] "GET /wp-login.php?action=register HTTP/1.0" 404 71897 "https://androidhindi.in/wp-login.php?action=register" "Mozilla/5.0 (Windows NT 10.0; Win64; x64) AppleWebKit/537.36 (KHTML, like Gecko) Chrome/130.0.0.0 Safari/537.36 CCleaner/130.0.0.0"
45.138.16.216 - - [07/Nov/2025:03:11:35 +0530] "GET /wp-content/themes/seotheme/db.php?u HTTP/1.1" 403 17006 "www.google.com" "Mozlila/5.0 (Linux; Android 7.0; SM-G892A Bulid/NRD90M; wv) AppleWebKit/537.36 (KHTML, like Gecko) Version/4.0 Chrome/60.0.3112.107 Moblie Safari/537.36"
122.180.246.194 - - [07/Nov/2025:03:01:45 +0530] "POST /wp-cron.php?doing_wp_cron=1762464705.0013089179992675781250 HTTP/1.1" 200 0 "-" "WordPress/6.8.3; https://androidhindi.in"
136.243.228.182 - - [07/Nov/2025:03:04:15 +0530] "GET /android-phone-ko-root-kaise-kare/ HTTP/1.1" 404 19369 "-" "Mozilla/5.0 (compatible; DataForSeoBot/1.0; +https://dataforseo.com/dataforseo-bot)"
122.180.246.194 - - [07/Nov/2025:03:04:47 +0530] "POST /wp-cron.php?doing_wp_cron=1762464887.8143100738525390625000 HTTP/1.1" 200 0 "-" "WordPress/6.8.3; https://androidhindi.in"
204.12.252.98 - - [07/Nov/2025:03:04:48 +0530] "GET /wp-includes/js9262c2/edit.php HTTP/1.1" 404 18305 "http://www.androidhindi.in/wp-includes/js9262c2/edit.php" "Mozilla/5.0 (Windows NT 10.0; Win64; x64) AppleWebKit/537.36 (KHTML, like Gecko) Chrome/58.0.3029.110 Safari/537.3"
98.182.147.97 - - [07/Nov/2025:03:11:16 +0530] "GET /wp-login.php?action=register HTTP/1.0" 404 71897 "https://androidhindi.in/wp-login.php?action=register" "Mozilla/5.0 (Windows NT 10.0; Win64; x64) AppleWebKit/537.36 (KHTML, like Gecko) Chrome/130.0.0.0 Safari/537.36 CCleaner/130.0.0.0"
45.138.16.216 - - [07/Nov/2025:03:11:35 +0530] "GET / HTTP/1.1" 200 120279 "-" "Mozlila/5.0 (Linux; Android 7.0; SM-G892A Bulid/NRD90M; wv) AppleWebKit/537.36 (KHTML, like Gecko) Version/4.0 Chrome/60.0.3112.107 Moblie Safari/537.36"
122.180.246.194 - - [07/Nov/2025:03:11:36 +0530] "POST /wp-cron.php?doing_wp_cron=1762465296.8516020774841308593750 HTTP/1.1" 200 0 "-" "WordPress/6.8.3; https://androidhindi.in"
45.138.16.216 - - [07/Nov/2025:03:11:35 +0530] "POST /ALFA_DATA/alfacgiapi/perl.alfa HTTP/1.1" 403 17006 "www.google.com" "Mozlila/5.0 (Linux; Android 7.0; SM-G892A Bulid/NRD90M; wv) AppleWebKit/537.36 (KHTML, like Gecko) Version/4.0 Chrome/60.0.3112.107 Moblie Safari/537.36"
122.180.246.194 - - [07/Nov/2025:03:11:37 +0530] "POST /wp-cron.php?doing_wp_cron=1762465297.5690820217132568359375 HTTP/1.1" 200 0 "-" "WordPress/6.8.3; https://androidhindi.in"
45.138.16.216 - - [07/Nov/2025:03:11:38 +0530] "GET /plugins/content/apismtp/apismtp.php?test=hello HTTP/1.1" 403 17006 "-" "Mozlila/5.0 (Linux; Android 7.0; SM-G892A Bulid/NRD90M; wv) AppleWebKit/537.36 (KHTML, like Gecko) Version/4.0 Chrome/60.0.3112.107 Moblie Safari/537.36"
45.138.16.216 - - [07/Nov/2025:03:11:38 +0530] "POST /alfacgiapi/perl.alfa HTTP/1.1" 403 17006 "www.google.com" "Mozlila/5.0 (Linux; Android 7.0; SM-G892A Bulid/NRD90M; wv) AppleWebKit/537.36 (KHTML, like Gecko) Version/4.0 Chrome/60.0.3112.107 Moblie Safari/537.36"
98.182.147.97 - - [07/Nov/2025:03:11:28 +0530] "GET /wp-login.php?action=register HTTP/1.0" 404 41760 "https://androidhindi.in/wp-login.php?action=register" "Mozilla/5.0 (Windows NT 10.0; Win64; x64) AppleWebKit/537.36 (KHTML, like Gecko) Chrome/130.0.0.0 Safari/537.36 CCleaner/130.0.0.0"
52.220.99.112 - - [07/Nov/2025:03:14:01 +0530] "GET /wp-content/uploads/2022/09/Pooja-Hegde-Bio-Net-Worth-2022-6-scaled.jpg HTTP/1.1" 404 22978 "-" "Mozilla/5.0 (compatible; crawler)"
66.249.72.140 - - [07/Nov/2025:03:16:16 +0530] "GET /feed HTTP/1.1" 301 0 "-" "Mozilla/5.0 (compatible; Googlebot/2.1; +http://www.google.com/bot.html)"
66.249.72.140 - - [07/Nov/2025:03:16:17 +0530] "GET /feed/ HTTP/1.1" 500 194 "-" "Mozilla/5.0 (compatible; Googlebot/2.1; +http://www.google.com/bot.html)"
122.180.246.194 - - [07/Nov/2025:03:11:36 +0530] "POST /?wordfence_syncAttackData=1762465296.4709 HTTP/1.1" 200 0 "-" "WordPress/6.8.3; https://androidhindi.in"
45.138.16.216 - - [07/Nov/2025:03:11:36 +0530] "POST /wp-plain.php HTTP/1.1" 404 67016 "www.google.com" "Mozilla/5.0 (Linux; Android 7.0; SM-G892A Bulid/NRD90M; wv) AppleWebKit/537.36 (KHTML, like Gecko) Version/4.0 Chrome/60.0.3112.107 Moblie Safari/537.36"
45.138.16.216 - - [07/Nov/2025:03:11:36 +0530] "GET /wp-content/themes/seotheme/db.php?u HTTP/1.1" 403 17006 "www.google.com" "Mozlila/5.0 (Linux; Android 7.0; SM-G892A Bulid/NRD90M; wv) AppleWebKit/537.36 (KHTML, like Gecko) Version/4.0 Chrome/60.0.3112.107 Moblie Safari/537.36"
45.138.16.216 - - [07/Nov/2025:03:11:35 +0530] "GET /wp-content/plugins/fix/up.php HTTP/1.1" 404 71897 "-" "Mozilla/5.0 (Windows NT 10.0; Win64; x64) AppleWebKit/537.36 (KHTML, like Gecko) Chrome/85.0.4183.102 Safari/537.36"
45.138.16.216 - - [07/Nov/2025:03:11:37 +0530] "GET /wp-content/plugins/apikey/apikey.php?test=hello HTTP/1.1" 403 787 "-" "Mozlila/5.0 (Linux; Android 7.0; SM-G892A Bulid/NRD90M; wv) AppleWebKit/537.36 (KHTML, like Gecko) Version/4.0 Chrome/60.0.3112.107 Moblie Safari/537.36"
45.138.16.216 - - [07/Nov/2025:03:11:37 +0530] "GET /tqjyezzb.php?Fox=d3wL7 HTTP/1.1" 404 67016 "www.google.com" "Mozilla/5.0 (Linux; Android 7.0; SM-G892A Bulid/NRD90M; wv) AppleWebKit/537.36 (KHTML, like Gecko) Version/4.0 Chrome/60.0.3112.107 Moblie Safari/537.36"
45.138.16.216 - - [07/Nov/2025:03:11:38 +0530] "GET /wp-content/plugins/apikey/apikey.php.suspected?test=hello HTTP/1.1" 403 787 "-" "Mozlila/5.0 (Linux; Android 7.0; SM-G892A Bulid/NRD90M; wv) AppleWebKit/537.36 (KHTML, like Gecko) Version/4.0 Chrome/60.0.3112.107 Moblie Safari/537.36"
45.138.16.216 - - [07/Nov/2025:03:11:38 +0530] "GET /plugins/content/apismtp/apismtp.php.suspected?test=hello HTTP/1.1" 403 787 "-" "Mozlila/5.0 (Linux; Android 7.0; SM-G892A Bulid/NRD90M; wv) AppleWebKit/537.36 (KHTML, like Gecko) Version/4.0 Chrome/60.0.3112.107 Moblie Safari/537.36"
98.182.147.97 - - [07/Nov/2025:03:11:34 +0530] "GET /android-phone-me-deleted-message-kaise-vapas-laye/ HTTP/1.0" 200 153449 "https://androidhindi.in/android-phone-me-deleted-message-kaise-vapas-laye/" "Mozilla/5.0 (Windows NT 10.0; Win64; x64) AppleWebKit/537.36 (KHTML, like Gecko) Chrome/130.0.0.0 Safari/537.36 CCleaner/130.0.0.0"
136.243.228.182 - - [07/Nov/2025:03:13:45 +0530] "GET /category/security/ HTTP/1.1" 200 28697 "-" "Mozilla/5.0 (compatible; DataForSeoBot/1.0; +https://dataforseo.com/dataforseo-bot)"
136.243.228.182 - - [07/Nov/2025:03:13:49 +0530] "GET /dusre-ka-whatsapp-kaise-dekhe HTTP/1.1" 200 42331 "-" "Mozilla/5.0 (compatible; DataForSeoBot/1.0; +https://dataforseo.com/dataforseo-bot)"
122.180.246.194 - - [07/Nov/2025:03:14:01 +0530] "POST /?wordfence_syncAttackData=1762465441.3632 HTTP/1.1" 200 0 "-" "WordPress/6.8.3; https://androidhindi.in"
122.180.246.194 - - [07/Nov/2025:03:14:01 +0530] "POST /wp-cron.php?doing_wp_cron=1762465441.7952799797058105468750 HTTP/1.1" 200 0 "-" "WordPress/6.8.3; https://androidhindi.in"
122.180.246.194 - - [07/Nov/2025:03:16:16 +0530] "POST /wp-cron.php?doing_wp_cron=1762465576.5671091079711914062500 HTTP/1.1" 200 0 "-" "WordPress/6.8.3; https://androidhindi.in"
122.180.246.194 - - [07/Nov/2025:03:17:19 +0530] "POST /wp-cron.php?doing_wp_cron=1762465639.6147251129150390625000 HTTP/1.1" 200 0 "-" "WordPress/6.8.3; https://androidhindi.in"
66.249.72.141 - - [07/Nov/2025:03:17:19 +0530] "GET /feed HTTP/1.1" 301 0 "-" "Mozilla/5.0 (compatible; Googlebot/2.1; +http://www.google.com/bot.html)"
122.180.246.194 - - [07/Nov/2025:03:18:22 +0530] "POST /wp-cron.php?doing_wp_cron=1762465702.2798030376434326171875 HTTP/1.1" 200 0 "-" "WordPress/6.8.3; https://androidhindi.in"
66.249.72.140 - - [07/Nov/2025:03:18:21 +0530] "GET /feed HTTP/1.1" 301 0 "-" "Mozilla/5.0 (compatible; Googlebot/2.1; +http://www.google.com/bot.html)"
66.249.72.140 - - [07/Nov/2025:03:19:24 +0530] "GET /feed HTTP/1.1" 301 0 "-" "Mozilla/5.0 (compatible; Googlebot/2.1; +http://www.google.com/bot.html)"
122.180.246.194 - - [07/Nov/2025:03:19:55 +0530] "POST /wp-cron.php?doing_wp_cron=1762465795.2728691101074218750000 HTTP/1.1" 200 0 "-" "WordPress/6.8.3; https://androidhindi.in"
204.12.252.98 - - [07/Nov/2025:03:19:56 +0530] "GET /wp-includes/js9262c2/edit.php HTTP/1.1" 404 18305 "http://www.androidhindi.in/wp-includes/js9262c2/edit.php" "Mozilla/5.0 (Windows NT 10.0; Win64; x64) AppleWebKit/537.36 (KHTML, like Gecko) Chrome/58.0.3029.110 Safari/537.3"
114.119.159.216 - - [07/Nov/2025:03:30:40 +0530] "GET /wp-content/uploads/2023/12/New-Yorke-in-America-Token-1644.jpg HTTP/1.1" 404 22979 "https://androidhindi.in/web-stories/top-10-valuable-colonial-era-coins-and-patterns" "Mozilla/5.0 (Linux; Android 7.0;) AppleWebKit/537.36 (KHTML, like Gecko) Mobile Safari/537.36 (compatible; PetalBot;+https://webmaster.petalsearch.com/site/petalbot)"
66.249.72.140 - - [07/Nov/2025:03:17:20 +0530] "GET /feed/ HTTP/1.1" 500 194 "-" "Mozilla/5.0 (compatible; Googlebot/2.1; +http://www.google.com/bot.html)"
66.249.72.141 - - [07/Nov/2025:03:18:23 +0530] "GET /feed/ HTTP/1.1" 500 194 "-" "Mozilla/5.0 (compatible; Googlebot/2.1; +http://www.google.com/bot.html)"
122.180.246.194 - - [07/Nov/2025:03:19:25 +0530] "POST /wp-cron.php?doing_wp_cron=1762465765.1464478969573974609375 HTTP/1.1" 200 0 "-" "WordPress/6.8.3; https://androidhindi.in"
66.249.72.142 - - [07/Nov/2025:03:19:26 +0530] "GET /feed/ HTTP/1.1" 500 194 "-" "Mozilla/5.0 (compatible; Googlebot/2.1; +http://www.google.com/bot.html)"
204.12.252.98 - - [07/Nov/2025:03:19:54 +0530] "GET /wp-includes/js9262c2/edit.php HTTP/1.1" 301 0 "http://www.androidhindi.in/wp-includes/js9262c2/edit.php" "Mozilla/5.0 (Windows NT 10.0; Win64; x64) AppleWebKit/537.36 (KHTML, like Gecko) Chrome/58.0.3029.110 Safari/537.3"
122.180.246.194 - - [07/Nov/2025:03:30:42 +0530] "POST /wp-cron.php?doing_wp_cron=1762466441.9666230678558349609375 HTTP/1.1" 200 0 "-" "WordPress/6.8.3; https://androidhindi.in"
122.180.246.194 - - [07/Nov/2025:03:32:34 +0530] "POST /wp-cron.php?doing_wp_cron=1762466554.3643779754638671875000 HTTP/1.1" 200 0 "-" "WordPress/6.8.3; https://androidhindi.in"
114.119.157.25 - - [07/Nov/2025:03:32:33 +0530] "GET /wp-content/uploads/2023/12/Digital-Gold-Currency-Cryptocurrencies-backed-by-gold-reserves.jpg HTTP/1.1" 404 22979 "https://androidhindi.in/web-stories/top-10-ways-to-invest-in-gold-and-silver-coins-and-bullion" "Mozilla/5.0 (Linux; Android 7.0;) AppleWebKit/537.36 (KHTML, like Gecko) Mobile Safari/537.36 (compatible; PetalBot;+https://webmaster.petalsearch.com/site/petalbot)"
122.180.246.194 - - [07/Nov/2025:03:34:26 +0530] "POST /wp-cron.php?doing_wp_cron=1762466666.3214380741119384765625 HTTP/1.1" 200 0 "-" "WordPress/6.8.3; https://androidhindi.in"
114.119.159.216 - - [07/Nov/2025:03:34:26 +0530] "GET /wp-content/uploads/2023/12/1907-Saint-Gaudens-Ultra-High-Relief-Double-Eagle-Gold-Redesign.jpeg HTTP/1.1" 404 22979 "https://androidhindi.in/web-stories/top-10-most-notable-failed-coin-redesign-attempts-in-american-history" "Mozilla/5.0 (Linux; Android 7.0;) AppleWebKit/537.36 (KHTML, like Gecko) Mobile Safari/537.36 (compatible; PetalBot;+https://webmaster.petalsearch.com/site/petalbot)"
66.249.72.141 - - [07/Nov/2025:03:35:20 +0530] "GET /feed HTTP/1.1" 301 0 "-" "Mozilla/5.0 (compatible; Googlebot/2.1; +http://www.google.com/bot.html)"
66.249.72.141 - - [07/Nov/2025:03:35:21 +0530] "GET /feed/ HTTP/1.1" 500 194 "-" "Mozilla/5.0 (compatible; Googlebot/2.1; +http://www.google.com/bot.html)"
122.180.246.194 - - [07/Nov/2025:03:36:20 +0530] "POST /wp-cron.php?doing_wp_cron=1762466780.5633029937744140625000 HTTP/1.1" 200 0 "-" "WordPress/6.8.3; https://androidhindi.in"
114.119.157.25 - - [07/Nov/2025:03:36:20 +0530] "GET /wp-content/uploads/2023/12/1842-O-Coronet-5-Half-Eagle-Small-date-punch-version.jpg HTTP/1.1" 404 22979 "https://androidhindi.in/web-stories/top-10-design-varieties-in-early-us-gold-coin-issues/" "Mozilla/5.0 (Linux; Android 7.0;) AppleWebKit/537.36 (KHTML, like Gecko) Mobile Safari/537.36 (compatible; PetalBot;+https://webmaster.petalsearch.com/site/petalbot)"
66.249.72.141 - - [07/Nov/2025:03:36:22 +0530] "GET /feed HTTP/1.1" 301 0 "-" "Mozilla/5.0 (compatible; Googlebot/2.1; +http://www.google.com/bot.html)"
66.249.72.141 - - [07/Nov/2025:03:36:23 +0530] "GET /feed/ HTTP/1.1" 500 194 "-" "Mozilla/5.0 (compatible; Googlebot/2.1; +http://www.google.com/bot.html)"
122.180.246.194 - - [07/Nov/2025:03:37:24 +0530] "POST /wp-cron.php?doing_wp_cron=1762466844.8212859630584716796875 HTTP/1.1" 200 0 "-" "WordPress/6.8.3; https://androidhindi.in"
122.180.246.194 - - [07/Nov/2025:03:40:08 +0530] "POST /wp-cron.php?doing_wp_cron=1762467008.6941320896148681640625 HTTP/1.1" 200 0 "-" "WordPress/6.8.3; https://androidhindi.in"
122.180.246.194 - - [07/Nov/2025:03:42:20 +0530] "POST /wp-cron.php?doing_wp_cron=1762467140.0242500305175781250000 HTTP/1.1" 200 0 "-" "WordPress/6.8.3; https://androidhindi.in"
208.110.64.178 - - [07/Nov/2025:03:42:18 +0530] "GET /wp-includes/js9262c2/edit.php HTTP/1.1" 301 0 "http://www.androidhindi.in/wp-includes/js9262c2/edit.php" "Mozilla/5.0 (Windows NT 10.0; Win64; x64) AppleWebKit/537.36 (KHTML, like Gecko) Chrome/58.0.3029.110 Safari/537.3"
157.245.36.108 - - [07/Nov/2025:03:43:20 +0530] "GET / HTTP/1.1" 200 120279 "-" "-"
208.110.64.178 - - [07/Nov/2025:03:44:13 +0530] "GET /wp-includes/js9262c2/edit.php HTTP/1.1" 301 0 "http://www.androidhindi.in/wp-includes/js9262c2/edit.php" "Mozilla/5.0 (Windows NT 10.0; Win64; x64) AppleWebKit/537.36 (KHTML, like Gecko) Chrome/58.0.3029.110 Safari/537.3"
208.110.64.178 - - [07/Nov/2025:03:44:15 +0530] "GET /wp-includes/js9262c2/edit.php HTTP/1.1" 404 18305 "http://www.androidhindi.in/wp-includes/js9262c2/edit.php" "Mozilla/5.0 (Windows NT 10.0; Win64; x64) AppleWebKit/537.36 (KHTML, like Gecko) Chrome/58.0.3029.110 Safari/537.3"
122.180.246.194 - - [07/Nov/2025:03:46:29 +0530] "POST /wp-cron.php?doing_wp_cron=1762467389.0140810012817382812500 HTTP/1.1" 200 0 "-" "WordPress/6.8.3; https://androidhindi.in"
213.180.203.14 - - [07/Nov/2025:03:46:28 +0530] "GET /web-stories/diljit-dosanjh-bio-net-worth/ HTTP/1.1" 404 21860 "-" "Mozilla/5.0 (compatible; YandexBot/3.0; +http://yandex.com/bots)"
122.180.246.194 - - [07/Nov/2025:03:35:20 +0530] "POST /wp-cron.php?doing_wp_cron=1762466720.9548680782318115234375 HTTP/1.1" 200 0 "-" "WordPress/6.8.3; https://androidhindi.in"
66.249.72.140 - - [07/Nov/2025:03:37:24 +0530] "GET /feed HTTP/1.1" 301 0 "-" "Mozilla/5.0 (compatible; Googlebot/2.1; +http://www.google.com/bot.html)"
66.249.72.141 - - [07/Nov/2025:03:37:25 +0530] "GET /feed/ HTTP/1.1" 500 194 "-" "Mozilla/5.0 (compatible; Googlebot/2.1; +http://www.google.com/bot.html)"
122.180.246.194 - - [07/Nov/2025:03:38:16 +0530] "POST /wp-cron.php?doing_wp_cron=1762466896.0344150066375732421875 HTTP/1.1" 200 0 "-" "WordPress/6.8.3; https://androidhindi.in"
114.119.145.47 - - [07/Nov/2025:03:38:14 +0530] "GET /wp-content/uploads/2023/12/1839-C-Classic-Head-Quarter-Eagle-Larger-date-punch-used.jpg HTTP/1.1" 404 22979 "https://androidhindi.in/web-stories/top-10-design-varieties-in-early-us-gold-coin-issues/" "Mozilla/5.0 (Linux; Android 7.0;) AppleWebKit/537.36 (KHTML, like Gecko) Mobile Safari/537.36 (compatible; PetalBot;+https://webmaster.petalsearch.com/site/petalbot)"
66.249.72.140 - - [07/Nov/2025:03:38:26 +0530] "GET /feed HTTP/1.1" 301 0 "-" "Mozilla/5.0 (compatible; Googlebot/2.1; +http://www.google.com/bot.html)"
66.249.72.140 - - [07/Nov/2025:03:38:27 +0530] "GET /feed/ HTTP/1.1" 500 194 "-" "Mozilla/5.0 (compatible; Googlebot/2.1; +http://www.google.com/bot.html)"
114.119.145.47 - - [07/Nov/2025:03:40:08 +0530] "GET /wp-content/uploads/2022/12/Ringtone-Kaise-Set-Karen-12.webp HTTP/1.1" 404 22979 "-" "Mozilla/5.0 (Linux; Android 7.0;) AppleWebKit/537.36 (KHTML, like Gecko) Mobile Safari/537.36 (compatible; PetalBot;+https://webmaster.petalsearch.com/site/petalbot)"
208.110.64.178 - - [07/Nov/2025:03:42:20 +0530] "GET /wp-includes/js9262c2/edit.php HTTP/1.1" 404 18305 "http://www.androidhindi.in/wp-includes/js9262c2/edit.php" "Mozilla/5.0 (Windows NT 10.0; Win64; x64) AppleWebKit/537.36 (KHTML, like Gecko) Chrome/58.0.3029.110 Safari/537.3"
157.245.36.108 - - [07/Nov/2025:03:43:35 +0530] "GET / HTTP/1.1" 200 120279 "-" "Mozilla/5.0 (Linux; Android 6.0; HTC One M9 Build/MRA683436) AppleWebKit/537.36 (KHTML, like Gecko) Chrome/52.0.2058.98 Mobile Safari/537.3"
122.180.246.194 - - [07/Nov/2025:03:43:38 +0530] "POST /wp-cron.php?doing_wp_cron=1762467218.9502730369567871093750 HTTP/1.1" 200 0 "-" "WordPress/6.8.3; https://androidhindi.in"
122.180.246.194 - - [07/Nov/2025:03:43:54 +0530] "POST /wp-cron.php?doing_wp_cron=1762467234.2931680679321289062500 HTTP/1.1" 200 0 "-" "WordPress/6.8.3; https://androidhindi.in"
122.180.246.194 - - [07/Nov/2025:03:44:12 +0530] "POST /wp-cron.php?doing_wp_cron=1762467251.8323709964752197265625 HTTP/1.1" 200 0 "-" "WordPress/6.8.3; https://androidhindi.in"
122.180.246.194 - - [07/Nov/2025:03:46:27 +0530] "POST /wp-cron.php?doing_wp_cron=1762467387.4239439964294433593750 HTTP/1.1" 200 0 "-" "WordPress/6.8.3; https://androidhindi.in"
87.250.224.102 - - [07/Nov/2025:03:46:26 +0530] "GET /robots.txt HTTP/1.1" 200 277 "-" "Mozilla/5.0 (compatible; YandexBot/3.0; +http://yandex.com/bots)"
122.180.246.194 - - [07/Nov/2025:03:56:01 +0530] "POST /wp-cron.php?doing_wp_cron=1762467961.4482970237731933593750 HTTP/1.1" 200 0 "-" "WordPress/6.8.3; https://androidhindi.in"
122.180.246.194 - - [07/Nov/2025:03:56:40 +0530] "POST /wp-cron.php?doing_wp_cron=1762468000.1571218967437744140625 HTTP/1.1" 200 0 "-" "WordPress/6.8.3; https://androidhindi.in"
147.135.212.200 - - [07/Nov/2025:03:57:09 +0530] "GET /android-%E0%A4%AE%E0%A5%87-safe-mode-on-%E0%A4%95%E0%A5%88%E0%A4%B8%E0%A5%87-%E0%A4%95%E0%A4%B0%E0%A5%87-%E0%A4%94%E0%A4%B0-safe-mode-off-%E0%A4%95%E0%A5%88%E0%A4%B8%E0%A5%87-%E0%A4%95%E0%A4%B0/ HTTP/1.1" 404 19369 "-" "Mozilla/5.0 (compatible; MJ12bot/v1.4.8; http://mj12bot.com/)"
122.180.246.194 - - [07/Nov/2025:03:58:13 +0530] "POST /wp-cron.php?doing_wp_cron=1762468093.6013178825378417968750 HTTP/1.1" 200 0 "-" "WordPress/6.8.3; https://androidhindi.in"
66.249.72.140 - - [07/Nov/2025:03:58:13 +0530] "GET /feed HTTP/1.1" 301 0 "-" "Mozilla/5.0 (compatible; Googlebot/2.1; +http://www.google.com/bot.html)"
66.249.72.140 - - [07/Nov/2025:03:58:13 +0530] "GET /feed/ HTTP/1.1" 500 194 "-" "Mozilla/5.0 (compatible; Googlebot/2.1; +http://www.google.com/bot.html)"
122.180.246.194 - - [07/Nov/2025:03:59:15 +0530] "POST /wp-cron.php?doing_wp_cron=1762468155.4043679237365722656250 HTTP/1.1" 200 0 "-" "WordPress/6.8.3; https://androidhindi.in"
66.249.72.141 - - [07/Nov/2025:03:59:15 +0530] "GET /feed HTTP/1.1" 301 0 "-" "Mozilla/5.0 (compatible; Googlebot/2.1; +http://www.google.com/bot.html)"
208.110.64.178 - - [07/Nov/2025:03:59:24 +0530] "GET /wp-includes/js9262c2/edit.php HTTP/1.1" 301 0 "http://www.androidhindi.in/wp-includes/js9262c2/edit.php" "Mozilla/5.0 (Windows NT 10.0; Win64; x64) AppleWebKit/537.36 (KHTML, like Gecko) Chrome/58.0.3029.110 Safari/537.3"
122.180.246.194 - - [07/Nov/2025:03:59:28 +0530] "POST /wp-cron.php?doing_wp_cron=1762468168.3455479145050048828125 HTTP/1.1" 200 0 "-" "WordPress/6.8.3; https://androidhindi.in"
208.110.64.178 - - [07/Nov/2025:03:59:28 +0530] "GET /wp-includes/js9262c2/edit.php HTTP/1.1" 404 18305 "http://www.androidhindi.in/wp-includes/js9262c2/edit.php" "Mozilla/5.0 (Windows NT 10.0; Win64; x64) AppleWebKit/537.36 (KHTML, like Gecko) Chrome/58.0.3029.110 Safari/537.3"
87.251.78.131 - - [07/Nov/2025:04:01:07 +0530] "GET / HTTP/2" 200 27120 "http://androidhindi.in" "Mozilla/5.0 (X11; Linux x86_64) AppleWebKit/537.36 Chrome/113.0.0.0 Safari/537.36"
87.251.78.131 - - [07/Nov/2025:04:01:18 +0530] "GET /wp-content/themes/generatepress/assets/dist/modal.js?ver=3.6.0 HTTP/2" 200 1383 "-" "Mozilla/5.0 (X11; Linux x86_64) AppleWebKit/537.36 Chrome/113.0.0.0 Safari/537.36"
87.251.78.131 - - [07/Nov/2025:04:01:18 +0530] "GET /wp-includes/js/dist/hooks.min.js?ver=4d63a3d491d11ffd8ac6 HTTP/2" 200 1644 "-" "Mozilla/5.0 (X11; Linux x86_64) AppleWebKit/537.36 Chrome/113.0.0.0 Safari/537.36"
87.251.78.131 - - [07/Nov/2025:04:01:18 +0530] "GET /wp-includes/js/dist/i18n.min.js?ver=5e580eb46a90c2b997e6 HTTP/2" 200 3667 "-" "Mozilla/5.0 (X11; Linux x86_64) AppleWebKit/537.36 Chrome/113.0.0.0 Safari/537.36"
87.251.78.131 - - [07/Nov/2025:04:01:18 +0530] "GET /wp-content/plugins/contact-form-7/includes/swv/js/index.js?ver=6.1.3 HTTP/2" 200 3523 "-" "Mozilla/5.0 (Windows NT 10.0; Win64; x64) AppleWebKit/537.36 Chrome/114.0.5735.110 Safari/537.36"
87.251.78.131 - - [07/Nov/2025:04:01:19 +0530] "GET /wp-content/themes/generatepress/assets/js/menu.min.js?ver=3.6.0 HTTP/2" 200 1828 "-" "Mozilla/5.0 (X11; Linux x86_64) AppleWebKit/537.36 Chrome/113.0.0.0 Safari/537.36"
87.251.78.131 - - [07/Nov/2025:04:01:19 +0530] "GET /wp-content/plugins/wp-rocket/assets/js/lazyload/17.8.3/lazyload.min.js HTTP/2" 200 3050 "-" "Mozilla/5.0 (Macintosh; Intel Mac OS X 10_15_7) AppleWebKit/605.1.15 (KHTML, like Gecko) Version/15.1 Safari/605.1.15"
87.251.78.131 - - [07/Nov/2025:04:01:19 +0530] "GET /wp-includes/js/jquery/jquery.min.js?ver=3.7.1 HTTP/2" 200 30412 "-" "Mozilla/5.0 (Windows NT 10.0; Win64; x64) AppleWebKit/537.36 Chrome/114.0.5735.110 Safari/537.36"
66.249.72.142 - - [07/Nov/2025:03:56:01 +0530] "GET /feed HTTP/1.1" 301 0 "-" "Mozilla/5.0 (compatible; Googlebot/2.1; +http://www.google.com/bot.html)"
66.249.72.141 - - [07/Nov/2025:03:56:02 +0530] "GET /feed/ HTTP/1.1" 500 194 "-" "Mozilla/5.0 (compatible; Googlebot/2.1; +http://www.google.com/bot.html)"
147.135.212.200 - - [07/Nov/2025:03:56:39 +0530] "GET /robots.txt HTTP/1.1" 200 277 "-" "Mozilla/5.0 (compatible; MJ12bot/v1.4.8; http://mj12bot.com/)"
147.135.212.200 - - [07/Nov/2025:03:56:42 +0530] "GET /%E0%A4%8F%E0%A4%82%E0%A4%A1%E0%A5%8D%E0%A4%B0%E0%A4%BE%E0%A4%87%E0%A4%A1-%E0%A4%AB%E0%A5%8B%E0%A4%A8-%E0%A4%95%E0%A4%BE-%E0%A4%AC%E0%A5%87%E0%A4%95%E0%A4%85%E0%A4%AA-%E0%A4%95%E0%A5%88%E0%A4%B8/ HTTP/1.1" 404 19369 "-" "Mozilla/5.0 (compatible; MJ12bot/v1.4.8; http://mj12bot.com/)"
122.180.246.194 - - [07/Nov/2025:03:56:49 +0530] "POST /wp-cron.php?doing_wp_cron=1762468009.1590940952301025390625 HTTP/1.1" 200 0 "-" "WordPress/6.8.3; https://androidhindi.in"
147.135.212.200 - - [07/Nov/2025:03:56:48 +0530] "GET /%E0%A4%8F%E0%A4%82%E0%A4%A1%E0%A5%8D%E0%A4%B0%E0%A4%BE%E0%A4%87%E0%A4%A1-%E0%A4%AB%E0%A5%8B%E0%A4%A8-%E0%A4%95%E0%A5%80-%E0%A4%95%E0%A5%88%E0%A4%B6-%E0%A4%AB%E0%A4%BE%E0%A4%87%E0%A4%B2-%E0%A4%95/ HTTP/1.1" 404 19369 "-" "Mozilla/5.0 (compatible; MJ12bot/v1.4.8; http://mj12bot.com/)"
122.180.246.194 - - [07/Nov/2025:03:56:54 +0530] "POST /wp-cron.php?doing_wp_cron=1762468014.6534171104431152343750 HTTP/1.1" 200 0 "-" "WordPress/6.8.3; https://androidhindi.in"
147.135.212.200 - - [07/Nov/2025:03:56:54 +0530] "GET /%E0%A4%8F%E0%A4%82%E0%A4%A1%E0%A5%8D%E0%A4%B0%E0%A4%BE%E0%A4%87%E0%A4%A1-%E0%A4%AE%E0%A5%8B%E0%A4%AC%E0%A4%BE%E0%A4%87%E0%A4%B2-%E0%A4%85%E0%A4%AA%E0%A4%A1%E0%A5%87%E0%A4%9F-%E0%A4%95%E0%A5%88/ HTTP/1.1" 404 19369 "-" "Mozilla/5.0 (compatible; MJ12bot/v1.4.8; http://mj12bot.com/)"
66.249.72.140 - - [07/Nov/2025:03:57:03 +0530] "GET /feed HTTP/1.1" 301 0 "-" "Mozilla/5.0 (compatible; Googlebot/2.1; +http://www.google.com/bot.html)"
122.180.246.194 - - [07/Nov/2025:03:57:12 +0530] "POST /wp-cron.php?doing_wp_cron=1762468032.4062919616699218750000 HTTP/1.1" 200 0 "-" "WordPress/6.8.3; https://androidhindi.in"
66.249.72.141 - - [07/Nov/2025:03:57:12 +0530] "GET /feed/ HTTP/1.1" 500 194 "-" "Mozilla/5.0 (compatible; Googlebot/2.1; +http://www.google.com/bot.html)"
66.249.72.142 - - [07/Nov/2025:03:59:16 +0530] "GET /feed/ HTTP/1.1" 500 194 "-" "Mozilla/5.0 (compatible; Googlebot/2.1; +http://www.google.com/bot.html)"
122.180.246.194 - - [07/Nov/2025:04:01:49 +0530] "POST /wp-cron.php?doing_wp_cron=1762468309.5820260047912597656250 HTTP/1.1" 200 0 "-" "WordPress/6.8.3; https://androidhindi.in"
87.251.78.131 - - [07/Nov/2025:04:01:19 +0530] "GET /xmlrpc.php?rsd HTTP/2" 200 311 "-" "Mozilla/5.0 (Macintosh; Intel Mac OS X 10_15_7) AppleWebKit/605.1.15 (KHTML, like Gecko) Version/15.1 Safari/605.1.15"
87.251.78.131 - - [07/Nov/2025:04:01:50 +0530] "GET /wp-content/themes/generatepress/assets/js/classList.min.js?ver=3.6.0 HTTP/2" 200 1134 "-" "Mozilla/5.0 (Macintosh; Intel Mac OS X 10_15_7) AppleWebKit/605.1.15 (KHTML, like Gecko) Version/15.1 Safari/605.1.15"
87.251.78.131 - - [07/Nov/2025:04:01:50 +0530] "GET /wp-includes/js/jquery/jquery-migrate.min.js?ver=3.4.1 HTTP/2" 200 4870 "-" "Mozilla/5.0 (Macintosh; Intel Mac OS X 10_15_7) AppleWebKit/605.1.15 (KHTML, like Gecko) Version/15.1 Safari/605.1.15"
87.251.78.131 - - [07/Nov/2025:04:01:51 +0530] "GET /wp-content/plugins/contact-form-7/includes/js/index.js?ver=6.1.3 HTTP/2" 200 4236 "-" "Mozilla/5.0 (Windows NT 10.0; Win64; x64) AppleWebKit/537.36 Chrome/114.0.5735.110 Safari/537.36"
87.251.78.131 - - [07/Nov/2025:04:01:51 +0530] "GET /wp-content/plugins/notix-web-push-notifications/public/js/notix-public.js?ver=1.2.4 HTTP/2" 200 475 "-" "Mozilla/5.0 (X11; Linux x86_64) AppleWebKit/537.36 Chrome/113.0.0.0 Safari/537.36"
87.251.78.131 - - [07/Nov/2025:04:01:51 +0530] "GET /wp-content/plugins/kk-star-ratings/src/core/public/js/kk-star-ratings.min.js?ver=5.4.10.2 HTTP/2" 200 735 "-" "Mozilla/5.0 (Windows NT 10.0; Win64; x64) AppleWebKit/537.36 Chrome/114.0.5735.110 Safari/537.36"
122.180.246.194 - - [07/Nov/2025:04:14:51 +0530] "POST /wp-cron.php?doing_wp_cron=1762469091.3610150814056396484375 HTTP/1.1" 200 0 "-" "WordPress/6.8.3; https://androidhindi.in"
122.180.246.194 - - [07/Nov/2025:04:16:42 +0530] "POST /wp-cron.php?doing_wp_cron=1762469202.5116119384765625000000 HTTP/1.1" 200 0 "-" "WordPress/6.8.3; https://androidhindi.in"
122.180.246.194 - - [07/Nov/2025:04:17:44 +0530] "POST /wp-cron.php?doing_wp_cron=1762469264.8566219806671142578125 HTTP/1.1" 200 0 "-" "WordPress/6.8.3; https://androidhindi.in"
66.249.72.141 - - [07/Nov/2025:04:17:44 +0530] "GET /feed HTTP/1.1" 301 0 "-" "Mozilla/5.0 (compatible; Googlebot/2.1; +http://www.google.com/bot.html)"
66.249.72.141 - - [07/Nov/2025:04:17:45 +0530] "GET /feed/ HTTP/1.1" 500 194 "-" "Mozilla/5.0 (compatible; Googlebot/2.1; +http://www.google.com/bot.html)"
122.180.246.194 - - [07/Nov/2025:04:18:46 +0530] "POST /wp-cron.php?doing_wp_cron=1762469326.6595380306243896484375 HTTP/1.1" 200 0 "-" "WordPress/6.8.3; https://androidhindi.in"
66.249.72.140 - - [07/Nov/2025:04:18:47 +0530] "GET /feed/ HTTP/1.1" 500 194 "-" "Mozilla/5.0 (compatible; Googlebot/2.1; +http://www.google.com/bot.html)"
66.249.72.141 - - [07/Nov/2025:04:19:48 +0530] "GET /feed HTTP/1.1" 301 0 "-" "Mozilla/5.0 (compatible; Googlebot/2.1; +http://www.google.com/bot.html)"
66.249.72.141 - - [07/Nov/2025:04:19:49 +0530] "GET /feed/ HTTP/1.1" 500 194 "-" "Mozilla/5.0 (compatible; Googlebot/2.1; +http://www.google.com/bot.html)"
204.12.252.98 - - [07/Nov/2025:04:20:59 +0530] "GET /wp-includes/js9262c2/edit.php HTTP/1.1" 301 0 "http://www.androidhindi.in/wp-includes/js9262c2/edit.php" "Mozilla/5.0 (Windows NT 10.0; Win64; x64) AppleWebKit/537.36 (KHTML, like Gecko) Chrome/58.0.3029.110 Safari/537.3"
114.119.138.155 - - [07/Nov/2025:04:23:17 +0530] "GET /wp-content/uploads/2023/12/1913-Liberty-Head-Nickel-1.webp HTTP/1.1" 404 22979 "https://androidhindi.in/web-stories/top-10-storied-early-us-rarities" "Mozilla/5.0 (Linux; Android 7.0;) AppleWebKit/537.36 (KHTML, like Gecko) Mobile Safari/537.36 (compatible; PetalBot;+https://webmaster.petalsearch.com/site/petalbot)"
66.249.71.130 - - [07/Nov/2025:04:14:50 +0530] "GET /ads.txt HTTP/1.1" 301 0 "-" "Mozilla/5.0 (compatible; Googlebot/2.1; +http://www.google.com/bot.html)"
66.249.72.140 - - [07/Nov/2025:04:16:42 +0530] "GET /feed HTTP/1.1" 301 0 "-" "Mozilla/5.0 (compatible; Googlebot/2.1; +http://www.google.com/bot.html)"
66.249.72.141 - - [07/Nov/2025:04:16:43 +0530] "GET /feed/ HTTP/1.1" 500 194 "-" "Mozilla/5.0 (compatible; Googlebot/2.1; +http://www.google.com/bot.html)"
66.249.72.141 - - [07/Nov/2025:04:18:46 +0530] "GET /feed HTTP/1.1" 301 0 "-" "Mozilla/5.0 (compatible; Googlebot/2.1; +http://www.google.com/bot.html)"
122.180.246.194 - - [07/Nov/2025:04:19:48 +0530] "POST /wp-cron.php?doing_wp_cron=1762469388.9817779064178466796875 HTTP/1.1" 200 0 "-" "WordPress/6.8.3; https://androidhindi.in"
122.180.246.194 - - [07/Nov/2025:04:21:00 +0530] "POST /wp-cron.php?doing_wp_cron=1762469460.4942429065704345703125 HTTP/1.1" 200 0 "-" "WordPress/6.8.3; https://androidhindi.in"
204.12.252.98 - - [07/Nov/2025:04:21:01 +0530] "GET /wp-includes/js9262c2/edit.php HTTP/1.1" 404 18305 "http://www.androidhindi.in/wp-includes/js9262c2/edit.php" "Mozilla/5.0 (Windows NT 10.0; Win64; x64) AppleWebKit/537.36 (KHTML, like Gecko) Chrome/58.0.3029.110 Safari/537.3"
122.180.246.194 - - [07/Nov/2025:04:21:24 +0530] "POST /wp-cron.php?doing_wp_cron=1762469484.6375610828399658203125 HTTP/1.1" 200 0 "-" "WordPress/6.8.3; https://androidhindi.in"
