136.243.228.182 - - [07/Nov/2025:06:31:18 +0530] "GET /google-ka-photo-kaise-change-kare/ HTTP/1.1" 200 36234 "-" "Mozilla/5.0 (compatible; DataForSeoBot/1.0; +https://dataforseo.com/dataforseo-bot)"
136.243.228.182 - - [07/Nov/2025:06:31:32 +0530] "GET /vidmate-money-earning-app-download/ HTTP/1.1" 200 34440 "-" "Mozilla/5.0 (compatible; DataForSeoBot/1.0; +https://dataforseo.com/dataforseo-bot)"
136.243.228.182 - - [07/Nov/2025:06:31:48 +0530] "GET /vidmate-apk-download-latest-version/ HTTP/1.1" 200 33824 "-" "Mozilla/5.0 (compatible; DataForSeoBot/1.0; +https://dataforseo.com/dataforseo-bot)"
136.243.228.182 - - [07/Nov/2025:06:31:52 +0530] "GET /web-stories/mobile-fast-kaise-kare/ HTTP/1.1" 200 13741 "-" "Mozilla/5.0 (compatible; DataForSeoBot/1.0; +https://dataforseo.com/dataforseo-bot)"
136.243.228.182 - - [07/Nov/2025:06:31:57 +0530] "GET /web-stories/top-10-legendary-us-coin-collectors-through-history/ HTTP/1.1" 200 11818 "-" "Mozilla/5.0 (compatible; DataForSeoBot/1.0; +https://dataforseo.com/dataforseo-bot)"
136.243.228.182 - - [07/Nov/2025:06:32:01 +0530] "GET /web-stories/developer-option-in-hindi/ HTTP/1.1" 200 15266 "-" "Mozilla/5.0 (compatible; DataForSeoBot/1.0; +https://dataforseo.com/dataforseo-bot)"
136.243.228.182 - - [07/Nov/2025:06:30:27 +0530] "GET /whatsapp-kaise-chalayen/ HTTP/1.1" 200 41066 "-" "Mozilla/5.0 (compatible; DataForSeoBot/1.0; +https://dataforseo.com/dataforseo-bot)"
136.243.228.182 - - [07/Nov/2025:06:30:33 +0530] "GET /android-phone-ki-screen-rotate-kaise-kare/ HTTP/1.1" 200 34319 "-" "Mozilla/5.0 (compatible; DataForSeoBot/1.0; +https://dataforseo.com/dataforseo-bot)"
136.243.228.182 - - [07/Nov/2025:06:30:37 +0530] "GET /google-account-secure-kaise-kare/ HTTP/1.1" 200 38352 "-" "Mozilla/5.0 (compatible; DataForSeoBot/1.0; +https://dataforseo.com/dataforseo-bot)"
136.243.228.182 - - [07/Nov/2025:06:30:45 +0530] "GET /moj-app-download-kaise-kare/ HTTP/1.1" 200 39473 "-" "Mozilla/5.0 (compatible; DataForSeoBot/1.0; +https://dataforseo.com/dataforseo-bot)"
136.243.228.182 - - [07/Nov/2025:06:30:49 +0530] "GET /cricket-sattebaaji-ke-kaale-rahasya/ HTTP/1.1" 200 34529 "-" "Mozilla/5.0 (compatible; DataForSeoBot/1.0; +https://dataforseo.com/dataforseo-bot)"
136.243.228.182 - - [07/Nov/2025:06:30:57 +0530] "GET /whatsapp-download-karna-hai-kaise-karen/ HTTP/1.1" 200 33856 "-" "Mozilla/5.0 (compatible; DataForSeoBot/1.0; +https://dataforseo.com/dataforseo-bot)"
136.243.228.182 - - [07/Nov/2025:06:31:02 +0530] "GET /how-to-play-free-fire-after-ban-hindi/ HTTP/1.1" 200 36621 "-" "Mozilla/5.0 (compatible; DataForSeoBot/1.0; +https://dataforseo.com/dataforseo-bot)"
136.243.228.182 - - [07/Nov/2025:06:31:23 +0530] "GET /public-app-download-kaise-kare/ HTTP/1.1" 200 34825 "-" "Mozilla/5.0 (compatible; DataForSeoBot/1.0; +https://dataforseo.com/dataforseo-bot)"
136.243.228.182 - - [07/Nov/2025:06:31:27 +0530] "GET /free-fire-remove-kyo-hua-garena-free-fire-removed-from-play-store/ HTTP/1.1" 200 39410 "-" "Mozilla/5.0 (compatible; DataForSeoBot/1.0; +https://dataforseo.com/dataforseo-bot)"
136.243.228.182 - - [07/Nov/2025:06:31:36 +0530] "GET /hamraaz-app-download-kaise-kare/ HTTP/1.1" 200 36694 "-" "Mozilla/5.0 (compatible; DataForSeoBot/1.0; +https://dataforseo.com/dataforseo-bot)"
136.243.228.182 - - [07/Nov/2025:06:31:39 +0530] "GET /android-par-sports-betting-offer-ka-labh-kaise-uthaye/ HTTP/1.1" 200 34384 "-" "Mozilla/5.0 (compatible; DataForSeoBot/1.0; +https://dataforseo.com/dataforseo-bot)"
136.243.228.182 - - [07/Nov/2025:06:31:44 +0530] "GET /shemaroo-gujarati-app-download/ HTTP/1.1" 200 34794 "-" "Mozilla/5.0 (compatible; DataForSeoBot/1.0; +https://dataforseo.com/dataforseo-bot)"
136.243.228.182 - - [07/Nov/2025:06:32:05 +0530] "GET /web-stories/pinterest-video-download-kaise-kare/ HTTP/1.1" 200 13110 "-" "Mozilla/5.0 (compatible; DataForSeoBot/1.0; +https://dataforseo.com/dataforseo-bot)"
136.243.228.182 - - [07/Nov/2025:06:32:13 +0530] "GET /web-stories/vaccine-certificate-download-kaise-kare/ HTTP/1.1" 200 11461 "-" "Mozilla/5.0 (compatible; DataForSeoBot/1.0; +https://dataforseo.com/dataforseo-bot)"
136.243.228.182 - - [07/Nov/2025:06:32:17 +0530] "GET /web-stories/phone-me-app-kaise-chhupaye/ HTTP/1.1" 200 11226 "-" "Mozilla/5.0 (compatible; DataForSeoBot/1.0; +https://dataforseo.com/dataforseo-bot)"
136.243.228.182 - - [07/Nov/2025:06:32:21 +0530] "GET /web-stories/vivo-y56-y16-price-hui-kam/ HTTP/1.1" 200 10045 "-" "Mozilla/5.0 (compatible; DataForSeoBot/1.0; +https://dataforseo.com/dataforseo-bot)"
136.243.228.182 - - [07/Nov/2025:06:32:26 +0530] "GET /web-stories/instagram-report-fake-account-in-hindi/ HTTP/1.1" 200 13910 "-" "Mozilla/5.0 (compatible; DataForSeoBot/1.0; +https://dataforseo.com/dataforseo-bot)"
136.243.228.182 - - [07/Nov/2025:06:32:30 +0530] "GET /web-stories/fake-instagram-account-report-kaise-kare/ HTTP/1.1" 200 9796 "-" "Mozilla/5.0 (compatible; DataForSeoBot/1.0; +https://dataforseo.com/dataforseo-bot)"
136.243.228.182 - - [07/Nov/2025:06:32:38 +0530] "GET /web-stories/app-hide-kare/ HTTP/1.1" 200 9668 "-" "Mozilla/5.0 (compatible; DataForSeoBot/1.0; +https://dataforseo.com/dataforseo-bot)"
136.243.228.182 - - [07/Nov/2025:06:32:08 +0530] "GET /web-stories/top-10-valuable-colonial-era-coins-and-patterns/ HTTP/1.1" 200 11338 "-" "Mozilla/5.0 (compatible; DataForSeoBot/1.0; +https://dataforseo.com/dataforseo-bot)"
136.243.228.182 - - [07/Nov/2025:06:32:33 +0530] "GET /web-stories/gta-ke-naye-update-me-milenge-double-rp-aur-paise/ HTTP/1.1" 200 11197 "-" "Mozilla/5.0 (compatible; DataForSeoBot/1.0; +https://dataforseo.com/dataforseo-bot)"
122.180.246.194 - - [07/Nov/2025:06:32:47 +0530] "POST /wp-cron.php?doing_wp_cron=1762477367.6570930480957031250000 HTTP/1.1" 200 0 "-" "WordPress/6.8.3; https://androidhindi.in"
136.243.228.182 - - [07/Nov/2025:06:32:46 +0530] "GET /web-stories/gta-5-mobile-me-kaise-khele/ HTTP/1.1" 301 0 "-" "Mozilla/5.0 (compatible; DataForSeoBot/1.0; +https://dataforseo.com/dataforseo-bot)"
136.243.228.182 - - [07/Nov/2025:06:33:05 +0530] "GET /web-stories/pegasus-spyware-kya-hai/ HTTP/1.1" 200 11136 "-" "Mozilla/5.0 (compatible; DataForSeoBot/1.0; +https://dataforseo.com/dataforseo-bot)"
136.243.228.182 - - [07/Nov/2025:06:33:08 +0530] "GET /web-stories/google-chrome-http-site-update/ HTTP/1.1" 200 9886 "-" "Mozilla/5.0 (compatible; DataForSeoBot/1.0; +https://dataforseo.com/dataforseo-bot)"
136.243.228.182 - - [07/Nov/2025:06:33:25 +0530] "GET /web-stories/android-security-patch-level/ HTTP/1.1" 200 10167 "-" "Mozilla/5.0 (compatible; DataForSeoBot/1.0; +https://dataforseo.com/dataforseo-bot)"
136.243.228.182 - - [07/Nov/2025:06:33:29 +0530] "GET /web-stories/free-fire-redeem-code-2022/ HTTP/1.1" 200 9430 "-" "Mozilla/5.0 (compatible; DataForSeoBot/1.0; +https://dataforseo.com/dataforseo-bot)"
136.243.228.182 - - [07/Nov/2025:06:33:36 +0530] "GET /web-stories/minecraft-free-download/ HTTP/1.1" 200 9936 "-" "Mozilla/5.0 (compatible; DataForSeoBot/1.0; +https://dataforseo.com/dataforseo-bot)"
136.243.228.182 - - [07/Nov/2025:06:33:41 +0530] "GET /web-stories/free-fire-khel-sakte-hai-ab/ HTTP/1.1" 200 9100 "-" "Mozilla/5.0 (compatible; DataForSeoBot/1.0; +https://dataforseo.com/dataforseo-bot)"
136.243.228.182 - - [07/Nov/2025:06:33:46 +0530] "GET /web-stories/top-10-beautiful-and-popular-commemorative-us-coin-designs/ HTTP/1.1" 200 11093 "-" "Mozilla/5.0 (compatible; DataForSeoBot/1.0; +https://dataforseo.com/dataforseo-bot)"
136.243.228.182 - - [07/Nov/2025:06:33:50 +0530] "GET /web-stories/phone-me-chrome-extension-kaise-chalaye/ HTTP/1.1" 200 9368 "-" "Mozilla/5.0 (compatible; DataForSeoBot/1.0; +https://dataforseo.com/dataforseo-bot)"
136.243.228.182 - - [07/Nov/2025:06:34:39 +0530] "GET /web-stories/youtube-audio-video-download-kare/ HTTP/1.1" 200 8455 "-" "Mozilla/5.0 (compatible; DataForSeoBot/1.0; +https://dataforseo.com/dataforseo-bot)"
136.243.228.182 - - [07/Nov/2025:06:34:41 +0530] "GET /web-stories/minecraft-1-19-ore-distribution/ HTTP/1.1" 200 9294 "-" "Mozilla/5.0 (compatible; DataForSeoBot/1.0; +https://dataforseo.com/dataforseo-bot)"
136.243.228.182 - - [07/Nov/2025:06:34:46 +0530] "GET /web-stories/dusre-ka-whatsapp-kaise-dekhe-2023-me/ HTTP/1.1" 200 11053 "-" "Mozilla/5.0 (compatible; DataForSeoBot/1.0; +https://dataforseo.com/dataforseo-bot)"
136.243.228.182 - - [07/Nov/2025:06:34:50 +0530] "GET /web-stories/top-10-odd-and-curious-early-forms-of-us-currency-experiments/ HTTP/1.1" 200 11077 "-" "Mozilla/5.0 (compatible; DataForSeoBot/1.0; +https://dataforseo.com/dataforseo-bot)"
136.243.228.182 - - [07/Nov/2025:06:34:55 +0530] "GET /gmail-ka-password-kaise-pata-kare HTTP/1.1" 200 42447 "-" "Mozilla/5.0 (compatible; DataForSeoBot/1.0; +https://dataforseo.com/dataforseo-bot)"
122.180.246.194 - - [07/Nov/2025:06:34:59 +0530] "POST /wp-cron.php?doing_wp_cron=1762477499.5338010787963867187500 HTTP/1.1" 200 0 "-" "WordPress/6.8.3; https://androidhindi.in"
136.243.228.182 - - [07/Nov/2025:06:34:59 +0530] "GET /?s=Play+store HTTP/1.1" 200 21678 "-" "Mozilla/5.0 (compatible; DataForSeoBot/1.0; +https://dataforseo.com/dataforseo-bot)"
136.243.228.182 - - [07/Nov/2025:06:32:42 +0530] "GET /web-stories/split-screen-kya-hota-hai/ HTTP/1.1" 200 12384 "-" "Mozilla/5.0 (compatible; DataForSeoBot/1.0; +https://dataforseo.com/dataforseo-bot)"
136.243.228.182 - - [07/Nov/2025:06:32:51 +0530] "GET /web-stories/top-10-early-commemorative-us-silver-dollar-coin-series/ HTTP/1.1" 200 10986 "-" "Mozilla/5.0 (compatible; DataForSeoBot/1.0; +https://dataforseo.com/dataforseo-bot)"
136.243.228.182 - - [07/Nov/2025:06:32:55 +0530] "GET /web-stories/free-fire-kyo-banned-hua-india-me/ HTTP/1.1" 200 9825 "-" "Mozilla/5.0 (compatible; DataForSeoBot/1.0; +https://dataforseo.com/dataforseo-bot)"
136.243.228.182 - - [07/Nov/2025:06:32:59 +0530] "GET /web-stories/android-phone-me-siri-aise-chalaye/ HTTP/1.1" 200 144772 "-" "Mozilla/5.0 (compatible; DataForSeoBot/1.0; +https://dataforseo.com/dataforseo-bot)"
136.243.228.182 - - [07/Nov/2025:06:33:13 +0530] "GET /web-stories/phone-se-bijli-ka-bill-kaise-bhare/ HTTP/1.1" 200 8938 "-" "Mozilla/5.0 (compatible; DataForSeoBot/1.0; +https://dataforseo.com/dataforseo-bot)"
136.243.228.182 - - [07/Nov/2025:06:33:17 +0530] "GET /web-stories/top-10-most-hilarious-us-gold-coinage/ HTTP/1.1" 200 11403 "-" "Mozilla/5.0 (compatible; DataForSeoBot/1.0; +https://dataforseo.com/dataforseo-bot)"
136.243.228.182 - - [07/Nov/2025:06:33:21 +0530] "GET /web-stories/mobile-ki-khoj-kisne-ki/ HTTP/1.1" 200 12810 "-" "Mozilla/5.0 (compatible; DataForSeoBot/1.0; +https://dataforseo.com/dataforseo-bot)"
136.243.228.182 - - [07/Nov/2025:06:33:33 +0530] "GET /web-stories/phone-se-safe-mode-kaise-hataye/ HTTP/1.1" 200 13639 "-" "Mozilla/5.0 (compatible; DataForSeoBot/1.0; +https://dataforseo.com/dataforseo-bot)"
136.243.228.182 - - [07/Nov/2025:06:33:53 +0530] "GET /web-stories/gmail-ka-password-kaise-pata-kare/ HTTP/1.1" 200 11973 "-" "Mozilla/5.0 (compatible; DataForSeoBot/1.0; +https://dataforseo.com/dataforseo-bot)"
136.243.228.182 - - [07/Nov/2025:06:33:57 +0530] "GET /web-stories/whatsapp-new-ai-sticker-generation-feature-hindi/ HTTP/1.1" 200 9871 "-" "Mozilla/5.0 (compatible; DataForSeoBot/1.0; +https://dataforseo.com/dataforseo-bot)"
136.243.228.182 - - [07/Nov/2025:06:34:02 +0530] "GET /web-stories/number-block-kaise-kare/ HTTP/1.1" 200 11959 "-" "Mozilla/5.0 (compatible; DataForSeoBot/1.0; +https://dataforseo.com/dataforseo-bot)"
136.243.228.182 - - [07/Nov/2025:06:34:06 +0530] "GET /web-stories/james-webb-space-telescope/ HTTP/1.1" 200 10043 "-" "Mozilla/5.0 (compatible; DataForSeoBot/1.0; +https://dataforseo.com/dataforseo-bot)"
136.243.228.182 - - [07/Nov/2025:06:34:10 +0530] "GET /web-stories/usb-debugging-in-hindi/ HTTP/1.1" 200 10075 "-" "Mozilla/5.0 (compatible; DataForSeoBot/1.0; +https://dataforseo.com/dataforseo-bot)"
136.243.228.182 - - [07/Nov/2025:06:34:13 +0530] "GET /web-stories/top-10-design-varieties-in-early-us-gold-coin-issues/ HTTP/1.1" 200 11301 "-" "Mozilla/5.0 (compatible; DataForSeoBot/1.0; +https://dataforseo.com/dataforseo-bot)"
136.243.228.182 - - [07/Nov/2025:06:34:17 +0530] "GET /web-stories/phone-hack-kaise-hataye/ HTTP/1.1" 200 11140 "-" "Mozilla/5.0 (compatible; DataForSeoBot/1.0; +https://dataforseo.com/dataforseo-bot)"
136.243.228.182 - - [07/Nov/2025:06:34:21 +0530] "GET /web-stories/minecraft-kaise-download-karen/ HTTP/1.1" 200 8845 "-" "Mozilla/5.0 (compatible; DataForSeoBot/1.0; +https://dataforseo.com/dataforseo-bot)"
136.243.228.182 - - [07/Nov/2025:06:34:26 +0530] "GET /web-stories/mobile-kitna-purana-hai-kaise-jane/ HTTP/1.1" 200 12753 "-" "Mozilla/5.0 (compatible; DataForSeoBot/1.0; +https://dataforseo.com/dataforseo-bot)"
136.243.228.182 - - [07/Nov/2025:06:34:30 +0530] "GET /web-stories/call-recording-kaise-chalu-kare/ HTTP/1.1" 200 11136 "-" "Mozilla/5.0 (compatible; DataForSeoBot/1.0; +https://dataforseo.com/dataforseo-bot)"
136.243.228.182 - - [07/Nov/2025:06:34:34 +0530] "GET /web-stories/blocked-number-pe-call-kaise-kare/ HTTP/1.1" 200 14500 "-" "Mozilla/5.0 (compatible; DataForSeoBot/1.0; +https://dataforseo.com/dataforseo-bot)"
136.243.228.182 - - [07/Nov/2025:06:35:03 +0530] "GET /ringtone-kaise-set-karen HTTP/1.1" 200 37600 "-" "Mozilla/5.0 (compatible; DataForSeoBot/1.0; +https://dataforseo.com/dataforseo-bot)"
122.180.246.194 - - [07/Nov/2025:06:35:11 +0530] "POST /wp-cron.php?doing_wp_cron=1762477511.8866510391235351562500 HTTP/1.1" 200 0 "-" "WordPress/6.8.3; https://androidhindi.in"
136.243.228.182 - - [07/Nov/2025:06:35:11 +0530] "GET /?s=message HTTP/1.1" 200 21515 "-" "Mozilla/5.0 (compatible; DataForSeoBot/1.0; +https://dataforseo.com/dataforseo-bot)"
136.243.228.182 - - [07/Nov/2025:06:35:15 +0530] "GET /web-stories/blacklist-se-number-kaise-nikale/ HTTP/1.1" 200 9810 "-" "Mozilla/5.0 (compatible; DataForSeoBot/1.0; +https://dataforseo.com/dataforseo-bot)"
136.243.228.182 - - [07/Nov/2025:06:35:19 +0530] "GET /web-stories/samsung-s22-pre-book-kare/ HTTP/1.1" 200 11119 "-" "Mozilla/5.0 (compatible; DataForSeoBot/1.0; +https://dataforseo.com/dataforseo-bot)"
136.243.228.182 - - [07/Nov/2025:06:35:23 +0530] "GET /web-stories/bina-number-ke-whatsapp-kaise-chalaye/ HTTP/1.1" 200 9602 "-" "Mozilla/5.0 (compatible; DataForSeoBot/1.0; +https://dataforseo.com/dataforseo-bot)"
136.243.228.182 - - [07/Nov/2025:06:35:26 +0530] "GET /web-stories/ab-aayega-saste-phone-me-bhi-type-c/ HTTP/1.1" 200 12106 "-" "Mozilla/5.0 (compatible; DataForSeoBot/1.0; +https://dataforseo.com/dataforseo-bot)"
136.243.228.182 - - [07/Nov/2025:06:35:31 +0530] "GET /web-stories/infinix-note-30-series-with-108-mp-camera/ HTTP/1.1" 200 11245 "-" "Mozilla/5.0 (compatible; DataForSeoBot/1.0; +https://dataforseo.com/dataforseo-bot)"
136.243.228.182 - - [07/Nov/2025:06:35:34 +0530] "GET /web-stories/android-ke-liye-best-cloud-gaming-apps/ HTTP/1.1" 200 12604 "-" "Mozilla/5.0 (compatible; DataForSeoBot/1.0; +https://dataforseo.com/dataforseo-bot)"
136.243.228.182 - - [07/Nov/2025:06:35:43 +0530] "GET /web-stories/shemaroo-gujarati-app-download/ HTTP/1.1" 200 10714 "-" "Mozilla/5.0 (compatible; DataForSeoBot/1.0; +https://dataforseo.com/dataforseo-bot)"
136.243.228.182 - - [07/Nov/2025:06:35:56 +0530] "GET /web-stories/hamraaz-app-download/ HTTP/1.1" 200 11453 "-" "Mozilla/5.0 (compatible; DataForSeoBot/1.0; +https://dataforseo.com/dataforseo-bot)"
136.243.228.182 - - [07/Nov/2025:06:36:12 +0530] "GET /web-stories/gta-6-download-karna-hai-to-abhi-kare-ye-kaam/ HTTP/1.1" 200 10571 "-" "Mozilla/5.0 (compatible; DataForSeoBot/1.0; +https://dataforseo.com/dataforseo-bot)"
136.243.228.182 - - [07/Nov/2025:06:36:16 +0530] "GET /web-stories/top-10-early-american-coin-hoards-and-treasures/ HTTP/1.1" 200 11324 "-" "Mozilla/5.0 (compatible; DataForSeoBot/1.0; +https://dataforseo.com/dataforseo-bot)"
136.243.228.182 - - [07/Nov/2025:06:36:19 +0530] "GET /web-stories/top-10-oldest-us-coins-in-circulation/ HTTP/1.1" 200 8801 "-" "Mozilla/5.0 (compatible; DataForSeoBot/1.0; +https://dataforseo.com/dataforseo-bot)"
136.243.228.182 - - [07/Nov/2025:06:36:24 +0530] "GET /web-stories/free-fire-kaise-khele-after-ban/ HTTP/1.1" 200 9100 "-" "Mozilla/5.0 (compatible; DataForSeoBot/1.0; +https://dataforseo.com/dataforseo-bot)"
136.243.228.182 - - [07/Nov/2025:06:36:27 +0530] "GET /web-stories/whatsapp-ai-chatbot-voice-chat-feature/ HTTP/1.1" 200 162955 "-" "Mozilla/5.0 (compatible; DataForSeoBot/1.0; +https://dataforseo.com/dataforseo-bot)"
136.243.228.182 - - [07/Nov/2025:06:36:33 +0530] "GET /web-stories/screen-pinning-kya-hota-hai/ HTTP/1.1" 200 13850 "-" "Mozilla/5.0 (compatible; DataForSeoBot/1.0; +https://dataforseo.com/dataforseo-bot)"
136.243.228.182 - - [07/Nov/2025:06:36:36 +0530] "GET /web-stories/android-accessibility-suite-kya-hai/ HTTP/1.1" 200 14123 "-" "Mozilla/5.0 (compatible; DataForSeoBot/1.0; +https://dataforseo.com/dataforseo-bot)"
136.243.228.182 - - [07/Nov/2025:06:36:40 +0530] "GET /web-stories/best-colorful-phones-to-buy-this-holi-hindi/ HTTP/1.1" 200 13555 "-" "Mozilla/5.0 (compatible; DataForSeoBot/1.0; +https://dataforseo.com/dataforseo-bot)"
136.243.228.182 - - [07/Nov/2025:06:37:01 +0530] "GET /web-stories/gta-launched-new-karin-hotring-everon-car/ HTTP/1.1" 200 11210 "-" "Mozilla/5.0 (compatible; DataForSeoBot/1.0; +https://dataforseo.com/dataforseo-bot)"
136.243.228.182 - - [07/Nov/2025:06:37:04 +0530] "GET /web-stories/motu-patlu-game-download/ HTTP/1.1" 200 10904 "-" "Mozilla/5.0 (compatible; DataForSeoBot/1.0; +https://dataforseo.com/dataforseo-bot)"
136.243.228.182 - - [07/Nov/2025:06:35:07 +0530] "GET /?s=play+store HTTP/1.1" 200 21681 "-" "Mozilla/5.0 (compatible; DataForSeoBot/1.0; +https://dataforseo.com/dataforseo-bot)"
136.243.228.182 - - [07/Nov/2025:06:35:39 +0530] "GET /web-stories/phone-me-excel-kaise-chalayen/ HTTP/1.1" 200 8716 "-" "Mozilla/5.0 (compatible; DataForSeoBot/1.0; +https://dataforseo.com/dataforseo-bot)"
136.243.228.182 - - [07/Nov/2025:06:35:47 +0530] "GET /web-stories/5g-kitna-khatarnak-hai/ HTTP/1.1" 200 10593 "-" "Mozilla/5.0 (compatible; DataForSeoBot/1.0; +https://dataforseo.com/dataforseo-bot)"
136.243.228.182 - - [07/Nov/2025:06:35:51 +0530] "GET /web-stories/gb-whatsapp-download-latest-version/ HTTP/1.1" 200 10117 "-" "Mozilla/5.0 (compatible; DataForSeoBot/1.0; +https://dataforseo.com/dataforseo-bot)"
136.243.228.182 - - [07/Nov/2025:06:36:00 +0530] "GET /web-stories/top-10-ways-to-invest-in-gold-and-silver-coins-and-bullion/ HTTP/1.1" 200 11431 "-" "Mozilla/5.0 (compatible; DataForSeoBot/1.0; +https://dataforseo.com/dataforseo-bot)"
136.243.228.182 - - [07/Nov/2025:06:36:04 +0530] "GET /web-stories/top-10-rare-and-valuable-us-coins-worth-money-2/ HTTP/1.1" 200 8201 "-" "Mozilla/5.0 (compatible; DataForSeoBot/1.0; +https://dataforseo.com/dataforseo-bot)"
136.243.228.182 - - [07/Nov/2025:06:36:07 +0530] "GET /web-stories/top-10-oldest-us-paper-currency-notes/ HTTP/1.1" 200 10981 "-" "Mozilla/5.0 (compatible; DataForSeoBot/1.0; +https://dataforseo.com/dataforseo-bot)"
136.243.228.182 - - [07/Nov/2025:06:36:43 +0530] "GET /web-stories/top-10-crypto-trying-to-compete-with-the-us-dollar/ HTTP/1.1" 200 11092 "-" "Mozilla/5.0 (compatible; DataForSeoBot/1.0; +https://dataforseo.com/dataforseo-bot)"
136.243.228.182 - - [07/Nov/2025:06:36:47 +0530] "GET /web-stories/stock-android-kya-hai/ HTTP/1.1" 200 10033 "-" "Mozilla/5.0 (compatible; DataForSeoBot/1.0; +https://dataforseo.com/dataforseo-bot)"
136.243.228.182 - - [07/Nov/2025:06:36:52 +0530] "GET /web-stories/fm-whatsapp-download-kaise-kare/ HTTP/1.1" 200 11717 "-" "Mozilla/5.0 (compatible; DataForSeoBot/1.0; +https://dataforseo.com/dataforseo-bot)"
136.243.228.182 - - [07/Nov/2025:06:36:57 +0530] "GET /web-stories/whatsapp-channel-kaise-hataye/ HTTP/1.1" 200 9581 "-" "Mozilla/5.0 (compatible; DataForSeoBot/1.0; +https://dataforseo.com/dataforseo-bot)"
136.243.228.182 - - [07/Nov/2025:06:37:09 +0530] "GET /web-stories/background-data-meaning-in-hindi/ HTTP/1.1" 200 13138 "-" "Mozilla/5.0 (compatible; DataForSeoBot/1.0; +https://dataforseo.com/dataforseo-bot)"
136.243.228.182 - - [07/Nov/2025:06:37:13 +0530] "GET /web-stories/phone-se-google-account-hataye/ HTTP/1.1" 200 13674 "-" "Mozilla/5.0 (compatible; DataForSeoBot/1.0; +https://dataforseo.com/dataforseo-bot)"
136.243.228.182 - - [07/Nov/2025:06:37:17 +0530] "GET /web-stories/sabse-achchi-car-game-download-kare/ HTTP/1.1" 200 10218 "-" "Mozilla/5.0 (compatible; DataForSeoBot/1.0; +https://dataforseo.com/dataforseo-bot)"
136.243.228.182 - - [07/Nov/2025:06:37:25 +0530] "GET /web-stories/samsung-galaxy-s23-series-specifications-in-hindi/ HTTP/1.1" 200 13806 "-" "Mozilla/5.0 (compatible; DataForSeoBot/1.0; +https://dataforseo.com/dataforseo-bot)"
136.243.228.182 - - [07/Nov/2025:06:37:29 +0530] "GET /web-stories/android-system-webview-kya-hota-hai/ HTTP/1.1" 200 9649 "-" "Mozilla/5.0 (compatible; DataForSeoBot/1.0; +https://dataforseo.com/dataforseo-bot)"
136.243.228.182 - - [07/Nov/2025:06:37:45 +0530] "GET /web-stories/port-request-cancel-kaise-kare/ HTTP/1.1" 200 12102 "-" "Mozilla/5.0 (compatible; DataForSeoBot/1.0; +https://dataforseo.com/dataforseo-bot)"
136.243.228.182 - - [07/Nov/2025:06:37:49 +0530] "GET /web-stories/top-10-reasons-to-start-coin-roll-hunting-pocket-change/ HTTP/1.1" 200 10350 "-" "Mozilla/5.0 (compatible; DataForSeoBot/1.0; +https://dataforseo.com/dataforseo-bot)"
136.243.228.182 - - [07/Nov/2025:06:37:53 +0530] "GET /web-stories/narendra-modi-twitter-account-hacked/ HTTP/1.1" 200 12235 "-" "Mozilla/5.0 (compatible; DataForSeoBot/1.0; +https://dataforseo.com/dataforseo-bot)"
136.243.228.182 - - [07/Nov/2025:06:38:05 +0530] "GET /web-stories/bina-number-ke-message-kaise-bheje/ HTTP/1.1" 200 9320 "-" "Mozilla/5.0 (compatible; DataForSeoBot/1.0; +https://dataforseo.com/dataforseo-bot)"
136.243.228.182 - - [07/Nov/2025:06:38:09 +0530] "GET /web-stories/whatsapp-new-update/ HTTP/1.1" 200 134423 "-" "Mozilla/5.0 (compatible; DataForSeoBot/1.0; +https://dataforseo.com/dataforseo-bot)"
136.243.228.182 - - [07/Nov/2025:06:38:14 +0530] "GET /web-stories/free-fire-khele-vpn-laga-ke-after-ban/ HTTP/1.1" 200 10195 "-" "Mozilla/5.0 (compatible; DataForSeoBot/1.0; +https://dataforseo.com/dataforseo-bot)"
136.243.228.182 - - [07/Nov/2025:06:38:19 +0530] "GET /web-stories/motorola-confirmed-motorola-razr-smartphone-launch/ HTTP/1.1" 200 11597 "-" "Mozilla/5.0 (compatible; DataForSeoBot/1.0; +https://dataforseo.com/dataforseo-bot)"
136.243.228.182 - - [07/Nov/2025:06:38:23 +0530] "GET /web-stories/ HTTP/1.1" 200 28327 "-" "Mozilla/5.0 (compatible; DataForSeoBot/1.0; +https://dataforseo.com/dataforseo-bot)"
136.243.228.182 - - [07/Nov/2025:06:38:27 +0530] "GET /web-stories/top-10-most-counterfeited-us-dollar-bills-and-coins/ HTTP/1.1" 200 11351 "-" "Mozilla/5.0 (compatible; DataForSeoBot/1.0; +https://dataforseo.com/dataforseo-bot)"
136.243.228.182 - - [07/Nov/2025:06:38:35 +0530] "GET /web-stories/abhadr-website-ko-block-kaise-kare/ HTTP/1.1" 200 9756 "-" "Mozilla/5.0 (compatible; DataForSeoBot/1.0; +https://dataforseo.com/dataforseo-bot)"
136.243.228.182 - - [07/Nov/2025:06:38:47 +0530] "GET /web-stories/top-10-most-notable-failed-coin-redesign-attempts-in-american-history/ HTTP/1.1" 200 11125 "-" "Mozilla/5.0 (compatible; DataForSeoBot/1.0; +https://dataforseo.com/dataforseo-bot)"
122.180.246.194 - - [07/Nov/2025:06:38:55 +0530] "POST /wp-cron.php?doing_wp_cron=1762477735.5090570449829101562500 HTTP/1.1" 200 0 "-" "WordPress/6.8.3; https://androidhindi.in"
136.243.228.182 - - [07/Nov/2025:06:38:59 +0530] "GET /stock-android-vs-custom-android/ HTTP/1.1" 404 19368 "-" "Mozilla/5.0 (compatible; DataForSeoBot/1.0; +https://dataforseo.com/dataforseo-bot)"
122.180.246.194 - - [07/Nov/2025:06:41:04 +0530] "POST /wp-cron.php?doing_wp_cron=1762477864.4629769325256347656250 HTTP/1.1" 200 0 "-" "WordPress/6.8.3; https://androidhindi.in"
66.249.72.142 - - [07/Nov/2025:06:41:04 +0530] "GET /feed HTTP/1.1" 301 0 "-" "Mozilla/5.0 (compatible; Googlebot/2.1; +http://www.google.com/bot.html)"
66.249.72.141 - - [07/Nov/2025:06:41:12 +0530] "GET /wp-content/uploads/2021/07/Phone-%E0%A4%B8%E0%A5%87-Google-Account-Add-%E0%A4%95%E0%A5%88%E0%A4%B8%E0%A5%87-%E0%A4%95%E0%A4%B0%E0%A5%87%E0%A4%82.jpg HTTP/1.1" 404 20381 "-" "Googlebot-Image/1.0"
122.180.246.194 - - [07/Nov/2025:06:42:06 +0530] "POST /wp-cron.php?doing_wp_cron=1762477926.8320100307464599609375 HTTP/1.1" 200 0 "-" "WordPress/6.8.3; https://androidhindi.in"
66.249.72.141 - - [07/Nov/2025:06:42:06 +0530] "GET /feed HTTP/1.1" 301 0 "-" "Mozilla/5.0 (compatible; Googlebot/2.1; +http://www.google.com/bot.html)"
136.243.228.182 - - [07/Nov/2025:06:43:07 +0530] "GET /category/upcoming-phones/ HTTP/1.1" 200 29726 "-" "Mozilla/5.0 (compatible; DataForSeoBot/1.0; +https://dataforseo.com/dataforseo-bot)"
136.243.228.182 - - [07/Nov/2025:06:43:13 +0530] "GET /category/games/ HTTP/1.1" 200 28635 "-" "Mozilla/5.0 (compatible; DataForSeoBot/1.0; +https://dataforseo.com/dataforseo-bot)"
122.180.246.194 - - [07/Nov/2025:06:44:12 +0530] "POST /wp-cron.php?doing_wp_cron=1762478051.8789799213409423828125 HTTP/1.1" 200 0 "-" "WordPress/6.8.3; https://androidhindi.in"
136.243.228.182 - - [07/Nov/2025:06:37:21 +0530] "GET /web-stories/upcoming-phone-under-30000-in-india-in-march-hindi/ HTTP/1.1" 200 15229 "-" "Mozilla/5.0 (compatible; DataForSeoBot/1.0; +https://dataforseo.com/dataforseo-bot)"
136.243.228.182 - - [07/Nov/2025:06:37:33 +0530] "GET /web-stories/top-10-storied-early-us-rarities/ HTTP/1.1" 200 10995 "-" "Mozilla/5.0 (compatible; DataForSeoBot/1.0; +https://dataforseo.com/dataforseo-bot)"
136.243.228.182 - - [07/Nov/2025:06:37:37 +0530] "GET /web-stories/top-10-valuable-key-date-us-coins-every-collector-wants/ HTTP/1.1" 200 11278 "-" "Mozilla/5.0 (compatible; DataForSeoBot/1.0; +https://dataforseo.com/dataforseo-bot)"
136.243.228.182 - - [07/Nov/2025:06:37:41 +0530] "GET /web-stories/fire-jaise-game-games-like-free-fire/ HTTP/1.1" 200 12754 "-" "Mozilla/5.0 (compatible; DataForSeoBot/1.0; +https://dataforseo.com/dataforseo-bot)"
136.243.228.182 - - [07/Nov/2025:06:37:57 +0530] "GET /web-stories/top-10-highest-value-rare-us-coins-sold-at-major-auction/ HTTP/1.1" 200 11083 "-" "Mozilla/5.0 (compatible; DataForSeoBot/1.0; +https://dataforseo.com/dataforseo-bot)"
136.243.228.182 - - [07/Nov/2025:06:38:01 +0530] "GET /web-stories/live-ipl-apps/ HTTP/1.1" 200 10847 "-" "Mozilla/5.0 (compatible; DataForSeoBot/1.0; +https://dataforseo.com/dataforseo-bot)"
136.243.228.182 - - [07/Nov/2025:06:38:31 +0530] "GET /web-stories/google-account-secure-kaise-kare/ HTTP/1.1" 200 12873 "-" "Mozilla/5.0 (compatible; DataForSeoBot/1.0; +https://dataforseo.com/dataforseo-bot)"
136.243.228.182 - - [07/Nov/2025:06:38:38 +0530] "GET /web-stories/facebook-photos-videos-ko-google-photos-me-transfer-kaise-kare/ HTTP/1.1" 200 12010 "-" "Mozilla/5.0 (compatible; DataForSeoBot/1.0; +https://dataforseo.com/dataforseo-bot)"
136.243.228.182 - - [07/Nov/2025:06:38:43 +0530] "GET /web-stories/iqoo-11-launched-in-india/ HTTP/1.1" 200 12256 "-" "Mozilla/5.0 (compatible; DataForSeoBot/1.0; +https://dataforseo.com/dataforseo-bot)"
136.243.228.182 - - [07/Nov/2025:06:38:51 +0530] "GET /web-stories/phone-ka-frp-lock-kaise-tode/ HTTP/1.1" 200 15774 "-" "Mozilla/5.0 (compatible; DataForSeoBot/1.0; +https://dataforseo.com/dataforseo-bot)"
136.243.228.182 - - [07/Nov/2025:06:38:55 +0530] "GET /google-play-store-hindi/ HTTP/1.1" 301 0 "-" "Mozilla/5.0 (compatible; DataForSeoBot/1.0; +https://dataforseo.com/dataforseo-bot)"
136.243.228.182 - - [07/Nov/2025:06:39:04 +0530] "GET /web-stories/mobile-me-recycle-bin-kaha-hota-hai/ HTTP/1.1" 200 13569 "-" "Mozilla/5.0 (compatible; DataForSeoBot/1.0; +https://dataforseo.com/dataforseo-bot)"
136.243.228.182 - - [07/Nov/2025:06:39:09 +0530] "GET /android-kya-hai/ HTTP/1.1" 404 19368 "-" "Mozilla/5.0 (compatible; DataForSeoBot/1.0; +https://dataforseo.com/dataforseo-bot)"
66.249.72.141 - - [07/Nov/2025:06:41:05 +0530] "GET /feed/ HTTP/1.1" 500 194 "-" "Mozilla/5.0 (compatible; Googlebot/2.1; +http://www.google.com/bot.html)"
122.180.246.194 - - [07/Nov/2025:06:41:12 +0530] "POST /wp-cron.php?doing_wp_cron=1762477872.4561910629272460937500 HTTP/1.1" 200 0 "-" "WordPress/6.8.3; https://androidhindi.in"
66.249.72.140 - - [07/Nov/2025:06:42:07 +0530] "GET /feed/ HTTP/1.1" 500 194 "-" "Mozilla/5.0 (compatible; Googlebot/2.1; +http://www.google.com/bot.html)"
122.180.246.194 - - [07/Nov/2025:06:43:09 +0530] "POST /wp-cron.php?doing_wp_cron=1762477989.2280468940734863281250 HTTP/1.1" 200 0 "-" "WordPress/6.8.3; https://androidhindi.in"
66.249.72.142 - - [07/Nov/2025:06:43:08 +0530] "GET /feed HTTP/1.1" 301 0 "-" "Mozilla/5.0 (compatible; Googlebot/2.1; +http://www.google.com/bot.html)"
66.249.72.142 - - [07/Nov/2025:06:43:09 +0530] "GET /feed/ HTTP/1.1" 500 194 "-" "Mozilla/5.0 (compatible; Googlebot/2.1; +http://www.google.com/bot.html)"
66.249.72.142 - - [07/Nov/2025:06:44:11 +0530] "GET /feed HTTP/1.1" 301 0 "-" "Mozilla/5.0 (compatible; Googlebot/2.1; +http://www.google.com/bot.html)"
66.249.72.140 - - [07/Nov/2025:06:44:12 +0530] "GET /feed/ HTTP/1.1" 500 194 "-" "Mozilla/5.0 (compatible; Googlebot/2.1; +http://www.google.com/bot.html)"
122.180.246.194 - - [07/Nov/2025:06:51:42 +0530] "POST /wp-cron.php?doing_wp_cron=1762478502.2770109176635742187500 HTTP/1.1" 200 0 "-" "WordPress/6.8.3; https://androidhindi.in"
136.243.228.182 - - [07/Nov/2025:06:51:45 +0530] "GET /audio-video-download-kare-youtube-se-youtube-video-download-kaise-kare/ HTTP/1.1" 301 0 "-" "Mozilla/5.0 (compatible; DataForSeoBot/1.0; +https://dataforseo.com/dataforseo-bot)"
122.180.246.194 - - [07/Nov/2025:06:47:46 +0530] "POST /wp-cron.php?doing_wp_cron=1762478266.0906140804290771484375 HTTP/1.1" 200 0 "-" "WordPress/6.8.3; https://androidhindi.in"
208.110.64.178 - - [07/Nov/2025:06:47:44 +0530] "GET /wp-includes/js9262c2/edit.php HTTP/1.1" 301 0 "http://www.androidhindi.in/wp-includes/js9262c2/edit.php" "Mozilla/5.0 (Windows NT 10.0; Win64; x64) AppleWebKit/537.36 (KHTML, like Gecko) Chrome/58.0.3029.110 Safari/537.3"
208.110.64.178 - - [07/Nov/2025:06:47:46 +0530] "GET /wp-includes/js9262c2/edit.php HTTP/1.1" 301 0 "http://www.androidhindi.in/wp-includes/js9262c2/edit.php" "Mozilla/5.0 (Windows NT 10.0; Win64; x64) AppleWebKit/537.36 (KHTML, like Gecko) Chrome/58.0.3029.110 Safari/537.3"
208.110.64.178 - - [07/Nov/2025:06:47:47 +0530] "GET /wp-includes/js9262c2/edit.php HTTP/1.1" 404 18306 "http://www.androidhindi.in/wp-includes/js9262c2/edit.php" "Mozilla/5.0 (Windows NT 10.0; Win64; x64) AppleWebKit/537.36 (KHTML, like Gecko) Chrome/58.0.3029.110 Safari/537.3"
136.243.228.182 - - [07/Nov/2025:06:51:41 +0530] "GET /%E0%A4%AE%E0%A5%8B%E0%A4%AC%E0%A4%BE%E0%A4%87%E0%A4%B2-%E0%A4%96%E0%A5%8B-%E0%A4%97%E0%A4%AF%E0%A4%BE-%E0%A4%B9%E0%A5%88-%E0%A4%A4%E0%A5%8B-%E0%A4%85%E0%A4%AD%E0%A5%80-%E0%A4%95%E0%A5%87-%E0%A4%85/ HTTP/1.1" 301 0 "-" "Mozilla/5.0 (compatible; DataForSeoBot/1.0; +https://dataforseo.com/dataforseo-bot)"