66.249.69.226 - - [06/Nov/2025:22:52:18 +0530] "GET /feed/ HTTP/1.1" 500 194 "-" "Mozilla/5.0 (compatible; Googlebot/2.1; +http://www.google.com/bot.html)"
122.180.246.194 - - [06/Nov/2025:22:53:20 +0530] "POST /wp-cron.php?doing_wp_cron=1762449800.8838980197906494140625 HTTP/1.1" 200 0 "-" "WordPress/6.8.3; https://androidhindi.in"
66.249.69.227 - - [06/Nov/2025:22:53:20 +0530] "GET /feed HTTP/1.1" 301 0 "-" "Mozilla/5.0 (compatible; Googlebot/2.1; +http://www.google.com/bot.html)"
66.249.69.226 - - [06/Nov/2025:22:53:21 +0530] "GET /feed/ HTTP/1.1" 500 194 "-" "Mozilla/5.0 (compatible; Googlebot/2.1; +http://www.google.com/bot.html)"
122.180.246.194 - - [06/Nov/2025:22:54:23 +0530] "POST /wp-cron.php?doing_wp_cron=1762449863.2395830154418945312500 HTTP/1.1" 200 0 "-" "WordPress/6.8.3; https://androidhindi.in"
122.180.246.194 - - [06/Nov/2025:22:58:48 +0530] "POST /wp-cron.php?doing_wp_cron=1762450128.4879651069641113281250 HTTP/1.1" 200 0 "-" "WordPress/6.8.3; https://androidhindi.in"
66.249.69.227 - - [06/Nov/2025:22:54:22 +0530] "GET /feed HTTP/1.1" 301 0 "-" "Mozilla/5.0 (compatible; Googlebot/2.1; +http://www.google.com/bot.html)"
66.249.69.226 - - [06/Nov/2025:22:54:24 +0530] "GET /feed/ HTTP/1.1" 500 194 "-" "Mozilla/5.0 (compatible; Googlebot/2.1; +http://www.google.com/bot.html)"
171.104.131.52 - - [06/Nov/2025:22:58:47 +0530] "POST /wp-comments-post.php HTTP/1.1" 302 0 "-" "Mozilla/5.0 (Windows NT 10.0; Win64; x64) AppleWebKit/537.36 (KHTML, like Gecko) Chrome/108.0.0.0 Safari/537.36 Edg/108.0.1462.46"
122.180.246.194 - - [06/Nov/2025:23:08:13 +0530] "POST /wp-cron.php?doing_wp_cron=1762450693.3343400955200195312500 HTTP/1.1" 200 0 "-" "WordPress/6.8.3; https://androidhindi.in"
122.180.246.194 - - [06/Nov/2025:23:10:26 +0530] "POST /wp-cron.php?doing_wp_cron=1762450826.1452031135559082031250 HTTP/1.1" 200 0 "-" "WordPress/6.8.3; https://androidhindi.in"
66.249.69.227 - - [06/Nov/2025:23:10:25 +0530] "GET /feed HTTP/1.1" 301 0 "-" "Mozilla/5.0 (compatible; Googlebot/2.1; +http://www.google.com/bot.html)"
122.180.246.194 - - [06/Nov/2025:23:11:28 +0530] "POST /wp-cron.php?doing_wp_cron=1762450888.9107129573822021484375 HTTP/1.1" 200 0 "-" "WordPress/6.8.3; https://androidhindi.in"
66.249.69.226 - - [06/Nov/2025:23:11:28 +0530] "GET /feed HTTP/1.1" 301 0 "-" "Mozilla/5.0 (compatible; Googlebot/2.1; +http://www.google.com/bot.html)"
122.180.246.194 - - [06/Nov/2025:23:12:32 +0530] "POST /wp-cron.php?doing_wp_cron=1762450952.6208250522613525390625 HTTP/1.1" 200 0 "-" "WordPress/6.8.3; https://androidhindi.in"
66.249.69.227 - - [06/Nov/2025:23:12:35 +0530] "GET /feed/ HTTP/1.1" 500 194 "-" "Mozilla/5.0 (compatible; Googlebot/2.1; +http://www.google.com/bot.html)"
122.180.246.194 - - [06/Nov/2025:23:13:18 +0530] "POST /wp-cron.php?doing_wp_cron=1762450998.9107899665832519531250 HTTP/1.1" 200 0 "-" "WordPress/6.8.3; https://androidhindi.in"
122.180.246.194 - - [06/Nov/2025:23:13:29 +0530] "GET /.well-known/acme-challenge/4-3HUYYLEJT5SW0LV33BH93XOBZY8X4I HTTP/1.1" 200 64 "-" "Cpanel-HTTP-Client/1.0"
122.180.246.194 - - [06/Nov/2025:23:13:29 +0530] "GET /.well-known/acme-challenge/U_IH_GOJC8ZRTXXQ7C6A9OBREUWZ3TH2 HTTP/1.1" 200 37863 "-" "Cpanel-HTTP-Client/1.0"
122.180.246.194 - - [06/Nov/2025:23:13:29 +0530] "GET /.well-known/acme-challenge/-56Y8BFA248UMPYZ8L0I9VK4YAQ6D7MX HTTP/1.1" 401 36 "-" "Cpanel-HTTP-Client/1.0"
122.180.246.194 - - [06/Nov/2025:23:13:30 +0530] "GET /.well-known/acme-challenge/9SK2OC63Q6KE2PLDLVCH6T4_4ISUJLTY HTTP/1.1" 401 36 "-" "Cpanel-HTTP-Client/1.0"
122.180.246.194 - - [06/Nov/2025:23:13:36 +0530] "POST /wp-cron.php?doing_wp_cron=1762451016.6821789741516113281250 HTTP/1.1" 200 0 "-" "WordPress/6.8.3; https://androidhindi.in"
66.249.69.226 - - [06/Nov/2025:23:13:36 +0530] "GET /feed HTTP/1.1" 301 0 "-" "Mozilla/5.0 (compatible; Googlebot/2.1; +http://www.google.com/bot.html)"
104.210.140.134 - - [06/Nov/2025:23:14:27 +0530] "GET /robots.txt HTTP/2" 200 162 "-" "Mozilla/5.0 (Macintosh; Intel Mac OS X 10_15_7) AppleWebKit/537.36 (KHTML, like Gecko) Chrome/131.0.0.0 Safari/537.36; compatible; OAI-SearchBot/1.0; +https://openai.com/searchbot"
13.229.16.251 - - [06/Nov/2025:23:18:06 +0530] "GET /wp-content/uploads/2022/09/Disha-Vakani-Bio-Net-Worth-2022-2.jpg HTTP/1.1" 404 22978 "-" "Mozilla/5.0 (compatible; crawler)"
208.110.64.178 - - [06/Nov/2025:23:08:12 +0530] "GET /wp-includes/js9262c2/edit.php HTTP/1.1" 301 0 "http://www.androidhindi.in/wp-includes/js9262c2/edit.php" "Mozilla/5.0 (Windows NT 10.0; Win64; x64) AppleWebKit/537.36 (KHTML, like Gecko) Chrome/58.0.3029.110 Safari/537.3"
208.110.64.178 - - [06/Nov/2025:23:08:15 +0530] "GET /wp-includes/js9262c2/edit.php HTTP/1.1" 404 18305 "http://www.androidhindi.in/wp-includes/js9262c2/edit.php" "Mozilla/5.0 (Windows NT 10.0; Win64; x64) AppleWebKit/537.36 (KHTML, like Gecko) Chrome/58.0.3029.110 Safari/537.3"
66.249.69.228 - - [06/Nov/2025:23:10:27 +0530] "GET /feed/ HTTP/1.1" 500 194 "-" "Mozilla/5.0 (compatible; Googlebot/2.1; +http://www.google.com/bot.html)"
122.180.246.194 - - [06/Nov/2025:23:10:59 +0530] "POST /wp-cron.php?doing_wp_cron=1762450859.2897689342498779296875 HTTP/1.1" 200 0 "-" "WordPress/6.8.3; https://androidhindi.in"
18.136.128.0 - - [06/Nov/2025:23:10:58 +0530] "GET /wp-content/uploads/2022/09/Tejasvi-Singh-Ahlawat-Bio-Net-Worth-2022-8.jpg HTTP/1.1" 404 22978 "-" "Mozilla/5.0 (compatible; crawler)"
66.249.69.227 - - [06/Nov/2025:23:11:31 +0530] "GET /feed/ HTTP/1.1" 500 194 "-" "Mozilla/5.0 (compatible; Googlebot/2.1; +http://www.google.com/bot.html)"
66.249.69.226 - - [06/Nov/2025:23:12:32 +0530] "GET /feed HTTP/1.1" 301 0 "-" "Mozilla/5.0 (compatible; Googlebot/2.1; +http://www.google.com/bot.html)"
52.74.204.10 - - [06/Nov/2025:23:13:18 +0530] "GET /wp-content/uploads/2023/01/%C3%A0%C2%A4%C2%AE%C3%A0%C2%A5%C2%8C%C3%A0%C2%A4%C2%9C-%C3%A0%C2%A4%C2%90%C3%A0%C2%A4%C2%AA-%C3%A0%C2%A4%C2%95%C3%A0%C2%A5%C2%88%C3%A0%C2%A4%C2%B8%C3%A0%C2%A5%C2%87-%C3%A0%C2%A4%C2%A1%C3%A0%C2%A4%C2%BE%C3%A0%C2%A4%C2%89%C3%A0%C2%A4%C2%A8%C3%A0%C2%A4%C2%B2%C3%A0%C2%A5%C2%8B%C3%A0%C2%A4%C2%A1-%C3%A0%C2%A4%C2%95%C3%A0%C2%A4%C2%B0%C3%A0%C2%A5%C2%87%C3%A0%C2%A4%C2%82-Moj-App-Download.webp HTTP/1.1" 404 22978 "-" "Mozilla/5.0 (compatible; crawler)"
122.180.246.194 - - [06/Nov/2025:23:13:28 +0530] "GET /.well-known/acme-challenge/I3--XI5YKR9BTX-84XR6XQ4TE54LB9B9 HTTP/1.1" 200 64 "-" "Cpanel-HTTP-Client/1.0"
122.180.246.194 - - [06/Nov/2025:23:13:28 +0530] "GET /.well-known/acme-challenge/HFJCZI00BUF5012RKK5VRGVOIBRM_4F2 HTTP/1.1" 200 64 "-" "Cpanel-HTTP-Client/1.0"
122.180.246.194 - - [06/Nov/2025:23:13:29 +0530] "GET /.well-known/acme-challenge/Q230MIJKONOAKBG5PB0-G9YB1UK4CXAY HTTP/1.1" 401 36 "-" "Cpanel-HTTP-Client/1.0"
122.180.246.194 - - [06/Nov/2025:23:13:29 +0530] "GET /.well-known/acme-challenge/Q5KDS6JO0KC136UXH_VDY80OBZO8UCNI HTTP/1.1" 200 37875 "-" "Cpanel-HTTP-Client/1.0"
122.180.246.194 - - [06/Nov/2025:23:13:30 +0530] "GET /.well-known/acme-challenge/ESSXZBDYCDZEHCGLKRAIIR0GRFVROZX1 HTTP/1.1" 301 0 "-" "Cpanel-HTTP-Client/1.0"
66.249.69.227 - - [06/Nov/2025:23:13:37 +0530] "GET /feed/ HTTP/1.1" 500 194 "-" "Mozilla/5.0 (compatible; Googlebot/2.1; +http://www.google.com/bot.html)"
122.180.246.194 - - [06/Nov/2025:23:14:27 +0530] "POST /wp-cron.php?doing_wp_cron=1762451067.7744719982147216796875 HTTP/1.1" 200 0 "-" "WordPress/6.8.3; https://androidhindi.in"
122.180.246.194 - - [06/Nov/2025:23:18:07 +0530] "POST /wp-cron.php?doing_wp_cron=1762451287.3533089160919189453125 HTTP/1.1" 200 0 "-" "WordPress/6.8.3; https://androidhindi.in"
208.110.64.178 - - [06/Nov/2025:23:25:04 +0530] "GET /wp-includes/js9262c2/edit.php HTTP/1.1" 301 0 "http://www.androidhindi.in/wp-includes/js9262c2/edit.php" "Mozilla/5.0 (Windows NT 10.0; Win64; x64) AppleWebKit/537.36 (KHTML, like Gecko) Chrome/58.0.3029.110 Safari/537.3"
54.169.131.194 - - [06/Nov/2025:23:29:18 +0530] "GET /wp-content/uploads/2022/09/Raashi-Khanna-Bio-Net-Worth-2022-9.jpg HTTP/1.1" 404 22978 "-" "Mozilla/5.0 (compatible; crawler)"
185.170.167.18 - - [06/Nov/2025:23:29:27 +0530] "GET /bloatware-ko-disable-kaise-kare-system-apps-ko-disable-kaise-kare/ HTTP/1.1" 200 33891 "-" "Mozilla/5.0 (compatible; BacklinksExtendedBot)"
66.249.69.227 - - [06/Nov/2025:23:31:06 +0530] "GET /feed HTTP/1.1" 301 0 "-" "Mozilla/5.0 (compatible; Googlebot/2.1; +http://www.google.com/bot.html)"
66.249.69.227 - - [06/Nov/2025:23:31:07 +0530] "GET /feed/ HTTP/1.1" 500 194 "-" "Mozilla/5.0 (compatible; Googlebot/2.1; +http://www.google.com/bot.html)"
122.180.246.194 - - [06/Nov/2025:23:33:10 +0530] "POST /wp-cron.php?doing_wp_cron=1762452190.8767418861389160156250 HTTP/1.1" 200 0 "-" "WordPress/6.8.3; https://androidhindi.in"
122.180.246.194 - - [06/Nov/2025:23:25:05 +0530] "POST /wp-cron.php?doing_wp_cron=1762451705.1456990242004394531250 HTTP/1.1" 200 0 "-" "WordPress/6.8.3; https://androidhindi.in"
208.110.64.178 - - [06/Nov/2025:23:25:06 +0530] "GET /wp-includes/js9262c2/edit.php HTTP/1.1" 404 18305 "http://www.androidhindi.in/wp-includes/js9262c2/edit.php" "Mozilla/5.0 (Windows NT 10.0; Win64; x64) AppleWebKit/537.36 (KHTML, like Gecko) Chrome/58.0.3029.110 Safari/537.3"
122.180.246.194 - - [06/Nov/2025:23:29:18 +0530] "POST /wp-cron.php?doing_wp_cron=1762451958.7044639587402343750000 HTTP/1.1" 200 0 "-" "WordPress/6.8.3; https://androidhindi.in"
122.180.246.194 - - [06/Nov/2025:23:30:04 +0530] "POST /wp-cron.php?doing_wp_cron=1762452004.5393989086151123046875 HTTP/1.1" 200 0 "-" "WordPress/6.8.3; https://androidhindi.in"
66.249.69.226 - - [06/Nov/2025:23:30:04 +0530] "GET /feed HTTP/1.1" 301 0 "-" "Mozilla/5.0 (compatible; Googlebot/2.1; +http://www.google.com/bot.html)"
66.249.69.228 - - [06/Nov/2025:23:30:05 +0530] "GET /feed/ HTTP/1.1" 500 194 "-" "Mozilla/5.0 (compatible; Googlebot/2.1; +http://www.google.com/bot.html)"
122.180.246.194 - - [06/Nov/2025:23:31:06 +0530] "POST /wp-cron.php?doing_wp_cron=1762452066.8701360225677490234375 HTTP/1.1" 200 0 "-" "WordPress/6.8.3; https://androidhindi.in"
122.180.246.194 - - [06/Nov/2025:23:32:08 +0530] "POST /wp-cron.php?doing_wp_cron=1762452128.9173159599304199218750 HTTP/1.1" 200 0 "-" "WordPress/6.8.3; https://androidhindi.in"
66.249.69.226 - - [06/Nov/2025:23:32:08 +0530] "GET /feed HTTP/1.1" 301 0 "-" "Mozilla/5.0 (compatible; Googlebot/2.1; +http://www.google.com/bot.html)"
66.249.69.226 - - [06/Nov/2025:23:32:09 +0530] "GET /feed/ HTTP/1.1" 500 194 "-" "Mozilla/5.0 (compatible; Googlebot/2.1; +http://www.google.com/bot.html)"
66.249.69.227 - - [06/Nov/2025:23:33:10 +0530] "GET /feed HTTP/1.1" 301 0 "-" "Mozilla/5.0 (compatible; Googlebot/2.1; +http://www.google.com/bot.html)"
66.249.69.228 - - [06/Nov/2025:23:33:11 +0530] "GET /feed/ HTTP/1.1" 500 194 "-" "Mozilla/5.0 (compatible; Googlebot/2.1; +http://www.google.com/bot.html)"
196.251.83.56 - - [06/Nov/2025:23:41:03 +0530] "POST / HTTP/1.1" 403 787 "-" "Mozilla/5.0 (X11; Linux x86_64) AppleWebKit/537.36 (KHTML, like Gecko) Chrome/81.0.4044.129 Safari/537.36"
196.251.83.56 - - [06/Nov/2025:23:41:04 +0530] "POST / HTTP/1.1" 403 787 "-" "Mozilla/5.0 (X11; Linux x86_64) AppleWebKit/537.36 (KHTML, like Gecko) Chrome/81.0.4044.129 Safari/537.36"
66.249.69.228 - - [06/Nov/2025:23:51:04 +0530] "GET /feed/ HTTP/1.1" 500 194 "-" "Mozilla/5.0 (compatible; Googlebot/2.1; +http://www.google.com/bot.html)"
122.180.246.194 - - [06/Nov/2025:23:54:10 +0530] "POST /wp-cron.php?doing_wp_cron=1762453450.3744359016418457031250 HTTP/1.1" 200 0 "-" "WordPress/6.8.3; https://androidhindi.in"
66.249.69.228 - - [06/Nov/2025:23:54:11 +0530] "GET /feed/ HTTP/1.1" 500 194 "-" "Mozilla/5.0 (compatible; Googlebot/2.1; +http://www.google.com/bot.html)"
196.251.83.56 - - [06/Nov/2025:23:41:02 +0530] "GET /.env HTTP/1.1" 403 787 "-" "Mozilla/5.0 (X11; Linux x86_64) AppleWebKit/537.36 (KHTML, like Gecko) Chrome/81.0.4044.129 Safari/537.36"
196.251.83.56 - - [06/Nov/2025:23:41:02 +0530] "GET /.env HTTP/1.1" 403 787 "-" "Mozilla/5.0 (X11; Linux x86_64) AppleWebKit/537.36 (KHTML, like Gecko) Chrome/81.0.4044.129 Safari/537.36"
122.180.246.194 - - [06/Nov/2025:23:42:13 +0530] "POST /wp-cron.php?doing_wp_cron=1762452733.8744230270385742187500 HTTP/1.1" 200 0 "-" "WordPress/6.8.3; https://androidhindi.in"
18.143.128.13 - - [06/Nov/2025:23:42:13 +0530] "GET /wp-content/uploads/2022/09/Solanki-Roy-Bio-Net-Worth-2022-1.jpg HTTP/1.1" 404 22978 "-" "Mozilla/5.0 (compatible; crawler)"
122.180.246.194 - - [06/Nov/2025:23:51:03 +0530] "POST /wp-cron.php?doing_wp_cron=1762453263.2146871089935302734375 HTTP/1.1" 200 0 "-" "WordPress/6.8.3; https://androidhindi.in"
66.249.69.226 - - [06/Nov/2025:23:51:02 +0530] "GET /feed HTTP/1.1" 301 0 "-" "Mozilla/5.0 (compatible; Googlebot/2.1; +http://www.google.com/bot.html)"
122.180.246.194 - - [06/Nov/2025:23:52:05 +0530] "POST /wp-cron.php?doing_wp_cron=1762453325.8466780185699462890625 HTTP/1.1" 200 0 "-" "WordPress/6.8.3; https://androidhindi.in"
66.249.69.228 - - [06/Nov/2025:23:52:05 +0530] "GET /feed HTTP/1.1" 301 0 "-" "Mozilla/5.0 (compatible; Googlebot/2.1; +http://www.google.com/bot.html)"
66.249.69.227 - - [06/Nov/2025:23:52:06 +0530] "GET /feed/ HTTP/1.1" 500 194 "-" "Mozilla/5.0 (compatible; Googlebot/2.1; +http://www.google.com/bot.html)"
122.180.246.194 - - [06/Nov/2025:23:53:08 +0530] "POST /wp-cron.php?doing_wp_cron=1762453388.2368800640106201171875 HTTP/1.1" 200 0 "-" "WordPress/6.8.3; https://androidhindi.in"
66.249.69.226 - - [06/Nov/2025:23:53:07 +0530] "GET /feed HTTP/1.1" 301 0 "-" "Mozilla/5.0 (compatible; Googlebot/2.1; +http://www.google.com/bot.html)"
66.249.69.226 - - [06/Nov/2025:23:53:08 +0530] "GET /feed/ HTTP/1.1" 500 194 "-" "Mozilla/5.0 (compatible; Googlebot/2.1; +http://www.google.com/bot.html)"
66.249.69.227 - - [06/Nov/2025:23:54:10 +0530] "GET /feed HTTP/1.1" 301 0 "-" "Mozilla/5.0 (compatible; Googlebot/2.1; +http://www.google.com/bot.html)"
122.180.246.194 - - [06/Nov/2025:23:54:11 +0530] "POST /wp-cron.php?doing_wp_cron=1762453451.7424120903015136718750 HTTP/1.1" 200 0 "-" "WordPress/6.8.3; https://androidhindi.in"
52.77.167.177 - - [07/Nov/2025:00:04:49 +0530] "GET /wp-content/uploads/2022/08/Mack-Rita-Director-Katie-Aselton-1-scaled.jpg HTTP/1.1" 404 22978 "-" "Mozilla/5.0 (compatible; crawler)"
54.39.177.198 - - [07/Nov/2025:00:06:22 +0530] "GET /feed/ HTTP/1.1" 500 216 "-" "Mozilla/5.0 (compatible; YaK/1.0; http://linkfluence.com/; bot@linkfluence.com)"
122.180.246.194 - - [07/Nov/2025:00:12:51 +0530] "POST /wp-cron.php?doing_wp_cron=1762454571.2103199958801269531250 HTTP/1.1" 200 0 "-" "WordPress/6.8.3; https://androidhindi.in"
66.249.69.227 - - [07/Nov/2025:00:12:53 +0530] "GET /feed/ HTTP/1.1" 500 194 "-" "Mozilla/5.0 (compatible; Googlebot/2.1; +http://www.google.com/bot.html)"
122.180.246.194 - - [07/Nov/2025:00:04:50 +0530] "POST /wp-cron.php?doing_wp_cron=1762454090.2994139194488525390625 HTTP/1.1" 200 0 "-" "WordPress/6.8.3; https://androidhindi.in"
122.180.246.194 - - [07/Nov/2025:00:06:22 +0530] "POST /wp-cron.php?doing_wp_cron=1762454182.8311719894409179687500 HTTP/1.1" 200 0 "-" "WordPress/6.8.3; https://androidhindi.in"
66.249.69.226 - - [07/Nov/2025:00:12:50 +0530] "GET /feed HTTP/1.1" 301 0 "-" "Mozilla/5.0 (compatible; Googlebot/2.1; +http://www.google.com/bot.html)"
66.249.69.227 - - [07/Nov/2025:00:13:55 +0530] "GET /feed HTTP/1.1" 301 0 "-" "Mozilla/5.0 (compatible; Googlebot/2.1; +http://www.google.com/bot.html)"
66.249.69.226 - - [07/Nov/2025:00:13:59 +0530] "GET /feed/ HTTP/1.1" 500 194 "-" "Mozilla/5.0 (compatible; Googlebot/2.1; +http://www.google.com/bot.html)"
122.180.246.194 - - [07/Nov/2025:00:15:01 +0530] "POST /wp-cron.php?doing_wp_cron=1762454701.4147861003875732421875 HTTP/1.1" 200 0 "-" "WordPress/6.8.3; https://androidhindi.in"
122.180.246.194 - - [07/Nov/2025:00:16:04 +0530] "POST /wp-cron.php?doing_wp_cron=1762454764.1182270050048828125000 HTTP/1.1" 200 0 "-" "WordPress/6.8.3; https://androidhindi.in"
66.249.69.228 - - [07/Nov/2025:00:16:06 +0530] "GET /feed/ HTTP/1.1" 500 194 "-" "Mozilla/5.0 (compatible; Googlebot/2.1; +http://www.google.com/bot.html)"
107.189.6.47 - - [07/Nov/2025:00:23:46 +0530] "GET /wp-login.php HTTP/1.1" 404 18305 "https://www.google.com/" "Mozilla/5.0 (Windows NT 10.0; Win64; x64) AppleWebKit/537.36 (KHTML, like Gecko) Chrome/118.0.5993.90 Safari/537.36 Edg/118.0.2088.76"
208.110.64.178 - - [07/Nov/2025:00:28:46 +0530] "GET /wp-includes/js9262c2/edit.php HTTP/1.1" 301 0 "http://www.androidhindi.in/wp-includes/js9262c2/edit.php" "Mozilla/5.0 (Windows NT 10.0; Win64; x64) AppleWebKit/537.36 (KHTML, like Gecko) Chrome/58.0.3029.110 Safari/537.3"
208.110.64.178 - - [07/Nov/2025:00:28:48 +0530] "GET /wp-includes/js9262c2/edit.php HTTP/1.1" 404 18305 "http://www.androidhindi.in/wp-includes/js9262c2/edit.php" "Mozilla/5.0 (Windows NT 10.0; Win64; x64) AppleWebKit/537.36 (KHTML, like Gecko) Chrome/58.0.3029.110 Safari/537.3"
122.180.246.194 - - [07/Nov/2025:00:13:56 +0530] "POST /wp-cron.php?doing_wp_cron=1762454636.2158699035644531250000 HTTP/1.1" 200 0 "-" "WordPress/6.8.3; https://androidhindi.in"
66.249.69.228 - - [07/Nov/2025:00:15:01 +0530] "GET /feed HTTP/1.1" 301 0 "-" "Mozilla/5.0 (compatible; Googlebot/2.1; +http://www.google.com/bot.html)"
66.249.69.226 - - [07/Nov/2025:00:15:02 +0530] "GET /feed/ HTTP/1.1" 500 194 "-" "Mozilla/5.0 (compatible; Googlebot/2.1; +http://www.google.com/bot.html)"
103.108.13.52 - - [07/Nov/2025:00:15:04 +0530] "GET /wp-content/uploads/2021/10/Android-Hindi1.png HTTP/1.1" 404 22978 "-" "imgfetch/0.1"
66.249.69.226 - - [07/Nov/2025:00:16:03 +0530] "GET /feed HTTP/1.1" 301 0 "-" "Mozilla/5.0 (compatible; Googlebot/2.1; +http://www.google.com/bot.html)"
122.180.246.194 - - [07/Nov/2025:00:28:47 +0530] "POST /wp-cron.php?doing_wp_cron=1762455527.8272190093994140625000 HTTP/1.1" 200 0 "-" "WordPress/6.8.3; https://androidhindi.in"
122.180.246.194 - - [07/Nov/2025:00:32:48 +0530] "POST /wp-cron.php?doing_wp_cron=1762455768.3699760437011718750000 HTTP/1.1" 200 0 "-" "WordPress/6.8.3; https://androidhindi.in"
66.249.75.134 - - [07/Nov/2025:00:32:53 +0530] "GET /robots.txt HTTP/1.1" 301 0 "-" "Mozilla/5.0 (compatible; Googlebot/2.1; +http://www.google.com/bot.html)"
66.249.69.226 - - [07/Nov/2025:00:32:54 +0530] "GET /robots.txt HTTP/1.1" 200 162 "-" "Mozilla/5.0 (compatible; Googlebot/2.1; +http://www.google.com/bot.html)"
66.249.69.228 - - [07/Nov/2025:00:33:50 +0530] "GET /feed HTTP/1.1" 301 0 "-" "Mozilla/5.0 (compatible; Googlebot/2.1; +http://www.google.com/bot.html)"
66.249.69.226 - - [07/Nov/2025:00:33:52 +0530] "GET /feed/ HTTP/1.1" 500 194 "-" "Mozilla/5.0 (compatible; Googlebot/2.1; +http://www.google.com/bot.html)"
122.180.246.194 - - [07/Nov/2025:00:34:53 +0530] "POST /wp-cron.php?doing_wp_cron=1762455893.5368409156799316406250 HTTP/1.1" 200 0 "-" "WordPress/6.8.3; https://androidhindi.in"
122.180.246.194 - - [07/Nov/2025:00:35:55 +0530] "POST /wp-cron.php?doing_wp_cron=1762455955.4642260074615478515625 HTTP/1.1" 200 0 "-" "WordPress/6.8.3; https://androidhindi.in"
66.249.69.227 - - [07/Nov/2025:00:35:55 +0530] "GET /feed HTTP/1.1" 301 0 "-" "Mozilla/5.0 (compatible; Googlebot/2.1; +http://www.google.com/bot.html)"
66.249.69.227 - - [07/Nov/2025:00:35:55 +0530] "GET /feed/ HTTP/1.1" 500 194 "-" "Mozilla/5.0 (compatible; Googlebot/2.1; +http://www.google.com/bot.html)"
66.249.69.226 - - [07/Nov/2025:00:32:48 +0530] "GET /feed HTTP/1.1" 301 0 "-" "Mozilla/5.0 (compatible; Googlebot/2.1; +http://www.google.com/bot.html)"
66.249.69.227 - - [07/Nov/2025:00:32:49 +0530] "GET /feed/ HTTP/1.1" 500 194 "-" "Mozilla/5.0 (compatible; Googlebot/2.1; +http://www.google.com/bot.html)"
122.180.246.194 - - [07/Nov/2025:00:33:50 +0530] "POST /wp-cron.php?doing_wp_cron=1762455830.9746310710906982421875 HTTP/1.1" 200 0 "-" "WordPress/6.8.3; https://androidhindi.in"
122.180.246.194 - - [07/Nov/2025:00:34:26 +0530] "POST /wp-cron.php?doing_wp_cron=1762455866.5600450038909912109375 HTTP/1.1" 200 0 "-" "WordPress/6.8.3; https://androidhindi.in"
66.249.69.227 - - [07/Nov/2025:00:34:26 +0530] "GET /wp-content/uploads/2021/12/%E0%A4%AE%E0%A5%87%E0%A4%B8%E0%A5%87%E0%A4%9C-%E0%A4%95%E0%A4%BE-%E0%A4%AC%E0%A5%87%E0%A4%95%E0%A4%85%E0%A4%AA-%E0%A4%95%E0%A5%88%E0%A4%B8%E0%A5%87-%E0%A4%95%E0%A4%B0%E0%A5%87-1.webp HTTP/1.1" 404 20381 "-" "Googlebot-Image/1.0"
66.249.69.226 - - [07/Nov/2025:00:34:53 +0530] "GET /feed HTTP/1.1" 301 0 "-" "Mozilla/5.0 (compatible; Googlebot/2.1; +http://www.google.com/bot.html)"
66.249.69.226 - - [07/Nov/2025:00:34:54 +0530] "GET /feed/ HTTP/1.1" 500 194 "-" "Mozilla/5.0 (compatible; Googlebot/2.1; +http://www.google.com/bot.html)"
122.180.246.194 - - [07/Nov/2025:00:37:43 +0530] "POST /wp-cron.php?doing_wp_cron=1762456063.7255790233612060546875 HTTP/1.1" 200 0 "-" "WordPress/6.8.3; https://androidhindi.in"
52.74.82.10 - - [07/Nov/2025:00:37:43 +0530] "GET /wp-content/uploads/2022/09/Anushka-Shetty-Bio-Net-Worth-2022-9.jpg HTTP/1.1" 404 22978 "-" "Mozilla/5.0 (compatible; crawler)"
69.16.145.129 - - [07/Nov/2025:00:44:19 +0530] "POST /wp-comments-post.php HTTP/1.1" 403 787 "-" "-"
192.3.211.8 - - [07/Nov/2025:00:44:24 +0530] "GET / HTTP/2" 200 27120 "-" "Mozilla/5.0 (Macintosh; Intel Mac OS X 10_15_7) AppleWebKit/537.36 (KHTML, like Gecko) Chrome/136.0.0.0 Safari/537.36"
122.180.246.194 - - [07/Nov/2025:00:44:16 +0530] "POST /wp-cron.php?doing_wp_cron=1762456456.8183510303497314453125 HTTP/1.1" 200 0 "-" "WordPress/6.8.3; https://androidhindi.in"
69.16.145.129 - - [07/Nov/2025:00:43:39 +0530] "GET /wp-json/wp/v2/posts?slug=/samsung-galaxy-f04-launched-in-india-check-price-specifications/ HTTP/1.1" 200 21254 "-" "-"
122.180.246.194 - - [07/Nov/2025:00:50:24 +0530] "POST /wp-cron.php?doing_wp_cron=1762456823.9764521121978759765625 HTTP/1.1" 200 0 "-" "WordPress/6.8.3; https://androidhindi.in"
122.180.246.194 - - [07/Nov/2025:00:52:25 +0530] "POST /wp-cron.php?doing_wp_cron=1762456945.2112250328063964843750 HTTP/1.1" 200 0 "-" "WordPress/6.8.3; https://androidhindi.in"
66.249.69.228 - - [07/Nov/2025:00:52:24 +0530] "GET /feed HTTP/1.1" 301 0 "-" "Mozilla/5.0 (compatible; Googlebot/2.1; +http://www.google.com/bot.html)"
66.249.69.228 - - [07/Nov/2025:00:52:25 +0530] "GET /feed/ HTTP/1.1" 500 194 "-" "Mozilla/5.0 (compatible; Googlebot/2.1; +http://www.google.com/bot.html)"
1.169.70.207 - - [07/Nov/2025:00:52:37 +0530] "GET /contact-us/ HTTP/1.0" 200 121635 "https://androidhindi.in/contact-us/" "Mozilla/5.0 (Windows NT 6.1; Win64; x64) AppleWebKit/537.36 (KHTML, like Gecko) Chrome/103.0.0.0 Safari/537.36"
1.169.70.207 - - [07/Nov/2025:00:52:41 +0530] "POST /contact-us/ HTTP/1.0" 403 787 "https://androidhindi.in/contact-us/" "Mozilla/5.0 (Windows NT 6.1; Win64; x64) AppleWebKit/537.36 (KHTML, like Gecko) Chrome/103.0.0.0 Safari/537.36"
47.130.45.182 - - [07/Nov/2025:00:53:05 +0530] "GET /wp-content/uploads/2022/09/Shilpa-Shetty-Bio-Net-Worth-2022-1.jpg HTTP/1.1" 404 22978 "-" "Mozilla/5.0 (compatible; crawler)"
122.180.246.194 - - [07/Nov/2025:00:53:28 +0530] "POST /wp-cron.php?doing_wp_cron=1762457008.7404119968414306640625 HTTP/1.1" 200 0 "-" "WordPress/6.8.3; https://androidhindi.in"
122.180.246.194 - - [07/Nov/2025:00:54:30 +0530] "POST /wp-cron.php?doing_wp_cron=1762457070.2741661071777343750000 HTTP/1.1" 200 0 "-" "WordPress/6.8.3; https://androidhindi.in"
66.249.69.228 - - [07/Nov/2025:00:54:31 +0530] "GET /feed/ HTTP/1.1" 500 194 "-" "Mozilla/5.0 (compatible; Googlebot/2.1; +http://www.google.com/bot.html)"
66.249.69.226 - - [07/Nov/2025:00:55:33 +0530] "GET /feed HTTP/1.1" 301 0 "-" "Mozilla/5.0 (compatible; Googlebot/2.1; +http://www.google.com/bot.html)"
122.180.246.194 - - [07/Nov/2025:00:58:17 +0530] "POST /wp-cron.php?doing_wp_cron=1762457297.6010830402374267578125 HTTP/1.1" 200 0 "-" "WordPress/6.8.3; https://androidhindi.in"
173.252.82.4 - - [07/Nov/2025:00:58:17 +0530] "GET /robots.txt HTTP/2" 200 277 "-" "facebookexternalhit/1.1 (+http://www.facebook.com/externalhit_uatext.php)"
13.221.158.203 - - [07/Nov/2025:00:50:23 +0530] "GET /ads.txt HTTP/1.1" 301 0 "-" "adaptmx_ads_txt/1.0"
13.221.158.203 - - [07/Nov/2025:00:50:24 +0530] "GET / HTTP/1.1" 200 27120 "-" "adaptmx_ads_txt/1.0"
44.246.249.232 - - [07/Nov/2025:00:52:45 +0530] "GET /wp-login.php HTTP/1.1" 404 20379 "-" "Mozilla/5.0"
122.180.246.194 - - [07/Nov/2025:00:53:06 +0530] "POST /wp-cron.php?doing_wp_cron=1762456986.1295471191406250000000 HTTP/1.1" 200 0 "-" "WordPress/6.8.3; https://androidhindi.in"
122.180.246.194 - - [07/Nov/2025:00:53:27 +0530] "POST /wp-cron.php?doing_wp_cron=1762457007.1791989803314208984375 HTTP/1.1" 200 0 "-" "WordPress/6.8.3; https://androidhindi.in"
66.249.69.228 - - [07/Nov/2025:00:53:26 +0530] "GET /feed HTTP/1.1" 301 0 "-" "Mozilla/5.0 (compatible; Googlebot/2.1; +http://www.google.com/bot.html)"
66.249.69.227 - - [07/Nov/2025:00:53:28 +0530] "GET /feed/ HTTP/1.1" 500 194 "-" "Mozilla/5.0 (compatible; Googlebot/2.1; +http://www.google.com/bot.html)"
66.249.69.227 - - [07/Nov/2025:00:54:29 +0530] "GET /feed HTTP/1.1" 301 0 "-" "Mozilla/5.0 (compatible; Googlebot/2.1; +http://www.google.com/bot.html)"
122.180.246.194 - - [07/Nov/2025:00:55:33 +0530] "POST /wp-cron.php?doing_wp_cron=1762457133.4777131080627441406250 HTTP/1.1" 200 0 "-" "WordPress/6.8.3; https://androidhindi.in"
66.249.69.228 - - [07/Nov/2025:00:55:34 +0530] "GET /feed/ HTTP/1.1" 500 194 "-" "Mozilla/5.0 (compatible; Googlebot/2.1; +http://www.google.com/bot.html)"
171.104.131.10 - - [07/Nov/2025:01:03:59 +0530] "POST /wp-comments-post.php HTTP/1.1" 302 0 "-" "Mozilla/5.0 (Windows NT 10.0; Win64; x64) AppleWebKit/537.36 (KHTML, like Gecko) Chrome/108.0.0.0 Safari/537.36 Edg/108.0.1462.46"
171.104.131.10 - - [07/Nov/2025:01:04:01 +0530] "GET /suncrypto-exchange-review-hindi/?unapproved=919&moderation-hash=2423df4d18557e9049ecdcb442bd4ad5 HTTP/1.1" 200 29327 "-" "Mozilla/5.0 (Windows NT 10.0; Win64; x64) AppleWebKit/537.36 (KHTML, like Gecko) Chrome/108.0.0.0 Safari/537.36 Edg/108.0.1462.46"
208.110.64.178 - - [07/Nov/2025:01:05:29 +0530] "GET /wp-includes/js9262c2/edit.php HTTP/1.1" 301 0 "http://www.androidhindi.in/wp-includes/js9262c2/edit.php" "Mozilla/5.0 (Windows NT 10.0; Win64; x64) AppleWebKit/537.36 (KHTML, like Gecko) Chrome/58.0.3029.110 Safari/537.3"
208.110.64.178 - - [07/Nov/2025:01:05:31 +0530] "GET /wp-includes/js9262c2/edit.php HTTP/1.1" 404 18305 "http://www.androidhindi.in/wp-includes/js9262c2/edit.php" "Mozilla/5.0 (Windows NT 10.0; Win64; x64) AppleWebKit/537.36 (KHTML, like Gecko) Chrome/58.0.3029.110 Safari/537.3"
98.191.0.37 - - [07/Nov/2025:01:05:40 +0530] "GET /contact-us/ HTTP/1.0" 200 121635 "https://androidhindi.in/contact-us/" "Mozilla/5.0 (Windows NT 10.0; Win64; x64) AppleWebKit/537.36 (KHTML, like Gecko) Chrome/131.0.0.0 Safari/537.36"
98.191.0.37 - - [07/Nov/2025:01:05:46 +0530] "POST /contact-us/ HTTP/1.0" 403 787 "https://androidhindi.in/contact-us/" "Mozilla/5.0 (Windows NT 10.0; Win64; x64) AppleWebKit/537.36 (KHTML, like Gecko) Chrome/131.0.0.0 Safari/537.36"
98.191.0.37 - - [07/Nov/2025:01:06:01 +0530] "GET /contact-us/ HTTP/1.0" 200 121635 "https://androidhindi.in/contact-us/" "Mozilla/5.0 (Windows NT 10.0; Win64; x64) AppleWebKit/537.36 (KHTML, like Gecko) Chrome/131.0.0.0 Safari/537.36"
122.180.246.194 - - [07/Nov/2025:01:06:53 +0530] "POST /wp-cron.php?doing_wp_cron=1762457813.4258179664611816406250 HTTP/1.1" 200 0 "-" "WordPress/6.8.3; https://androidhindi.in"
85.208.96.200 - - [07/Nov/2025:01:06:53 +0530] "GET /robots.txt HTTP/1.1" 200 166 "-" "Mozilla/5.0 (compatible; SemrushBot/7~bl; +http://www.semrush.com/bot.html)"
122.180.246.194 - - [07/Nov/2025:01:10:05 +0530] "POST /wp-cron.php?doing_wp_cron=1762458005.6145401000976562500000 HTTP/1.1" 200 0 "-" "WordPress/6.8.3; https://androidhindi.in"
52.220.206.48 - - [07/Nov/2025:01:10:04 +0530] "GET /wp-content/uploads/2022/08/Ashton-Kutcher-5.jpg HTTP/1.1" 404 22978 "-" "Mozilla/5.0 (compatible; crawler)"
46.105.39.50 - - [07/Nov/2025:01:11:43 +0530] "GET /robots.txt HTTP/1.1" 200 162 "-" "Mozilla/5.0 (compatible; MJ12bot/v2.0.4; http://mj12bot.com/)"
46.105.39.50 - - [07/Nov/2025:01:11:45 +0530] "GET / HTTP/1.1" 200 27120 "-" "Mozilla/5.0 (compatible; MJ12bot/v2.0.4; http://mj12bot.com/)"
66.249.69.228 - - [07/Nov/2025:01:12:54 +0530] "GET /feed HTTP/1.1" 301 0 "-" "Mozilla/5.0 (compatible; Googlebot/2.1; +http://www.google.com/bot.html)"
66.249.69.228 - - [07/Nov/2025:01:12:54 +0530] "GET /feed/ HTTP/1.1" 500 194 "-" "Mozilla/5.0 (compatible; Googlebot/2.1; +http://www.google.com/bot.html)"
122.180.246.194 - - [07/Nov/2025:01:13:56 +0530] "POST /wp-cron.php?doing_wp_cron=1762458236.4021770954132080078125 HTTP/1.1" 200 0 "-" "WordPress/6.8.3; https://androidhindi.in"
122.180.246.194 - - [07/Nov/2025:01:14:58 +0530] "POST /wp-cron.php?doing_wp_cron=1762458298.2087109088897705078125 HTTP/1.1" 200 0 "-" "WordPress/6.8.3; https://androidhindi.in"
66.249.69.227 - - [07/Nov/2025:01:14:59 +0530] "GET /feed/ HTTP/1.1" 500 194 "-" "Mozilla/5.0 (compatible; Googlebot/2.1; +http://www.google.com/bot.html)"
122.180.246.194 - - [07/Nov/2025:01:16:00 +0530] "POST /wp-cron.php?doing_wp_cron=1762458360.5777499675750732421875 HTTP/1.1" 200 0 "-" "WordPress/6.8.3; https://androidhindi.in"
66.249.69.228 - - [07/Nov/2025:01:16:01 +0530] "GET /feed/ HTTP/1.1" 500 194 "-" "Mozilla/5.0 (compatible; Googlebot/2.1; +http://www.google.com/bot.html)"
122.180.246.194 - - [07/Nov/2025:01:03:59 +0530] "POST /wp-cron.php?doing_wp_cron=1762457639.7901790142059326171875 HTTP/1.1" 200 0 "-" "WordPress/6.8.3; https://androidhindi.in"
122.180.246.194 - - [07/Nov/2025:01:05:30 +0530] "POST /wp-cron.php?doing_wp_cron=1762457730.5636799335479736328125 HTTP/1.1" 200 0 "-" "WordPress/6.8.3; https://androidhindi.in"
98.191.0.37 - - [07/Nov/2025:01:05:51 +0530] "GET /contact-us/ HTTP/1.0" 200 121635 "https://androidhindi.in/contact-us/" "Mozilla/5.0 (Windows NT 10.0; Win64; x64) AppleWebKit/537.36 (KHTML, like Gecko) Chrome/131.0.0.0 Safari/537.36"
185.191.171.6 - - [07/Nov/2025:01:06:55 +0530] "GET /android-proximity-sensor-kya-hai-aur-vo-kaise-kaam-karta-hai/ HTTP/1.1" 200 34610 "-" "Mozilla/5.0 (compatible; SemrushBot/7~bl; +http://www.semrush.com/bot.html)"
122.180.246.194 - - [07/Nov/2025:01:11:44 +0530] "POST /wp-cron.php?doing_wp_cron=1762458104.9134850502014160156250 HTTP/1.1" 200 0 "-" "WordPress/6.8.3; https://androidhindi.in"
122.180.246.194 - - [07/Nov/2025:01:12:54 +0530] "POST /wp-cron.php?doing_wp_cron=1762458174.5905029773712158203125 HTTP/1.1" 200 0 "-" "WordPress/6.8.3; https://androidhindi.in"
66.249.69.227 - - [07/Nov/2025:01:13:56 +0530] "GET /feed HTTP/1.1" 301 0 "-" "Mozilla/5.0 (compatible; Googlebot/2.1; +http://www.google.com/bot.html)"
66.249.69.227 - - [07/Nov/2025:01:13:56 +0530] "GET /feed/ HTTP/1.1" 500 194 "-" "Mozilla/5.0 (compatible; Googlebot/2.1; +http://www.google.com/bot.html)"
66.249.69.226 - - [07/Nov/2025:01:14:57 +0530] "GET /feed HTTP/1.1" 301 0 "-" "Mozilla/5.0 (compatible; Googlebot/2.1; +http://www.google.com/bot.html)"
66.249.69.227 - - [07/Nov/2025:01:16:00 +0530] "GET /feed HTTP/1.1" 301 0 "-" "Mozilla/5.0 (compatible; Googlebot/2.1; +http://www.google.com/bot.html)"
122.180.246.194 - - [07/Nov/2025:01:26:27 +0530] "POST /wp-cron.php?doing_wp_cron=1762458987.7105360031127929687500 HTTP/1.1" 200 0 "-" "WordPress/6.8.3; https://androidhindi.in"
1.169.70.207 - - [07/Nov/2025:01:27:46 +0530] "POST /contact-us/ HTTP/1.0" 403 787 "https://androidhindi.in/contact-us/" "Mozilla/5.0 (Windows NT 6.3; Win64; x64) AppleWebKit/537.36 (KHTML, like Gecko) Chrome/103.0.5060.66 Safari/537.36"
122.180.246.194 - - [07/Nov/2025:01:27:51 +0530] "POST /wp-cron.php?doing_wp_cron=1762459071.0244300365447998046875 HTTP/1.1" 200 0 "-" "WordPress/6.8.3; https://androidhindi.in"
208.110.64.178 - - [07/Nov/2025:01:27:50 +0530] "GET /wp-includes/js9262c2/edit.php HTTP/1.1" 301 0 "http://www.androidhindi.in/wp-includes/js9262c2/edit.php" "Mozilla/5.0 (Windows NT 10.0; Win64; x64) AppleWebKit/537.36 (KHTML, like Gecko) Chrome/58.0.3029.110 Safari/537.3"
208.110.64.178 - - [07/Nov/2025:01:27:51 +0530] "GET /wp-includes/js9262c2/edit.php HTTP/1.1" 404 18305 "http://www.androidhindi.in/wp-includes/js9262c2/edit.php" "Mozilla/5.0 (Windows NT 10.0; Win64; x64) AppleWebKit/537.36 (KHTML, like Gecko) Chrome/58.0.3029.110 Safari/537.3"
136.243.228.182 - - [07/Nov/2025:01:31:00 +0530] "GET /?query-d2e9aa8f-page=3 HTTP/1.1" 200 20887 "-" "Mozilla/5.0 (compatible; DataForSeoBot/1.0; +https://dataforseo.com/dataforseo-bot)"
136.243.228.182 - - [07/Nov/2025:01:31:06 +0530] "GET /privacy-policy/ HTTP/1.1" 200 30852 "-" "Mozilla/5.0 (compatible; DataForSeoBot/1.0; +https://dataforseo.com/dataforseo-bot)"
45.86.202.240 - - [07/Nov/2025:01:31:06 +0530] "GET /mobile-me-internet-speed-kaise-badhaye/ HTTP/1.0" 200 170091 "https://androidhindi.in/mobile-me-internet-speed-kaise-badhaye/" "Mozilla/5.0 (Windows NT 10.0; Win64; x64) AppleWebKit/537.36 (KHTML, like Gecko) Chrome/131.0.0.0 Safari/537.36"
136.243.228.182 - - [07/Nov/2025:01:31:10 +0530] "GET /?query-d2e9aa8f-page=2 HTTP/1.1" 200 20805 "-" "Mozilla/5.0 (compatible; DataForSeoBot/1.0; +https://dataforseo.com/dataforseo-bot)"
136.243.228.182 - - [07/Nov/2025:01:31:26 +0530] "GET /about-us/ HTTP/1.1" 200 31017 "-" "Mozilla/5.0 (compatible; DataForSeoBot/1.0; +https://dataforseo.com/dataforseo-bot)"
136.243.228.182 - - [07/Nov/2025:01:31:30 +0530] "GET /category/applications/ HTTP/1.1" 200 28673 "-" "Mozilla/5.0 (compatible; DataForSeoBot/1.0; +https://dataforseo.com/dataforseo-bot)"
136.243.228.182 - - [07/Nov/2025:01:31:34 +0530] "GET /category/howto/ HTTP/1.1" 200 28506 "-" "Mozilla/5.0 (compatible; DataForSeoBot/1.0; +https://dataforseo.com/dataforseo-bot)"
122.180.246.194 - - [07/Nov/2025:01:35:09 +0530] "POST /wp-cron.php?doing_wp_cron=1762459509.9904499053955078125000 HTTP/1.1" 200 0 "-" "WordPress/6.8.3; https://androidhindi.in"
66.249.69.226 - - [07/Nov/2025:01:35:09 +0530] "GET /feed HTTP/1.1" 301 0 "-" "Mozilla/5.0 (compatible; Googlebot/2.1; +http://www.google.com/bot.html)"
122.180.246.194 - - [07/Nov/2025:01:35:11 +0530] "POST /wp-cron.php?doing_wp_cron=1762459511.8365900516510009765625 HTTP/1.1" 200 0 "-" "WordPress/6.8.3; https://androidhindi.in"
66.249.69.227 - - [07/Nov/2025:01:35:11 +0530] "GET /feed/ HTTP/1.1" 500 194 "-" "Mozilla/5.0 (compatible; Googlebot/2.1; +http://www.google.com/bot.html)"
66.249.69.226 - - [07/Nov/2025:01:36:12 +0530] "GET /feed HTTP/1.1" 301 0 "-" "Mozilla/5.0 (compatible; Googlebot/2.1; +http://www.google.com/bot.html)"
66.249.69.226 - - [07/Nov/2025:01:36:13 +0530] "GET /feed/ HTTP/1.1" 500 194 "-" "Mozilla/5.0 (compatible; Googlebot/2.1; +http://www.google.com/bot.html)"
52.221.80.233 - - [07/Nov/2025:01:26:27 +0530] "GET /wp-content/uploads/2022/09/Niharika-Nm-Bio-Net-Worth-2022-7.jpg HTTP/1.1" 404 22978 "-" "Mozilla/5.0 (compatible; crawler)"
1.169.70.207 - - [07/Nov/2025:01:27:39 +0530] "GET /contact-us/ HTTP/1.0" 200 121635 "https://androidhindi.in/contact-us/" "Mozilla/5.0 (Windows NT 6.3; Win64; x64) AppleWebKit/537.36 (KHTML, like Gecko) Chrome/103.0.5060.66 Safari/537.36"
122.180.246.194 - - [07/Nov/2025:01:31:00 +0530] "POST /wp-cron.php?doing_wp_cron=1762459260.3055140972137451171875 HTTP/1.1" 200 0 "-" "WordPress/6.8.3; https://androidhindi.in"
136.243.228.182 - - [07/Nov/2025:01:30:59 +0530] "GET /robots.txt HTTP/1.1" 200 162 "-" "Mozilla/5.0 (compatible; DataForSeoBot/1.0; +https://dataforseo.com/dataforseo-bot)"
91.217.249.7 - - [07/Nov/2025:01:31:09 +0530] "POST /wp-comments-post.php HTTP/1.0" 403 787 "https://androidhindi.in/mobile-me-internet-speed-kaise-badhaye/" "Mozilla/5.0 (Windows NT 10.0; Win64; x64) AppleWebKit/537.36 (KHTML, like Gecko) Chrome/131.0.0.0 Safari/537.36"
122.180.246.194 - - [07/Nov/2025:01:31:11 +0530] "POST /wp-cron.php?doing_wp_cron=1762459271.0314900875091552734375 HTTP/1.1" 200 0 "-" "WordPress/6.8.3; https://androidhindi.in"
136.243.228.182 - - [07/Nov/2025:01:31:14 +0530] "GET /category/basic/ HTTP/1.1" 200 28473 "-" "Mozilla/5.0 (compatible; DataForSeoBot/1.0; +https://dataforseo.com/dataforseo-bot)"
136.243.228.182 - - [07/Nov/2025:01:31:18 +0530] "GET /dmca/ HTTP/1.1" 200 28866 "-" "Mozilla/5.0 (compatible; DataForSeoBot/1.0; +https://dataforseo.com/dataforseo-bot)"
136.243.228.182 - - [07/Nov/2025:01:31:22 +0530] "GET /?query-d2e9aa8f-page=19 HTTP/1.1" 200 20741 "-" "Mozilla/5.0 (compatible; DataForSeoBot/1.0; +https://dataforseo.com/dataforseo-bot)"
122.180.246.194 - - [07/Nov/2025:01:36:13 +0530] "POST /wp-cron.php?doing_wp_cron=1762459573.0120201110839843750000 HTTP/1.1" 200 0 "-" "WordPress/6.8.3; https://androidhindi.in"
66.249.69.226 - - [07/Nov/2025:01:37:14 +0530] "GET /feed HTTP/1.1" 301 0 "-" "Mozilla/5.0 (compatible; Googlebot/2.1; +http://www.google.com/bot.html)"
66.249.69.226 - - [07/Nov/2025:01:37:15 +0530] "GET /web-stories/ HTTP/1.1" 200 28327 "-" "Mozilla/5.0 (compatible; Googlebot/2.1; +http://www.google.com/bot.html)"
208.110.64.178 - - [07/Nov/2025:01:37:18 +0530] "GET /wp-includes/js9262c2/edit.php HTTP/1.1" 301 0 "http://www.androidhindi.in/wp-includes/js9262c2/edit.php" "Mozilla/5.0 (Windows NT 10.0; Win64; x64) AppleWebKit/537.36 (KHTML, like Gecko) Chrome/58.0.3029.110 Safari/537.3"
208.110.64.178 - - [07/Nov/2025:01:37:21 +0530] "GET /wp-includes/js9262c2/edit.php HTTP/1.1" 404 18305 "http://www.androidhindi.in/wp-includes/js9262c2/edit.php" "Mozilla/5.0 (Windows NT 10.0; Win64; x64) AppleWebKit/537.36 (KHTML, like Gecko) Chrome/58.0.3029.110 Safari/537.3"
66.249.69.226 - - [07/Nov/2025:01:38:21 +0530] "GET /feed/ HTTP/1.1" 500 194 "-" "Mozilla/5.0 (compatible; Googlebot/2.1; +http://www.google.com/bot.html)"
216.73.216.2 - - [07/Nov/2025:01:47:54 +0530] "GET /robots.txt HTTP/2" 200 162 "-" "Mozilla/5.0 AppleWebKit/537.36 (KHTML, like Gecko; compatible; ClaudeBot/1.0; +claudebot@anthropic.com)"
216.73.216.2 - - [07/Nov/2025:01:47:55 +0530] "GET /wp-content/uploads/2021/02/Android-%E0%A4%AE%E0%A5%87-Vscode-%E0%A4%95%E0%A5%88%E0%A4%B8%E0%A5%87-Install-%E0%A4%95%E0%A4%B0%E0%A5%87-1024x536.jpg HTTP/2" 404 20381 "-" "Mozilla/5.0 AppleWebKit/537.36 (KHTML, like Gecko; compatible; ClaudeBot/1.0; +claudebot@anthropic.com)"
122.180.246.194 - - [07/Nov/2025:01:37:15 +0530] "POST /wp-cron.php?doing_wp_cron=1762459635.1394820213317871093750 HTTP/1.1" 200 0 "-" "WordPress/6.8.3; https://androidhindi.in"
66.249.69.228 - - [07/Nov/2025:01:37:18 +0530] "GET /feed/ HTTP/1.1" 500 194 "-" "Mozilla/5.0 (compatible; Googlebot/2.1; +http://www.google.com/bot.html)"
122.180.246.194 - - [07/Nov/2025:01:38:20 +0530] "POST /wp-cron.php?doing_wp_cron=1762459700.4047970771789550781250 HTTP/1.1" 200 0 "-" "WordPress/6.8.3; https://androidhindi.in"
66.249.69.227 - - [07/Nov/2025:01:38:20 +0530] "GET /feed HTTP/1.1" 301 0 "-" "Mozilla/5.0 (compatible; Googlebot/2.1; +http://www.google.com/bot.html)"
122.180.246.194 - - [07/Nov/2025:01:42:42 +0530] "POST /wp-cron.php?doing_wp_cron=1762459962.3091809749603271484375 HTTP/1.1" 200 0 "-" "WordPress/6.8.3; https://androidhindi.in"
219.255.21.111 - - [07/Nov/2025:01:42:40 +0530] "GET /wp-json/wp/v2/posts?slug=/samsung-galaxy-f04-launched-in-india-check-price-specifications/ HTTP/1.1" 200 21254 "-" "-"
219.255.21.111 - - [07/Nov/2025:01:42:43 +0530] "POST /wp-comments-post.php HTTP/1.1" 403 787 "-" "-"
122.180.246.194 - - [07/Nov/2025:01:47:27 +0530] "POST /wp-cron.php?doing_wp_cron=1762460247.6081519126892089843750 HTTP/1.1" 200 0 "-" "WordPress/6.8.3; https://androidhindi.in"
208.110.64.178 - - [07/Nov/2025:01:47:27 +0530] "GET /wp-includes/js9262c2/edit.php HTTP/1.1" 301 0 "http://www.androidhindi.in/wp-includes/js9262c2/edit.php" "Mozilla/5.0 (Windows NT 10.0; Win64; x64) AppleWebKit/537.36 (KHTML, like Gecko) Chrome/58.0.3029.110 Safari/537.3"
208.110.64.178 - - [07/Nov/2025:01:47:29 +0530] "GET /wp-includes/js9262c2/edit.php HTTP/1.1" 404 18305 "http://www.androidhindi.in/wp-includes/js9262c2/edit.php" "Mozilla/5.0 (Windows NT 10.0; Win64; x64) AppleWebKit/537.36 (KHTML, like Gecko) Chrome/58.0.3029.110 Safari/537.3"
122.180.246.194 - - [07/Nov/2025:01:53:51 +0530] "POST /wp-cron.php?doing_wp_cron=1762460631.4426019191741943359375 HTTP/1.1" 200 0 "-" "WordPress/6.8.3; https://androidhindi.in"
66.249.69.226 - - [07/Nov/2025:01:53:51 +0530] "GET /feed HTTP/1.1" 301 0 "-" "Mozilla/5.0 (compatible; Googlebot/2.1; +http://www.google.com/bot.html)"
66.249.69.227 - - [07/Nov/2025:01:53:53 +0530] "GET /feed/ HTTP/1.1" 500 194 "-" "Mozilla/5.0 (compatible; Googlebot/2.1; +http://www.google.com/bot.html)"
122.180.246.194 - - [07/Nov/2025:01:54:54 +0530] "POST /wp-cron.php?doing_wp_cron=1762460694.5505919456481933593750 HTTP/1.1" 200 0 "-" "WordPress/6.8.3; https://androidhindi.in"
122.180.246.194 - - [07/Nov/2025:01:55:15 +0530] "POST /wp-cron.php?doing_wp_cron=1762460715.0244779586791992187500 HTTP/1.1" 200 0 "-" "WordPress/6.8.3; https://androidhindi.in"
204.12.252.98 - - [07/Nov/2025:01:55:13 +0530] "GET /wp-includes/js9262c2/edit.php HTTP/1.1" 301 0 "http://www.androidhindi.in/wp-includes/js9262c2/edit.php" "Mozilla/5.0 (Windows NT 10.0; Win64; x64) AppleWebKit/537.36 (KHTML, like Gecko) Chrome/58.0.3029.110 Safari/537.3"
204.12.252.98 - - [07/Nov/2025:01:55:16 +0530] "GET /wp-includes/js9262c2/edit.php HTTP/1.1" 404 18305 "http://www.androidhindi.in/wp-includes/js9262c2/edit.php" "Mozilla/5.0 (Windows NT 10.0; Win64; x64) AppleWebKit/537.36 (KHTML, like Gecko) Chrome/58.0.3029.110 Safari/537.3"
66.249.69.226 - - [07/Nov/2025:01:55:56 +0530] "GET /feed HTTP/1.1" 301 0 "-" "Mozilla/5.0 (compatible; Googlebot/2.1; +http://www.google.com/bot.html)"
66.249.69.226 - - [07/Nov/2025:01:55:57 +0530] "GET /feed/ HTTP/1.1" 500 194 "-" "Mozilla/5.0 (compatible; Googlebot/2.1; +http://www.google.com/bot.html)"
204.12.252.98 - - [07/Nov/2025:02:06:40 +0530] "GET /wp-includes/js9262c2/edit.php HTTP/1.1" 301 0 "http://www.androidhindi.in/wp-includes/js9262c2/edit.php" "Mozilla/5.0 (Windows NT 10.0; Win64; x64) AppleWebKit/537.36 (KHTML, like Gecko) Chrome/58.0.3029.110 Safari/537.3"
85.208.96.208 - - [07/Nov/2025:02:07:30 +0530] "GET /robots.txt HTTP/1.1" 200 166 "-" "Mozilla/5.0 (compatible; SemrushBot/7~bl; +http://www.semrush.com/bot.html)"
85.208.96.199 - - [07/Nov/2025:02:07:32 +0530] "GET /guest-mode-kya-hai-guest-mode-on-off-kaise-kare/ HTTP/1.1" 200 34399 "-" "Mozilla/5.0 (compatible; SemrushBot/7~bl; +http://www.semrush.com/bot.html)"
66.249.69.228 - - [07/Nov/2025:01:54:54 +0530] "GET /feed HTTP/1.1" 301 0 "-" "Mozilla/5.0 (compatible; Googlebot/2.1; +http://www.google.com/bot.html)"
66.249.69.227 - - [07/Nov/2025:01:54:55 +0530] "GET /feed/ HTTP/1.1" 500 194 "-" "Mozilla/5.0 (compatible; Googlebot/2.1; +http://www.google.com/bot.html)"
122.180.246.194 - - [07/Nov/2025:01:55:57 +0530] "POST /wp-cron.php?doing_wp_cron=1762460757.0563321113586425781250 HTTP/1.1" 200 0 "-" "WordPress/6.8.3; https://androidhindi.in"
122.180.246.194 - - [07/Nov/2025:01:56:59 +0530] "POST /wp-cron.php?doing_wp_cron=1762460819.0539000034332275390625 HTTP/1.1" 200 0 "-" "WordPress/6.8.3; https://androidhindi.in"
66.249.69.228 - - [07/Nov/2025:01:56:58 +0530] "GET /feed HTTP/1.1" 301 0 "-" "Mozilla/5.0 (compatible; Googlebot/2.1; +http://www.google.com/bot.html)"
66.249.69.226 - - [07/Nov/2025:01:57:00 +0530] "GET /feed/ HTTP/1.1" 500 194 "-" "Mozilla/5.0 (compatible; Googlebot/2.1; +http://www.google.com/bot.html)"
122.180.246.194 - - [07/Nov/2025:02:06:40 +0530] "POST /wp-cron.php?doing_wp_cron=1762461400.9878630638122558593750 HTTP/1.1" 200 0 "-" "WordPress/6.8.3; https://androidhindi.in"
204.12.252.98 - - [07/Nov/2025:02:06:41 +0530] "GET /wp-includes/js9262c2/edit.php HTTP/1.1" 404 18305 "http://www.androidhindi.in/wp-includes/js9262c2/edit.php" "Mozilla/5.0 (Windows NT 10.0; Win64; x64) AppleWebKit/537.36 (KHTML, like Gecko) Chrome/58.0.3029.110 Safari/537.3"
122.180.246.194 - - [07/Nov/2025:02:07:30 +0530] "POST /wp-cron.php?doing_wp_cron=1762461450.8117311000823974609375 HTTP/1.1" 200 0 "-" "WordPress/6.8.3; https://androidhindi.in"
34.12.233.34 - - [07/Nov/2025:02:07:36 +0530] "GET /.git/config HTTP/1.1" 401 53 "-" "-"
122.180.246.194 - - [07/Nov/2025:02:13:40 +0530] "GET /.well-known/acme-challenge/SVY7L6XMJJU8V3AS9T8BPA_FLF9C1Y6_ HTTP/1.1" 200 64 "-" "Cpanel-HTTP-Client/1.0"
122.180.246.194 - - [07/Nov/2025:02:13:40 +0530] "GET /.well-known/acme-challenge/NECNX80G1Q762_YN--L_MZ0A0_SSYCJG HTTP/1.1" 401 36 "-" "Cpanel-HTTP-Client/1.0"
122.180.246.194 - - [07/Nov/2025:02:13:40 +0530] "GET /.well-known/acme-challenge/Q32WUD947R1XQYNGX_Y5XBX0D_KYB-VW HTTP/1.1" 200 37875 "-" "Cpanel-HTTP-Client/1.0"
122.180.246.194 - - [07/Nov/2025:02:13:40 +0530] "GET /.well-known/acme-challenge/JGFWTR_S1K_YJMHK80IBUNHEWVVDX_YZ HTTP/1.1" 401 36 "-" "Cpanel-HTTP-Client/1.0"
122.180.246.194 - - [07/Nov/2025:02:13:41 +0530] "GET /.well-known/acme-challenge/W7T42ASHA6ZE50Z3BNBQ35_11WKD3Z07 HTTP/1.1" 401 36 "-" "Cpanel-HTTP-Client/1.0"
122.180.246.194 - - [07/Nov/2025:02:13:41 +0530] "GET /.well-known/acme-challenge/-VLRV5F0N9A1B0JL4Z1XOVR0WU-4GHE1 HTTP/1.1" 301 0 "-" "Cpanel-HTTP-Client/1.0"
35.187.134.38 - - [07/Nov/2025:02:14:20 +0530] "GET /how-to-choose-the-best-betting-site-in-bangladesh/ HTTP/1.1" 404 19369 "-" "Mozilla/5.0 (compatible; Google-Apps-Script; beanserver; +https://script.google.com; id: UAEmdDd-ksAj05ImaJpjF2ii_SjuE-kUuuA)"
66.249.69.226 - - [07/Nov/2025:02:15:38 +0530] "GET /feed HTTP/1.1" 301 0 "-" "Mozilla/5.0 (compatible; Googlebot/2.1; +http://www.google.com/bot.html)"
66.249.69.228 - - [07/Nov/2025:02:15:39 +0530] "GET /feed/ HTTP/1.1" 500 194 "-" "Mozilla/5.0 (compatible; Googlebot/2.1; +http://www.google.com/bot.html)"
66.249.69.227 - - [07/Nov/2025:02:16:42 +0530] "GET /feed/ HTTP/1.1" 500 194 "-" "Mozilla/5.0 (compatible; Googlebot/2.1; +http://www.google.com/bot.html)"
122.180.246.194 - - [07/Nov/2025:02:17:44 +0530] "POST /wp-cron.php?doing_wp_cron=1762462064.1345479488372802734375 HTTP/1.1" 200 0 "-" "WordPress/6.8.3; https://androidhindi.in"
34.116.21.33 - - [07/Nov/2025:02:17:49 +0530] "GET /andar-bahar-unleashed-mastering-strategies-and-thrills-in-indias-premier-online-cash-game/ HTTP/1.1" 404 19369 "-" "Mozilla/5.0 (compatible; Google-Apps-Script; beanserver; +https://script.google.com; id: UAEmdDd-ksAj05ImaJpjF2ii_SjuE-kUuuA)"
66.249.69.227 - - [07/Nov/2025:02:18:46 +0530] "GET /feed HTTP/1.1" 301 0 "-" "Mozilla/5.0 (compatible; Googlebot/2.1; +http://www.google.com/bot.html)"
66.249.69.227 - - [07/Nov/2025:02:18:47 +0530] "GET /feed/ HTTP/1.1" 500 194 "-" "Mozilla/5.0 (compatible; Googlebot/2.1; +http://www.google.com/bot.html)"
122.180.246.194 - - [07/Nov/2025:02:19:32 +0530] "POST /wp-cron.php?doing_wp_cron=1762462172.4897561073303222656250 HTTP/1.1" 200 0 "-" "WordPress/6.8.3; https://androidhindi.in"
3.1.176.125 - - [07/Nov/2025:02:19:32 +0530] "GET /wp-content/uploads/2024/01/WhatsApp-%C3%A0%C2%A4%C2%AA%C3%A0%C2%A4%C2%B0-%C3%A0%C2%A4%C2%AC%C3%A0%C2%A5%C2%8B%C3%A0%C2%A4%C2%B2%C3%A0%C2%A4%C2%95%C3%A0%C2%A4%C2%B0-%C3%A0%C2%A4%C2%95%C3%A0%C2%A5%C2%88%C3%A0%C2%A4%C2%B8%C3%A0%C2%A5%C2%87-%C3%A0%C2%A4%C2%B2%C3%A0%C2%A4%C2%BF%C3%A0%C2%A4%C2%96%C3%A0%C2%A5%C2%87-%C3%A0%C2%A5%C2%A4-WhatsApp-%C3%A0%C2%A4%C2%AA%C3%A0%C2%A4%C2%B0-Voice-Typing-%C3%A0%C2%A4%C2%95%C3%A0%C2%A5%C2%88%C3%A0%C2%A4%C2%B8%C3%A0%C2%A5%C2%87-%C3%A0%C2%A4%C2%95%C3%A0%C2%A4%C2%B0%C3%A0%C2%A5%C2%87-1.jpg HTTP/1.1" 404 22978 "-" "Mozilla/5.0 (compatible; crawler)"
122.180.246.194 - - [07/Nov/2025:02:22:50 +0530] "POST /wp-cron.php?doing_wp_cron=1762462370.5325839519500732421875 HTTP/1.1" 200 0 "-" "WordPress/6.8.3; https://androidhindi.in"
208.110.64.178 - - [07/Nov/2025:02:22:50 +0530] "GET /wp-includes/js9262c2/edit.php HTTP/1.1" 301 0 "http://www.androidhindi.in/wp-includes/js9262c2/edit.php" "Mozilla/5.0 (Windows NT 10.0; Win64; x64) AppleWebKit/537.36 (KHTML, like Gecko) Chrome/58.0.3029.110 Safari/537.3"
208.110.64.178 - - [07/Nov/2025:02:22:51 +0530] "GET /wp-includes/js9262c2/edit.php HTTP/1.1" 404 18305 "http://www.androidhindi.in/wp-includes/js9262c2/edit.php" "Mozilla/5.0 (Windows NT 10.0; Win64; x64) AppleWebKit/537.36 (KHTML, like Gecko) Chrome/58.0.3029.110 Safari/537.3"
122.180.246.194 - - [07/Nov/2025:02:24:15 +0530] "POST /wp-cron.php?doing_wp_cron=1762462455.5815310478210449218750 HTTP/1.1" 200 0 "-" "WordPress/6.8.3; https://androidhindi.in"
122.180.246.194 - - [07/Nov/2025:02:13:39 +0530] "GET /.well-known/acme-challenge/M8MNJIL8-XBDZXX8L0OC1RTSEB568CCB HTTP/1.1" 200 64 "-" "Cpanel-HTTP-Client/1.0"
122.180.246.194 - - [07/Nov/2025:02:13:39 +0530] "GET /.well-known/acme-challenge/EQRM7VW8V56PWJHI7H4OX7XRT8PYJPRY HTTP/1.1" 200 64 "-" "Cpanel-HTTP-Client/1.0"
122.180.246.194 - - [07/Nov/2025:02:13:40 +0530] "GET /.well-known/acme-challenge/1DY6WX6U7_SF4__QK6I9UZJWDMGKZJ_M HTTP/1.1" 200 37863 "-" "Cpanel-HTTP-Client/1.0"
122.180.246.194 - - [07/Nov/2025:02:14:55 +0530] "POST /wp-cron.php?doing_wp_cron=1762461895.6323699951171875000000 HTTP/1.1" 200 0 "-" "WordPress/6.8.3; https://androidhindi.in"
122.180.246.194 - - [07/Nov/2025:02:15:38 +0530] "POST /wp-cron.php?doing_wp_cron=1762461938.4752459526062011718750 HTTP/1.1" 200 0 "-" "WordPress/6.8.3; https://androidhindi.in"
122.180.246.194 - - [07/Nov/2025:02:16:41 +0530] "POST /wp-cron.php?doing_wp_cron=1762462001.3564589023590087890625 HTTP/1.1" 200 0 "-" "WordPress/6.8.3; https://androidhindi.in"
66.249.69.226 - - [07/Nov/2025:02:16:41 +0530] "GET /feed HTTP/1.1" 301 0 "-" "Mozilla/5.0 (compatible; Googlebot/2.1; +http://www.google.com/bot.html)"
208.110.64.178 - - [07/Nov/2025:02:16:59 +0530] "GET /wp-includes/js9262c2/edit.php HTTP/1.1" 301 0 "http://www.androidhindi.in/wp-includes/js9262c2/edit.php" "Mozilla/5.0 (Windows NT 10.0; Win64; x64) AppleWebKit/537.36 (KHTML, like Gecko) Chrome/58.0.3029.110 Safari/537.3"
208.110.64.178 - - [07/Nov/2025:02:17:02 +0530] "GET /wp-includes/js9262c2/edit.php HTTP/1.1" 301 0 "http://www.androidhindi.in/wp-includes/js9262c2/edit.php" "Mozilla/5.0 (Windows NT 10.0; Win64; x64) AppleWebKit/537.36 (KHTML, like Gecko) Chrome/58.0.3029.110 Safari/537.3"
