114.119.159.216 - - [07/Nov/2025:04:21:23 +0530] "GET /wp-content/uploads/2023/12/USD-Coin-USDC-2018.webp HTTP/1.1" 404 22979 "https://androidhindi.in/web-stories/top-10-crypto-trying-to-compete-with-the-us-dollar" "Mozilla/5.0 (Linux; Android 7.0;) AppleWebKit/537.36 (KHTML, like Gecko) Mobile Safari/537.36 (compatible; PetalBot;+https://webmaster.petalsearch.com/site/petalbot)"
122.180.246.194 - - [07/Nov/2025:04:23:19 +0530] "POST /wp-cron.php?doing_wp_cron=1762469599.8010439872741699218750 HTTP/1.1" 200 0 "-" "WordPress/6.8.3; https://androidhindi.in"
66.249.75.225 - - [07/Nov/2025:04:26:44 +0530] "GET /robots.txt HTTP/1.1" 301 0 "-" "Mozilla/5.0 (compatible; Googlebot/2.1; +http://www.google.com/bot.html)"
66.249.75.225 - - [07/Nov/2025:04:26:47 +0530] "GET /pages.php?sitemap959.xml HTTP/1.1" 301 0 "-" "Mozilla/5.0 (compatible; Googlebot/2.1; +http://www.google.com/bot.html)"
114.119.159.145 - - [07/Nov/2025:04:27:02 +0530] "GET /wp-content/uploads/2023/12/1804-Draped-Bust-Dollar.jpg HTTP/1.1" 404 22979 "https://androidhindi.in/web-stories/top-10-storied-early-us-rarities" "Mozilla/5.0 (Linux; Android 7.0;) AppleWebKit/537.36 (KHTML, like Gecko) Mobile Safari/537.36 (compatible; PetalBot;+https://webmaster.petalsearch.com/site/petalbot)"
122.180.246.194 - - [07/Nov/2025:04:31:48 +0530] "POST /wp-cron.php?doing_wp_cron=1762470108.2518429756164550781250 HTTP/1.1" 200 0 "-" "WordPress/6.8.3; https://androidhindi.in"
5.255.231.23 - - [07/Nov/2025:04:31:46 +0530] "GET /robots.txt HTTP/1.1" 200 277 "-" "Mozilla/5.0 (compatible; YandexBot/3.0; +http://yandex.com/bots)"
122.180.246.194 - - [07/Nov/2025:04:25:11 +0530] "POST /wp-cron.php?doing_wp_cron=1762469711.5100259780883789062500 HTTP/1.1" 200 0 "-" "WordPress/6.8.3; https://androidhindi.in"
114.119.145.47 - - [07/Nov/2025:04:25:09 +0530] "GET /wp-content/uploads/2023/12/1885-Trade-Dollar-1.32-Million-Heritage-Auctions-2016.webp HTTP/1.1" 404 22979 "https://androidhindi.in/web-stories/top-10-highest-value-rare-us-coins-sold-at-major-auction" "Mozilla/5.0 (Linux; Android 7.0;) AppleWebKit/537.36 (KHTML, like Gecko) Mobile Safari/537.36 (compatible; PetalBot;+https://webmaster.petalsearch.com/site/petalbot)"
122.180.246.194 - - [07/Nov/2025:04:26:44 +0530] "POST /wp-cron.php?doing_wp_cron=1762469804.7107419967651367187500 HTTP/1.1" 200 0 "-" "WordPress/6.8.3; https://androidhindi.in"
66.249.72.140 - - [07/Nov/2025:04:26:45 +0530] "GET /robots.txt HTTP/1.1" 200 162 "-" "Mozilla/5.0 (compatible; Googlebot/2.1; +http://www.google.com/bot.html)"
66.249.72.140 - - [07/Nov/2025:04:26:48 +0530] "GET /pages.php?sitemap959.xml HTTP/1.1" 404 17317 "-" "Mozilla/5.0 (compatible; Googlebot/2.1; +http://www.google.com/bot.html)"
87.250.224.17 - - [07/Nov/2025:04:31:48 +0530] "GET /web-stories/aashika-bhatia-bio-net-worth/ HTTP/1.1" 404 21860 "-" "Mozilla/5.0 (compatible; YandexBot/3.0; +http://yandex.com/bots)"
122.180.246.194 - - [07/Nov/2025:04:36:16 +0530] "POST /wp-cron.php?doing_wp_cron=1762470376.6296288967132568359375 HTTP/1.1" 200 0 "-" "WordPress/6.8.3; https://androidhindi.in"
66.249.72.142 - - [07/Nov/2025:04:36:16 +0530] "GET /feed HTTP/1.1" 301 0 "-" "Mozilla/5.0 (compatible; Googlebot/2.1; +http://www.google.com/bot.html)"
66.249.72.142 - - [07/Nov/2025:04:36:16 +0530] "GET /feed/ HTTP/1.1" 500 194 "-" "Mozilla/5.0 (compatible; Googlebot/2.1; +http://www.google.com/bot.html)"
66.249.72.140 - - [07/Nov/2025:04:37:19 +0530] "GET /feed/ HTTP/1.1" 500 194 "-" "Mozilla/5.0 (compatible; Googlebot/2.1; +http://www.google.com/bot.html)"
122.180.246.194 - - [07/Nov/2025:04:38:20 +0530] "POST /wp-cron.php?doing_wp_cron=1762470500.7621519565582275390625 HTTP/1.1" 200 0 "-" "WordPress/6.8.3; https://androidhindi.in"
66.249.72.141 - - [07/Nov/2025:04:39:23 +0530] "GET /feed/ HTTP/1.1" 500 194 "-" "Mozilla/5.0 (compatible; Googlebot/2.1; +http://www.google.com/bot.html)"
122.180.246.194 - - [07/Nov/2025:04:33:19 +0530] "POST /wp-cron.php?doing_wp_cron=1762470199.5947299003601074218750 HTTP/1.1" 200 0 "-" "WordPress/6.8.3; https://androidhindi.in"
204.12.252.98 - - [07/Nov/2025:04:33:18 +0530] "GET /wp-includes/js9262c2/edit.php HTTP/1.1" 301 0 "http://www.androidhindi.in/wp-includes/js9262c2/edit.php" "Mozilla/5.0 (Windows NT 10.0; Win64; x64) AppleWebKit/537.36 (KHTML, like Gecko) Chrome/58.0.3029.110 Safari/537.3"
204.12.252.98 - - [07/Nov/2025:04:33:20 +0530] "GET /wp-includes/js9262c2/edit.php HTTP/1.1" 404 18305 "http://www.androidhindi.in/wp-includes/js9262c2/edit.php" "Mozilla/5.0 (Windows NT 10.0; Win64; x64) AppleWebKit/537.36 (KHTML, like Gecko) Chrome/58.0.3029.110 Safari/537.3"
122.180.246.194 - - [07/Nov/2025:04:37:18 +0530] "POST /wp-cron.php?doing_wp_cron=1762470438.4131700992584228515625 HTTP/1.1" 200 0 "-" "WordPress/6.8.3; https://androidhindi.in"
66.249.72.141 - - [07/Nov/2025:04:37:18 +0530] "GET /feed HTTP/1.1" 301 0 "-" "Mozilla/5.0 (compatible; Googlebot/2.1; +http://www.google.com/bot.html)"
66.249.72.141 - - [07/Nov/2025:04:38:20 +0530] "GET /feed HTTP/1.1" 301 0 "-" "Mozilla/5.0 (compatible; Googlebot/2.1; +http://www.google.com/bot.html)"
66.249.72.141 - - [07/Nov/2025:04:38:20 +0530] "GET /feed/ HTTP/1.1" 500 194 "-" "Mozilla/5.0 (compatible; Googlebot/2.1; +http://www.google.com/bot.html)"
122.180.246.194 - - [07/Nov/2025:04:39:22 +0530] "POST /wp-cron.php?doing_wp_cron=1762470562.5264079570770263671875 HTTP/1.1" 200 0 "-" "WordPress/6.8.3; https://androidhindi.in"
66.249.72.140 - - [07/Nov/2025:04:39:22 +0530] "GET /feed HTTP/1.1" 301 0 "-" "Mozilla/5.0 (compatible; Googlebot/2.1; +http://www.google.com/bot.html)"
122.180.246.194 - - [07/Nov/2025:04:47:13 +0530] "POST /wp-cron.php?doing_wp_cron=1762471033.5968420505523681640625 HTTP/1.1" 200 0 "-" "WordPress/6.8.3; https://androidhindi.in"
114.119.145.47 - - [07/Nov/2025:04:47:13 +0530] "GET /wp-content/uploads/2023/12/Top-10-Most-Hilarious-US-Gold-Coinage-1.jpg HTTP/1.1" 404 22979 "https://androidhindi.in/web-stories/top-10-highest-value-rare-us-coins-sold-at-major-auction" "Mozilla/5.0 (Linux; Android 7.0;) AppleWebKit/537.36 (KHTML, like Gecko) Mobile Safari/537.36 (compatible; PetalBot;+https://webmaster.petalsearch.com/site/petalbot)"
18.138.206.198 - - [07/Nov/2025:04:49:37 +0530] "GET /wp-content/uploads/2024/01/Chrome-%C3%A0%C2%A4%C2%AE%C3%A0%C2%A5%C2%87%C3%A0%C2%A4%C2%82-Data-Saver-%C3%A0%C2%A4%C2%95%C3%A0%C2%A5%C2%88%C3%A0%C2%A4%C2%B8%C3%A0%C2%A5%C2%87-%C3%A0%C2%A4%C2%9A%C3%A0%C2%A4%C2%BE%C3%A0%C2%A4%C2%B2%C3%A0%C2%A5%C2%81-%C3%A0%C2%A4%C2%95%C3%A0%C2%A4%C2%B0%C3%A0%C2%A5%C2%87%C3%A0%C2%A4%C2%82.jpg HTTP/1.1" 404 22978 "-" "Mozilla/5.0 (compatible; crawler)"
122.180.246.194 - - [07/Nov/2025:04:49:37 +0530] "POST /wp-cron.php?doing_wp_cron=1762471177.7270200252532958984375 HTTP/1.1" 200 0 "-" "WordPress/6.8.3; https://androidhindi.in"
122.180.246.194 - - [07/Nov/2025:04:53:17 +0530] "POST /wp-cron.php?doing_wp_cron=1762471397.1111049652099609375000 HTTP/1.1" 200 0 "-" "WordPress/6.8.3; https://androidhindi.in"
208.110.64.178 - - [07/Nov/2025:04:53:18 +0530] "GET /wp-includes/js9262c2/edit.php HTTP/1.1" 404 18305 "http://www.androidhindi.in/wp-includes/js9262c2/edit.php" "Mozilla/5.0 (Windows NT 10.0; Win64; x64) AppleWebKit/537.36 (KHTML, like Gecko) Chrome/58.0.3029.110 Safari/537.3"
208.110.64.178 - - [07/Nov/2025:04:53:15 +0530] "GET /wp-includes/js9262c2/edit.php HTTP/1.1" 301 0 "http://www.androidhindi.in/wp-includes/js9262c2/edit.php" "Mozilla/5.0 (Windows NT 10.0; Win64; x64) AppleWebKit/537.36 (KHTML, like Gecko) Chrome/58.0.3029.110 Safari/537.3"
122.180.246.194 - - [07/Nov/2025:04:54:47 +0530] "POST /wp-cron.php?doing_wp_cron=1762471487.5828049182891845703125 HTTP/1.1" 200 0 "-" "WordPress/6.8.3; https://androidhindi.in"
52.74.58.47 - - [07/Nov/2025:04:54:47 +0530] "GET /wp-content/uploads/2022/09/Kanika-Mann-Bio-Net-Worth-2022-1.jpg HTTP/1.1" 404 22978 "-" "Mozilla/5.0 (compatible; crawler)"
122.180.246.194 - - [07/Nov/2025:04:58:16 +0530] "POST /wp-cron.php?doing_wp_cron=1762471696.1555728912353515625000 HTTP/1.1" 200 0 "-" "WordPress/6.8.3; https://androidhindi.in"
66.249.72.141 - - [07/Nov/2025:04:59:19 +0530] "GET /feed HTTP/1.1" 301 0 "-" "Mozilla/5.0 (compatible; Googlebot/2.1; +http://www.google.com/bot.html)"
66.249.72.142 - - [07/Nov/2025:04:59:20 +0530] "GET /feed/ HTTP/1.1" 500 194 "-" "Mozilla/5.0 (compatible; Googlebot/2.1; +http://www.google.com/bot.html)"
122.180.246.194 - - [07/Nov/2025:05:00:22 +0530] "POST /wp-cron.php?doing_wp_cron=1762471822.3062570095062255859375 HTTP/1.1" 200 0 "-" "WordPress/6.8.3; https://androidhindi.in"
66.249.72.141 - - [07/Nov/2025:05:00:22 +0530] "GET /feed HTTP/1.1" 301 0 "-" "Mozilla/5.0 (compatible; Googlebot/2.1; +http://www.google.com/bot.html)"
66.249.72.141 - - [07/Nov/2025:05:00:22 +0530] "GET /feed/ HTTP/1.1" 500 194 "-" "Mozilla/5.0 (compatible; Googlebot/2.1; +http://www.google.com/bot.html)"
66.249.72.142 - - [07/Nov/2025:05:01:24 +0530] "GET /feed/ HTTP/1.1" 500 194 "-" "Mozilla/5.0 (compatible; Googlebot/2.1; +http://www.google.com/bot.html)"
14.116.207.75 - - [07/Nov/2025:05:03:29 +0530] "GET /wp-login.php HTTP/1.1" 404 20379 "-" "Apache-HttpClient/4.5.2 (Java/1.8.0_161)"
14.116.207.75 - - [07/Nov/2025:05:03:32 +0530] "GET /?author=1 HTTP/1.1" 404 13239 "-" "Apache-HttpClient/4.5.2 (Java/1.8.0_161)"
14.116.207.75 - - [07/Nov/2025:05:03:33 +0530] "GET /?author=2 HTTP/1.1" 404 13239 "-" "Apache-HttpClient/4.5.2 (Java/1.8.0_161)"
14.116.207.75 - - [07/Nov/2025:05:03:33 +0530] "GET /?author=3 HTTP/1.1" 404 13239 "-" "Apache-HttpClient/4.5.2 (Java/1.8.0_161)"
14.116.207.75 - - [07/Nov/2025:05:03:34 +0530] "GET /?author=4 HTTP/1.1" 404 13225 "-" "Apache-HttpClient/4.5.2 (Java/1.8.0_161)"
14.116.207.75 - - [07/Nov/2025:05:03:35 +0530] "GET /?author=5 HTTP/1.1" 404 13239 "-" "Apache-HttpClient/4.5.2 (Java/1.8.0_161)"
14.116.207.75 - - [07/Nov/2025:05:03:35 +0530] "GET /?author=6 HTTP/1.1" 404 13239 "-" "Apache-HttpClient/4.5.2 (Java/1.8.0_161)"
14.116.207.75 - - [07/Nov/2025:05:03:36 +0530] "GET /?author=7 HTTP/1.1" 404 13239 "-" "Apache-HttpClient/4.5.2 (Java/1.8.0_161)"
14.116.207.75 - - [07/Nov/2025:05:03:39 +0530] "GET /?author=8 HTTP/1.1" 404 13239 "-" "Apache-HttpClient/4.5.2 (Java/1.8.0_161)"
14.116.207.75 - - [07/Nov/2025:05:03:40 +0530] "GET /?author=9 HTTP/1.1" 404 13239 "-" "Apache-HttpClient/4.5.2 (Java/1.8.0_161)"
14.116.207.75 - - [07/Nov/2025:05:03:41 +0530] "GET /?author=10 HTTP/1.1" 404 13239 "-" "Apache-HttpClient/4.5.2 (Java/1.8.0_161)"
14.116.207.75 - - [07/Nov/2025:05:03:43 +0530] "GET /?author=11 HTTP/1.1" 404 13239 "-" "Apache-HttpClient/4.5.2 (Java/1.8.0_161)"
14.116.207.75 - - [07/Nov/2025:05:03:45 +0530] "GET /?author=12 HTTP/1.1" 404 13239 "-" "Apache-HttpClient/4.5.2 (Java/1.8.0_161)"
14.116.207.75 - - [07/Nov/2025:05:03:47 +0530] "GET /?author=13 HTTP/1.1" 404 13239 "-" "Apache-HttpClient/4.5.2 (Java/1.8.0_161)"
14.116.207.75 - - [07/Nov/2025:05:03:48 +0530] "GET /?author=14 HTTP/1.1" 404 13239 "-" "Apache-HttpClient/4.5.2 (Java/1.8.0_161)"
14.116.207.75 - - [07/Nov/2025:05:03:49 +0530] "GET /?author=15 HTTP/1.1" 404 13239 "-" "Apache-HttpClient/4.5.2 (Java/1.8.0_161)"
14.116.207.75 - - [07/Nov/2025:05:03:51 +0530] "GET /?author=16 HTTP/1.1" 404 13239 "-" "Apache-HttpClient/4.5.2 (Java/1.8.0_161)"
14.116.207.75 - - [07/Nov/2025:05:03:52 +0530] "GET /?author=17 HTTP/1.1" 404 13239 "-" "Apache-HttpClient/4.5.2 (Java/1.8.0_161)"
14.116.207.75 - - [07/Nov/2025:05:03:53 +0530] "GET /?author=18 HTTP/1.1" 404 13239 "-" "Apache-HttpClient/4.5.2 (Java/1.8.0_161)"
14.116.207.75 - - [07/Nov/2025:05:03:55 +0530] "GET /?author=19 HTTP/1.1" 404 13239 "-" "Apache-HttpClient/4.5.2 (Java/1.8.0_161)"
66.249.72.142 - - [07/Nov/2025:04:58:15 +0530] "GET /feed HTTP/1.1" 301 0 "-" "Mozilla/5.0 (compatible; Googlebot/2.1; +http://www.google.com/bot.html)"
66.249.72.141 - - [07/Nov/2025:04:58:17 +0530] "GET /feed/ HTTP/1.1" 500 194 "-" "Mozilla/5.0 (compatible; Googlebot/2.1; +http://www.google.com/bot.html)"
122.180.246.194 - - [07/Nov/2025:04:59:19 +0530] "POST /wp-cron.php?doing_wp_cron=1762471759.9139850139617919921875 HTTP/1.1" 200 0 "-" "WordPress/6.8.3; https://androidhindi.in"
122.180.246.194 - - [07/Nov/2025:05:01:24 +0530] "POST /wp-cron.php?doing_wp_cron=1762471884.0613870620727539062500 HTTP/1.1" 200 0 "-" "WordPress/6.8.3; https://androidhindi.in"
66.249.72.141 - - [07/Nov/2025:05:01:23 +0530] "GET /feed HTTP/1.1" 301 0 "-" "Mozilla/5.0 (compatible; Googlebot/2.1; +http://www.google.com/bot.html)"
122.180.246.194 - - [07/Nov/2025:05:03:26 +0530] "POST /wp-cron.php?doing_wp_cron=1762472006.4613940715789794921875 HTTP/1.1" 200 0 "-" "WordPress/6.8.3; https://androidhindi.in"
107.178.192.96 - - [07/Nov/2025:05:03:26 +0530] "GET /andar-bahar-unleashed-mastering-strategies-and-thrills-in-indias-premier-online-cash-game/ HTTP/1.1" 404 19369 "-" "Mozilla/5.0 (compatible; Google-Apps-Script; beanserver; +https://script.google.com; id: UAEmdDd_V6VJd39crRleiNHbd-HsZJZI53w)"
122.180.246.194 - - [07/Nov/2025:05:03:32 +0530] "POST /wp-cron.php?doing_wp_cron=1762472012.8965280055999755859375 HTTP/1.1" 200 0 "-" "WordPress/6.8.3; https://androidhindi.in"
185.191.171.14 - - [07/Nov/2025:05:03:50 +0530] "GET /robots.txt HTTP/1.1" 200 166 "-" "Mozilla/5.0 (compatible; SemrushBot/7~bl; +http://www.semrush.com/bot.html)"
185.191.171.7 - - [07/Nov/2025:05:03:51 +0530] "GET /android-phone-me-auto-start-apps-ko-kaise-disable-kare/ HTTP/1.1" 200 33842 "-" "Mozilla/5.0 (compatible; SemrushBot/7~bl; +http://www.semrush.com/bot.html)"
185.191.171.9 - - [07/Nov/2025:05:09:22 +0530] "GET /phone-me-pdf-open-kaise-kare/ HTTP/1.1" 200 37704 "-" "Mozilla/5.0 (compatible; SemrushBot/7~bl; +http://www.semrush.com/bot.html)"
13.215.231.211 - - [07/Nov/2025:05:03:55 +0530] "GET /wp-content/uploads/2024/01/Text-Me-%C3%A0%C2%A4%C2%95%C3%A0%C2%A4%C2%BE-%C3%A0%C2%A4%C2%87%C3%A0%C2%A4%C2%B8%C3%A0%C2%A5%C2%8D%C3%A0%C2%A4%C2%A4%C3%A0%C2%A5%C2%87%C3%A0%C2%A4%C2%AE%C3%A0%C2%A4%C2%BE%C3%A0%C2%A4%C2%B2-%C3%A0%C2%A4%C2%95%C3%A0%C2%A4%C2%B0%C3%A0%C2%A4%C2%95%C3%A0%C2%A5%C2%87-%C3%A0%C2%A4%C2%AC%C3%A0%C2%A4%C2%BF%C3%A0%C2%A4%C2%A8%C3%A0%C2%A4%C2%BE-Number-%C3%A0%C2%A4%C2%95%C3%A0%C2%A5%C2%87-Message-%C3%A0%C2%A4%C2%95%C3%A0%C2%A5%C2%88%C3%A0%C2%A4%C2%B8%C3%A0%C2%A5%C2%87-%C3%A0%C2%A4%C2%AD%C3%A0%C2%A5%C2%87%C3%A0%C2%A4%C2%9C%C3%A0%C2%A5%C2%87%C3%A0%C2%A4%C2%82.jpg HTTP/1.1" 404 22978 "-" "Mozilla/5.0 (compatible; crawler)"
14.116.207.75 - - [07/Nov/2025:05:03:56 +0530] "GET /?author=20 HTTP/1.1" 404 13239 "-" "Apache-HttpClient/4.5.2 (Java/1.8.0_161)"
122.180.246.194 - - [07/Nov/2025:05:05:31 +0530] "POST /wp-cron.php?doing_wp_cron=1762472131.8500430583953857421875 HTTP/1.1" 200 0 "-" "WordPress/6.8.3; https://androidhindi.in"
147.135.212.200 - - [07/Nov/2025:05:05:31 +0530] "GET /robots.txt HTTP/1.1" 200 277 "-" "Mozilla/5.0 (compatible; MJ12bot/v1.4.8; http://mj12bot.com/)"
147.135.212.200 - - [07/Nov/2025:05:05:33 +0530] "GET /%E0%A4%8F%E0%A4%82%E0%A4%A1%E0%A5%8D%E0%A4%B0%E0%A4%BE%E0%A4%87%E0%A4%A1-%E0%A4%95%E0%A5%87-%E0%A4%9F%E0%A5%8B%E0%A4%AA-10-%E0%A4%AB%E0%A4%BE%E0%A4%AF%E0%A4%A6%E0%A5%87-benefits-of-android-in-hindi/ HTTP/1.1" 404 19369 "-" "Mozilla/5.0 (compatible; MJ12bot/v1.4.8; http://mj12bot.com/)"
147.135.212.200 - - [07/Nov/2025:05:05:36 +0530] "GET /%E0%A4%8F%E0%A4%82%E0%A4%A1%E0%A5%8D%E0%A4%B0%E0%A4%BE%E0%A4%87%E0%A4%A1-%E0%A4%AB%E0%A5%8B%E0%A4%A8-%E0%A4%B0%E0%A4%BF%E0%A4%B8%E0%A5%87%E0%A4%9F-%E0%A4%95%E0%A5%88%E0%A4%B8%E0%A5%87-%E0%A4%95/ HTTP/1.1" 404 19369 "-" "Mozilla/5.0 (compatible; MJ12bot/v1.4.8; http://mj12bot.com/)"
147.135.212.200 - - [07/Nov/2025:05:05:39 +0530] "GET /%E0%A4%97%E0%A5%87%E0%A4%B8%E0%A5%8D%E0%A4%9F-%E0%A4%AE%E0%A5%8B%E0%A4%A1-%E0%A4%95%E0%A5%8D%E0%A4%AF%E0%A4%BE-%E0%A4%B9%E0%A5%88-%E0%A4%94%E0%A4%B0-%E0%A4%97%E0%A5%87%E0%A4%B8%E0%A5%8D%E0%A4%9F/ HTTP/1.1" 404 19369 "-" "Mozilla/5.0 (compatible; MJ12bot/v1.4.8; http://mj12bot.com/)"
147.135.212.200 - - [07/Nov/2025:05:05:43 +0530] "GET /%E0%A4%AB%E0%A5%8B%E0%A4%A8-%E0%A4%97%E0%A4%B0%E0%A5%8D%E0%A4%AE-%E0%A4%95%E0%A5%8D%E0%A4%AF%E0%A5%8B%E0%A4%82-%E0%A4%B9%E0%A5%8B%E0%A4%A4%E0%A4%BE-%E0%A4%B9%E0%A5%88-%E0%A4%94%E0%A4%B0-%E0%A4%AB/ HTTP/1.1" 404 19369 "-" "Mozilla/5.0 (compatible; MJ12bot/v1.4.8; http://mj12bot.com/)"
147.135.212.200 - - [07/Nov/2025:05:05:47 +0530] "GET /%E0%A4%AE%E0%A5%8B%E0%A4%AC%E0%A4%BE%E0%A4%87%E0%A4%B2-%E0%A4%96%E0%A5%8B-%E0%A4%97%E0%A4%AF%E0%A4%BE-%E0%A4%B9%E0%A5%88-%E0%A4%A4%E0%A5%8B-%E0%A4%85%E0%A4%AD%E0%A5%80-%E0%A4%95%E0%A5%87-%E0%A4%85/ HTTP/1.1" 301 0 "-" "Mozilla/5.0 (compatible; MJ12bot/v1.4.8; http://mj12bot.com/)"
147.135.212.200 - - [07/Nov/2025:05:05:51 +0530] "GET /phone-kho-jane-par-kya-kare/ HTTP/1.1" 200 34520 "-" "Mozilla/5.0 (compatible; MJ12bot/v1.4.8; http://mj12bot.com/)"
66.249.72.140 - - [07/Nov/2025:05:11:17 +0530] "GET /wp-content/uploads/2021/12/%E0%A4%AE%E0%A5%87%E0%A4%B8%E0%A5%87%E0%A4%9C-%E0%A4%95%E0%A4%BE-%E0%A4%AC%E0%A5%87%E0%A4%95%E0%A4%85%E0%A4%AA-%E0%A4%95%E0%A5%88%E0%A4%B8%E0%A5%87-%E0%A4%95%E0%A4%B0%E0%A5%87-6.webp HTTP/1.1" 404 20381 "-" "Googlebot-Image/1.0"
122.180.246.194 - - [07/Nov/2025:05:13:23 +0530] "GET /.well-known/acme-challenge/22BHZLS_CVNGK1-PPXZHZJM9A5MB_MC0 HTTP/1.1" 200 64 "-" "Cpanel-HTTP-Client/1.0"
122.180.246.194 - - [07/Nov/2025:05:13:23 +0530] "GET /.well-known/acme-challenge/HR_V4R90R7DH9GW_PG2OHR40B8MYF694 HTTP/1.1" 200 37875 "-" "Cpanel-HTTP-Client/1.0"
122.180.246.194 - - [07/Nov/2025:05:13:24 +0530] "GET /.well-known/acme-challenge/6UA--DSJG6P-AJD7-00CI_ZDB6Q4LBL5 HTTP/1.1" 401 36 "-" "Cpanel-HTTP-Client/1.0"
122.180.246.194 - - [07/Nov/2025:05:13:24 +0530] "GET /.well-known/acme-challenge/QT8SI2W7W7I4ULDZHW-TK8KTQ1XHF-Q6 HTTP/1.1" 401 36 "-" "Cpanel-HTTP-Client/1.0"
122.180.246.194 - - [07/Nov/2025:05:10:49 +0530] "POST /wp-cron.php?doing_wp_cron=1762472449.7124059200286865234375 HTTP/1.1" 200 0 "-" "WordPress/6.8.3; https://androidhindi.in"
107.178.203.64 - - [07/Nov/2025:05:10:49 +0530] "GET /andar-bahar-unleashed-mastering-strategies-and-thrills-in-indias-premier-online-cash-game/ HTTP/1.1" 404 19369 "-" "Mozilla/5.0 (compatible; Google-Apps-Script; beanserver; +https://script.google.com; id: UAEmdDd_V6VJd39crRleiNHbd-HsZJZI53w)"
122.180.246.194 - - [07/Nov/2025:05:11:18 +0530] "POST /wp-cron.php?doing_wp_cron=1762472478.0973949432373046875000 HTTP/1.1" 200 0 "-" "WordPress/6.8.3; https://androidhindi.in"
122.180.246.194 - - [07/Nov/2025:05:13:23 +0530] "GET /.well-known/acme-challenge/D4-T726UR_2B6U5KUQYSAX0DBEQMAWMY HTTP/1.1" 200 64 "-" "Cpanel-HTTP-Client/1.0"
122.180.246.194 - - [07/Nov/2025:05:13:23 +0530] "GET /.well-known/acme-challenge/JFM7XGGHV9OU-RTKGRZ9SX_WIHS69T5Y HTTP/1.1" 200 64 "-" "Cpanel-HTTP-Client/1.0"
122.180.246.194 - - [07/Nov/2025:05:13:23 +0530] "GET /.well-known/acme-challenge/BF3CNDO_Z30UFF0IQQSV8QSOEC6E4538 HTTP/1.1" 200 37863 "-" "Cpanel-HTTP-Client/1.0"
122.180.246.194 - - [07/Nov/2025:05:13:23 +0530] "GET /.well-known/acme-challenge/X8E4JLXCI21W73AP33PXCNCP3NK8MH2Z HTTP/1.1" 401 36 "-" "Cpanel-HTTP-Client/1.0"
122.180.246.194 - - [07/Nov/2025:05:13:24 +0530] "GET /.well-known/acme-challenge/1A4B-ZI-JUV8HFQ_ZJARUC945ZDNRGHW HTTP/1.1" 301 0 "-" "Cpanel-HTTP-Client/1.0"
66.249.72.140 - - [07/Nov/2025:05:17:20 +0530] "GET /feed HTTP/1.1" 301 0 "-" "Mozilla/5.0 (compatible; Googlebot/2.1; +http://www.google.com/bot.html)"
66.249.72.140 - - [07/Nov/2025:05:17:21 +0530] "GET /feed/ HTTP/1.1" 500 194 "-" "Mozilla/5.0 (compatible; Googlebot/2.1; +http://www.google.com/bot.html)"
66.249.72.141 - - [07/Nov/2025:05:18:24 +0530] "GET /feed/ HTTP/1.1" 500 194 "-" "Mozilla/5.0 (compatible; Googlebot/2.1; +http://www.google.com/bot.html)"
122.180.246.194 - - [07/Nov/2025:05:19:26 +0530] "POST /wp-cron.php?doing_wp_cron=1762472966.3330700397491455078125 HTTP/1.1" 200 0 "-" "WordPress/6.8.3; https://androidhindi.in"
66.249.72.140 - - [07/Nov/2025:05:19:26 +0530] "GET /feed HTTP/1.1" 301 0 "-" "Mozilla/5.0 (compatible; Googlebot/2.1; +http://www.google.com/bot.html)"
122.180.246.194 - - [07/Nov/2025:05:23:29 +0530] "POST /wp-cron.php?doing_wp_cron=1762473209.5369699001312255859375 HTTP/1.1" 200 0 "-" "WordPress/6.8.3; https://androidhindi.in"
208.110.64.178 - - [07/Nov/2025:05:23:28 +0530] "GET /wp-includes/js9262c2/edit.php HTTP/1.1" 301 0 "http://www.androidhindi.in/wp-includes/js9262c2/edit.php" "Mozilla/5.0 (Windows NT 10.0; Win64; x64) AppleWebKit/537.36 (KHTML, like Gecko) Chrome/58.0.3029.110 Safari/537.3"
208.110.64.178 - - [07/Nov/2025:05:23:30 +0530] "GET /wp-includes/js9262c2/edit.php HTTP/1.1" 404 18305 "http://www.androidhindi.in/wp-includes/js9262c2/edit.php" "Mozilla/5.0 (Windows NT 10.0; Win64; x64) AppleWebKit/537.36 (KHTML, like Gecko) Chrome/58.0.3029.110 Safari/537.3"
122.180.246.194 - - [07/Nov/2025:05:16:18 +0530] "POST /wp-cron.php?doing_wp_cron=1762472778.1383869647979736328125 HTTP/1.1" 200 0 "-" "WordPress/6.8.3; https://androidhindi.in"
66.249.72.142 - - [07/Nov/2025:05:16:17 +0530] "GET /feed HTTP/1.1" 301 0 "-" "Mozilla/5.0 (compatible; Googlebot/2.1; +http://www.google.com/bot.html)"
66.249.72.140 - - [07/Nov/2025:05:16:19 +0530] "GET /feed/ HTTP/1.1" 500 194 "-" "Mozilla/5.0 (compatible; Googlebot/2.1; +http://www.google.com/bot.html)"
122.180.246.194 - - [07/Nov/2025:05:17:20 +0530] "POST /wp-cron.php?doing_wp_cron=1762472840.8248600959777832031250 HTTP/1.1" 200 0 "-" "WordPress/6.8.3; https://androidhindi.in"
122.180.246.194 - - [07/Nov/2025:05:18:22 +0530] "POST /wp-cron.php?doing_wp_cron=1762472902.6549699306488037109375 HTTP/1.1" 200 0 "-" "WordPress/6.8.3; https://androidhindi.in"
66.249.72.140 - - [07/Nov/2025:05:18:22 +0530] "GET /feed HTTP/1.1" 301 0 "-" "Mozilla/5.0 (compatible; Googlebot/2.1; +http://www.google.com/bot.html)"
66.249.72.141 - - [07/Nov/2025:05:19:27 +0530] "GET /feed/ HTTP/1.1" 500 194 "-" "Mozilla/5.0 (compatible; Googlebot/2.1; +http://www.google.com/bot.html)"
122.180.246.194 - - [07/Nov/2025:05:22:45 +0530] "POST /wp-cron.php?doing_wp_cron=1762473165.2695689201354980468750 HTTP/1.1" 200 0 "-" "WordPress/6.8.3; https://androidhindi.in"
3.1.35.115 - - [07/Nov/2025:05:22:15 +0530] "GET /wp-content/uploads/2022/09/Shruti-Haasan-8.jpg HTTP/1.1" 404 22978 "-" "Mozilla/5.0 (compatible; crawler)"
122.180.246.194 - - [07/Nov/2025:05:39:05 +0530] "POST /wp-cron.php?doing_wp_cron=1762474145.3665909767150878906250 HTTP/1.1" 200 0 "-" "WordPress/6.8.3; https://androidhindi.in"
66.249.72.141 - - [07/Nov/2025:05:39:05 +0530] "GET /feed HTTP/1.1" 301 0 "-" "Mozilla/5.0 (compatible; Googlebot/2.1; +http://www.google.com/bot.html)"
122.180.246.194 - - [07/Nov/2025:05:40:08 +0530] "POST /wp-cron.php?doing_wp_cron=1762474208.6072449684143066406250 HTTP/1.1" 200 0 "-" "WordPress/6.8.3; https://androidhindi.in"
66.249.72.142 - - [07/Nov/2025:05:40:09 +0530] "GET /feed/ HTTP/1.1" 500 194 "-" "Mozilla/5.0 (compatible; Googlebot/2.1; +http://www.google.com/bot.html)"
185.170.167.18 - - [07/Nov/2025:05:40:37 +0530] "GET /clear-cache-flies/ HTTP/1.1" 200 35079 "-" "Mozilla/5.0 (compatible; BacklinksExtendedBot)"
66.249.72.140 - - [07/Nov/2025:05:41:11 +0530] "GET /feed HTTP/1.1" 301 0 "-" "Mozilla/5.0 (compatible; Googlebot/2.1; +http://www.google.com/bot.html)"
66.249.72.140 - - [07/Nov/2025:05:41:12 +0530] "GET /feed/ HTTP/1.1" 500 194 "-" "Mozilla/5.0 (compatible; Googlebot/2.1; +http://www.google.com/bot.html)"
122.180.246.194 - - [07/Nov/2025:05:42:13 +0530] "POST /wp-cron.php?doing_wp_cron=1762474333.6847229003906250000000 HTTP/1.1" 200 0 "-" "WordPress/6.8.3; https://androidhindi.in"
66.249.72.140 - - [07/Nov/2025:05:42:13 +0530] "GET /feed HTTP/1.1" 301 0 "-" "Mozilla/5.0 (compatible; Googlebot/2.1; +http://www.google.com/bot.html)"
66.249.72.142 - - [07/Nov/2025:05:42:14 +0530] "GET /feed/ HTTP/1.1" 500 194 "-" "Mozilla/5.0 (compatible; Googlebot/2.1; +http://www.google.com/bot.html)"
66.249.72.140 - - [07/Nov/2025:05:39:06 +0530] "GET /feed/ HTTP/1.1" 500 194 "-" "Mozilla/5.0 (compatible; Googlebot/2.1; +http://www.google.com/bot.html)"
66.249.72.140 - - [07/Nov/2025:05:40:08 +0530] "GET /feed HTTP/1.1" 301 0 "-" "Mozilla/5.0 (compatible; Googlebot/2.1; +http://www.google.com/bot.html)"
122.180.246.194 - - [07/Nov/2025:05:41:11 +0530] "POST /wp-cron.php?doing_wp_cron=1762474271.8481829166412353515625 HTTP/1.1" 200 0 "-" "WordPress/6.8.3; https://androidhindi.in"
122.180.246.194 - - [07/Nov/2025:05:45:53 +0530] "POST /wp-cron.php?doing_wp_cron=1762474552.8229269981384277343750 HTTP/1.1" 200 0 "-" "WordPress/6.8.3; https://androidhindi.in"
208.110.64.178 - - [07/Nov/2025:05:45:52 +0530] "GET /wp-includes/js9262c2/edit.php HTTP/1.1" 301 0 "http://www.androidhindi.in/wp-includes/js9262c2/edit.php" "Mozilla/5.0 (Windows NT 10.0; Win64; x64) AppleWebKit/537.36 (KHTML, like Gecko) Chrome/58.0.3029.110 Safari/537.3"
208.110.64.178 - - [07/Nov/2025:05:45:53 +0530] "GET /wp-includes/js9262c2/edit.php HTTP/1.1" 404 18306 "http://www.androidhindi.in/wp-includes/js9262c2/edit.php" "Mozilla/5.0 (Windows NT 10.0; Win64; x64) AppleWebKit/537.36 (KHTML, like Gecko) Chrome/58.0.3029.110 Safari/537.3"
122.180.246.194 - - [07/Nov/2025:05:48:06 +0530] "POST /wp-cron.php?doing_wp_cron=1762474686.7408690452575683593750 HTTP/1.1" 200 0 "-" "WordPress/6.8.3; https://androidhindi.in"
52.74.206.17 - - [07/Nov/2025:05:48:06 +0530] "GET /wp-content/uploads/2022/09/Disha-Vakani-Bio-Net-Worth-2022-9.jpg HTTP/1.1" 404 22977 "-" "Mozilla/5.0 (compatible; crawler)"
66.249.72.140 - - [07/Nov/2025:05:48:39 +0530] "GET /page/13/?query-d2e9aa8f-page=5&cst&( HTTP/1.1" 301 0 "-" "Mozilla/5.0 (Linux; Android 6.0.1; Nexus 5X Build/MMB29P) AppleWebKit/537.36 (KHTML, like Gecko) Chrome/141.0.7390.122 Mobile Safari/537.36 (compatible; Googlebot/2.1; +http://www.google.com/bot.html)"
66.249.72.141 - - [07/Nov/2025:05:48:45 +0530] "GET /wp-content/plugins/kk-star-ratings/src/core/public/css/kk-star-ratings.min.css?ver=5.4.10.2 HTTP/1.1" 200 503 "https://androidhindi.in/page/13/?query-d2e9aa8f-page=5&cst&%28" "Mozilla/5.0 (Linux; Android 6.0.1; Nexus 5X Build/MMB29P) AppleWebKit/537.36 (KHTML, like Gecko) Chrome/141.0.7390.122 Mobile Safari/537.36 (compatible; Googlebot/2.1; +http://www.google.com/bot.html)"
122.180.246.194 - - [07/Nov/2025:05:50:19 +0530] "POST /wp-cron.php?doing_wp_cron=1762474819.2932109832763671875000 HTTP/1.1" 200 0 "-" "WordPress/6.8.3; https://androidhindi.in"
66.249.72.140 - - [07/Nov/2025:05:50:19 +0530] "GET /wp-content/uploads/2021/12/%E0%A4%AE%E0%A5%87%E0%A4%B8%E0%A5%87%E0%A4%9C-%E0%A4%95%E0%A5%8B-%E0%A4%B0%E0%A4%BF%E0%A4%B8%E0%A5%8D%E0%A4%9F%E0%A5%8B%E0%A4%B0-%E0%A4%95%E0%A5%88%E0%A4%B8%E0%A5%87-%E0%A4%95%E0%A4%B0%E0%A5%87-1.webp HTTP/1.1" 404 20381 "-" "Googlebot-Image/1.0"
66.249.72.142 - - [07/Nov/2025:06:00:51 +0530] "GET /feed HTTP/1.1" 301 0 "-" "Mozilla/5.0 (compatible; Googlebot/2.1; +http://www.google.com/bot.html)"
66.249.72.142 - - [07/Nov/2025:06:00:51 +0530] "GET /feed/ HTTP/1.1" 500 194 "-" "Mozilla/5.0 (compatible; Googlebot/2.1; +http://www.google.com/bot.html)"
66.249.72.141 - - [07/Nov/2025:06:01:55 +0530] "GET /feed/ HTTP/1.1" 500 194 "-" "Mozilla/5.0 (compatible; Googlebot/2.1; +http://www.google.com/bot.html)"
66.249.72.142 - - [07/Nov/2025:06:02:55 +0530] "GET /feed HTTP/1.1" 301 0 "-" "Mozilla/5.0 (compatible; Googlebot/2.1; +http://www.google.com/bot.html)"
66.249.72.141 - - [07/Nov/2025:06:02:56 +0530] "GET /feed/ HTTP/1.1" 500 194 "-" "Mozilla/5.0 (compatible; Googlebot/2.1; +http://www.google.com/bot.html)"
122.180.246.194 - - [07/Nov/2025:06:03:58 +0530] "POST /wp-cron.php?doing_wp_cron=1762475638.4748430252075195312500 HTTP/1.1" 200 0 "-" "WordPress/6.8.3; https://androidhindi.in"
122.180.246.194 - - [07/Nov/2025:05:48:39 +0530] "POST /wp-cron.php?doing_wp_cron=1762474719.6840529441833496093750 HTTP/1.1" 200 0 "-" "WordPress/6.8.3; https://androidhindi.in"
66.249.72.142 - - [07/Nov/2025:05:48:40 +0530] "GET /page/13/?query-d2e9aa8f-page=5&cst&%28 HTTP/1.1" 200 21207 "-" "Mozilla/5.0 (Linux; Android 6.0.1; Nexus 5X Build/MMB29P) AppleWebKit/537.36 (KHTML, like Gecko) Chrome/141.0.7390.122 Mobile Safari/537.36 (compatible; Googlebot/2.1; +http://www.google.com/bot.html)"
114.119.159.216 - - [07/Nov/2025:05:49:08 +0530] "GET /wp-content/uploads/2023/12/1794-Flowing-Hair-Silver-Dollar.png HTTP/1.1" 404 22978 "https://androidhindi.in/web-stories/top-10-most-expensive-us-coins-ever-sold-at-auction" "Mozilla/5.0 (Linux; Android 7.0;) AppleWebKit/537.36 (KHTML, like Gecko) Mobile Safari/537.36 (compatible; PetalBot;+https://webmaster.petalsearch.com/site/petalbot)"
114.119.145.47 - - [07/Nov/2025:05:51:01 +0530] "GET /web-stories/gta-6-download-karna-hai-to-abhi-kare-ye-kaam/ HTTP/1.1" 200 10571 "https://androidhindi.in/web-story-sitemap.xml" "Mozilla/5.0 (Linux; Android 7.0;) AppleWebKit/537.36 (KHTML, like Gecko) Mobile Safari/537.36 (compatible; PetalBot;+https://webmaster.petalsearch.com/site/petalbot)"
122.180.246.194 - - [07/Nov/2025:06:00:51 +0530] "POST /wp-cron.php?doing_wp_cron=1762475451.3056530952453613281250 HTTP/1.1" 200 0 "-" "WordPress/6.8.3; https://androidhindi.in"
66.249.72.140 - - [07/Nov/2025:06:00:53 +0530] "GET /feed/ HTTP/1.1" 500 194 "-" "Mozilla/5.0 (compatible; Googlebot/2.1; +http://www.google.com/bot.html)"
122.180.246.194 - - [07/Nov/2025:06:01:53 +0530] "POST /wp-cron.php?doing_wp_cron=1762475513.1472129821777343750000 HTTP/1.1" 200 0 "-" "WordPress/6.8.3; https://androidhindi.in"
66.249.72.142 - - [07/Nov/2025:06:01:52 +0530] "GET /feed HTTP/1.1" 301 0 "-" "Mozilla/5.0 (compatible; Googlebot/2.1; +http://www.google.com/bot.html)"
66.249.72.140 - - [07/Nov/2025:06:01:54 +0530] "GET /feed/ HTTP/1.1" 500 194 "-" "Mozilla/5.0 (compatible; Googlebot/2.1; +http://www.google.com/bot.html)"
122.180.246.194 - - [07/Nov/2025:06:02:34 +0530] "POST /wp-cron.php?doing_wp_cron=1762475554.9069929122924804687500 HTTP/1.1" 200 0 "-" "WordPress/6.8.3; https://androidhindi.in"
66.249.72.140 - - [07/Nov/2025:06:02:57 +0530] "GET /feed/ HTTP/1.1" 500 194 "-" "Mozilla/5.0 (compatible; Googlebot/2.1; +http://www.google.com/bot.html)"
66.249.72.140 - - [07/Nov/2025:06:03:58 +0530] "GET /feed HTTP/1.1" 301 0 "-" "Mozilla/5.0 (compatible; Googlebot/2.1; +http://www.google.com/bot.html)"
66.249.72.140 - - [07/Nov/2025:06:03:59 +0530] "GET /feed/ HTTP/1.1" 500 194 "-" "Mozilla/5.0 (compatible; Googlebot/2.1; +http://www.google.com/bot.html)"
68.183.229.154 - - [07/Nov/2025:06:08:27 +0530] "GET /userfuns.php HTTP/1.1" 403 6988 "www.google.com" "Mozlila/5.0 (Linux; Android 7.0; SM-G892A Bulid/NRD90M; wv) AppleWebKit/537.36 (KHTML, like Gecko) Version/4.0 Chrome/60.0.3112.107 Moblie Safari/537.36"
68.183.229.154 - - [07/Nov/2025:06:08:34 +0530] "GET /postnews.php HTTP/1.1" 403 6988 "www.google.com" "Mozlila/5.0 (Linux; Android 7.0; SM-G892A Bulid/NRD90M; wv) AppleWebKit/537.36 (KHTML, like Gecko) Version/4.0 Chrome/60.0.3112.107 Moblie Safari/537.36"
107.189.4.81 - - [07/Nov/2025:06:09:12 +0530] "GET /wp-login.php HTTP/1.1" 404 18306 "https://www.bing.com/" "Mozilla/5.0 (iPhone; CPU iPhone OS 17_0 like Mac OS X) AppleWebKit/605.1.15 (KHTML, like Gecko) Version/17.0 Mobile/15E148 Safari/604.1"
122.180.246.194 - - [07/Nov/2025:06:09:14 +0530] "POST /wp-cron.php?doing_wp_cron=1762475954.5776340961456298828125 HTTP/1.1" 200 0 "-" "WordPress/6.8.3; https://androidhindi.in"
49.13.165.228 - - [07/Nov/2025:06:09:13 +0530] "GET /wp-json/wp/v2/posts?slug=/phone-ka-mac-address-kaise-pata-kare/ HTTP/1.1" 200 22434 "-" "-"
85.208.96.212 - - [07/Nov/2025:06:14:14 +0530] "GET /robots.txt HTTP/1.1" 200 166 "-" "Mozilla/5.0 (compatible; SemrushBot/7~bl; +http://www.semrush.com/bot.html)"
85.208.96.201 - - [07/Nov/2025:06:14:15 +0530] "GET /generic-system-image-kya-hai-aur-gsi-kis-tarah-se-custom-rom-se-alag-hai/ HTTP/1.1" 200 32300 "-" "Mozilla/5.0 (compatible; SemrushBot/7~bl; +http://www.semrush.com/bot.html)"
122.180.246.194 - - [07/Nov/2025:06:18:19 +0530] "POST /wp-cron.php?doing_wp_cron=1762476499.6674079895019531250000 HTTP/1.1" 200 0 "-" "WordPress/6.8.3; https://androidhindi.in"
136.243.228.182 - - [07/Nov/2025:06:18:22 +0530] "GET /robots.txt HTTP/1.1" 200 162 "-" "Mozilla/5.0 (compatible; DataForSeoBot/1.0; +https://dataforseo.com/dataforseo-bot)"
136.243.228.182 - - [07/Nov/2025:06:18:24 +0530] "GET /post-sitemap.xml HTTP/1.1" 200 11448 "-" "Mozilla/5.0 (compatible; DataForSeoBot/1.0; +https://dataforseo.com/dataforseo-bot)"
136.243.228.182 - - [07/Nov/2025:06:18:26 +0530] "GET /web-story-sitemap.xml HTTP/1.1" 200 2907 "-" "Mozilla/5.0 (compatible; DataForSeoBot/1.0; +https://dataforseo.com/dataforseo-bot)"
136.243.228.182 - - [07/Nov/2025:06:18:27 +0530] "GET /whatsapp-hidden-tricks/ HTTP/1.1" 404 19368 "-" "Mozilla/5.0 (compatible; DataForSeoBot/1.0; +https://dataforseo.com/dataforseo-bot)"
136.243.228.182 - - [07/Nov/2025:06:18:32 +0530] "GET /whatsapp-new-privacy-policy/ HTTP/1.1" 404 19368 "-" "Mozilla/5.0 (compatible; DataForSeoBot/1.0; +https://dataforseo.com/dataforseo-bot)"
66.249.72.142 - - [07/Nov/2025:06:04:00 +0530] "GET /feed/ HTTP/1.1" 500 194 "-" "Mozilla/5.0 (compatible; Googlebot/2.1; +http://www.google.com/bot.html)"
122.180.246.194 - - [07/Nov/2025:06:08:53 +0530] "POST /wp-cron.php?doing_wp_cron=1762475933.2804849147796630859375 HTTP/1.1" 200 0 "-" "WordPress/6.8.3; https://androidhindi.in"
122.180.246.194 - - [07/Nov/2025:06:08:53 +0530] "POST /?wordfence_syncAttackData=1762475933.5172 HTTP/1.1" 200 0 "-" "WordPress/6.8.3; https://androidhindi.in"
208.110.64.178 - - [07/Nov/2025:06:09:06 +0530] "GET /wp-includes/js9262c2/edit.php HTTP/1.1" 301 0 "http://www.androidhindi.in/wp-includes/js9262c2/edit.php" "Mozilla/5.0 (Windows NT 10.0; Win64; x64) AppleWebKit/537.36 (KHTML, like Gecko) Chrome/58.0.3029.110 Safari/537.3"
208.110.64.178 - - [07/Nov/2025:06:09:08 +0530] "GET /wp-includes/js9262c2/edit.php HTTP/1.1" 404 18306 "http://www.androidhindi.in/wp-includes/js9262c2/edit.php" "Mozilla/5.0 (Windows NT 10.0; Win64; x64) AppleWebKit/537.36 (KHTML, like Gecko) Chrome/58.0.3029.110 Safari/537.3"
49.13.165.228 - - [07/Nov/2025:06:09:15 +0530] "POST /wp-comments-post.php HTTP/1.1" 403 787 "-" "-"
122.180.246.194 - - [07/Nov/2025:06:14:14 +0530] "POST /wp-cron.php?doing_wp_cron=1762476254.5971169471740722656250 HTTP/1.1" 200 0 "-" "WordPress/6.8.3; https://androidhindi.in"
136.243.228.182 - - [07/Nov/2025:06:18:16 +0530] "GET /category/earn-money/ HTTP/1.1" 200 27394 "-" "Mozilla/5.0 (compatible; DataForSeoBot/1.0; +https://dataforseo.com/dataforseo-bot)"
136.243.228.193 - - [07/Nov/2025:06:18:18 +0530] "GET /robots.txt HTTP/1.1" 301 0 "-" "Mozilla/5.0 (compatible; DataForSeoBot/1.0; +https://dataforseo.com/dataforseo-bot)"
136.243.228.182 - - [07/Nov/2025:06:18:20 +0530] "GET /robots.txt HTTP/1.1" 200 162 "-" "Mozilla/5.0 (compatible; DataForSeoBot/1.0; +https://dataforseo.com/dataforseo-bot)"
136.243.228.193 - - [07/Nov/2025:06:18:21 +0530] "GET /2020/07/android-mobile-update-kaise-kare.html HTTP/1.1" 301 0 "-" "Mozilla/5.0 (compatible; DataForSeoBot/1.0; +https://dataforseo.com/dataforseo-bot)"
136.243.228.193 - - [07/Nov/2025:06:18:21 +0530] "GET /robots.txt HTTP/1.1" 301 0 "-" "Mozilla/5.0 (compatible; DataForSeoBot/1.0; +https://dataforseo.com/dataforseo-bot)"
136.243.228.182 - - [07/Nov/2025:06:18:23 +0530] "GET /android-me-safe-mode-on-off-kaise-kare/ HTTP/1.1" 301 0 "-" "Mozilla/5.0 (compatible; DataForSeoBot/1.0; +https://dataforseo.com/dataforseo-bot)"
122.180.246.194 - - [07/Nov/2025:06:18:28 +0530] "POST /wp-cron.php?doing_wp_cron=1762476508.2090508937835693359375 HTTP/1.1" 200 0 "-" "WordPress/6.8.3; https://androidhindi.in"
66.249.72.141 - - [07/Nov/2025:06:24:07 +0530] "GET /feed HTTP/1.1" 301 0 "-" "Mozilla/5.0 (compatible; Googlebot/2.1; +http://www.google.com/bot.html)"
66.249.72.141 - - [07/Nov/2025:06:24:08 +0530] "GET /feed/ HTTP/1.1" 500 194 "-" "Mozilla/5.0 (compatible; Googlebot/2.1; +http://www.google.com/bot.html)"
66.249.72.140 - - [07/Nov/2025:06:26:11 +0530] "GET /feed HTTP/1.1" 301 0 "-" "Mozilla/5.0 (compatible; Googlebot/2.1; +http://www.google.com/bot.html)"
66.249.72.141 - - [07/Nov/2025:06:26:13 +0530] "GET /feed/ HTTP/1.1" 500 194 "-" "Mozilla/5.0 (compatible; Googlebot/2.1; +http://www.google.com/bot.html)"
136.243.228.182 - - [07/Nov/2025:06:26:36 +0530] "GET /google-roll-out-new-pixel-update-in-this-january/ HTTP/1.1" 200 33186 "-" "Mozilla/5.0 (compatible; DataForSeoBot/1.0; +https://dataforseo.com/dataforseo-bot)"
136.243.228.182 - - [07/Nov/2025:06:26:45 +0530] "GET /samsung-galaxy-s23-specifications-hindi/ HTTP/1.1" 200 34938 "-" "Mozilla/5.0 (compatible; DataForSeoBot/1.0; +https://dataforseo.com/dataforseo-bot)"
136.243.228.182 - - [07/Nov/2025:06:26:50 +0530] "GET /web-stories/top-10-most-expensive-us-coins-ever-sold-at-auction/ HTTP/1.1" 200 9004 "-" "Mozilla/5.0 (compatible; DataForSeoBot/1.0; +https://dataforseo.com/dataforseo-bot)"
136.243.228.182 - - [07/Nov/2025:06:26:58 +0530] "GET /banned-whatsapp-number-unbanned-kaise-kare/ HTTP/1.1" 200 42212 "-" "Mozilla/5.0 (compatible; DataForSeoBot/1.0; +https://dataforseo.com/dataforseo-bot)"
136.243.228.182 - - [07/Nov/2025:06:27:03 +0530] "GET /esim-feature-in-android/ HTTP/1.1" 200 31826 "-" "Mozilla/5.0 (compatible; DataForSeoBot/1.0; +https://dataforseo.com/dataforseo-bot)"
136.243.228.182 - - [07/Nov/2025:06:27:06 +0530] "GET /mobile-me-internet-speed-kaise-badhaye/ HTTP/1.1" 200 38102 "-" "Mozilla/5.0 (compatible; DataForSeoBot/1.0; +https://dataforseo.com/dataforseo-bot)"
136.243.228.182 - - [07/Nov/2025:06:27:10 +0530] "GET /ringtone-kaise-set-karen/ HTTP/1.1" 200 37600 "-" "Mozilla/5.0 (compatible; DataForSeoBot/1.0; +https://dataforseo.com/dataforseo-bot)"
136.243.228.182 - - [07/Nov/2025:06:27:15 +0530] "GET /google-pay-account-kaise-banaye/ HTTP/1.1" 200 36463 "-" "Mozilla/5.0 (compatible; DataForSeoBot/1.0; +https://dataforseo.com/dataforseo-bot)"
136.243.228.182 - - [07/Nov/2025:06:27:22 +0530] "GET /chrome-extensions-ko-phone-me-kaise-use-kare/ HTTP/1.1" 200 35486 "-" "Mozilla/5.0 (compatible; DataForSeoBot/1.0; +https://dataforseo.com/dataforseo-bot)"
136.243.228.182 - - [07/Nov/2025:06:27:36 +0530] "GET /google-pay-hinglish-me-kaise-kare/ HTTP/1.1" 200 33082 "-" "Mozilla/5.0 (compatible; DataForSeoBot/1.0; +https://dataforseo.com/dataforseo-bot)"
136.243.228.182 - - [07/Nov/2025:06:27:45 +0530] "GET /oppo-k10-5g-sale/ HTTP/1.1" 200 32627 "-" "Mozilla/5.0 (compatible; DataForSeoBot/1.0; +https://dataforseo.com/dataforseo-bot)"
136.243.228.182 - - [07/Nov/2025:06:27:49 +0530] "GET /generic-system-image-kya-hai-aur-gsi-kis-tarah-se-custom-rom-se-alag-hai/ HTTP/1.1" 200 32300 "-" "Mozilla/5.0 (compatible; DataForSeoBot/1.0; +https://dataforseo.com/dataforseo-bot)"
136.243.228.182 - - [07/Nov/2025:06:27:52 +0530] "GET /instagram-ki-id-kaise-banaen/ HTTP/1.1" 200 34964 "-" "Mozilla/5.0 (compatible; DataForSeoBot/1.0; +https://dataforseo.com/dataforseo-bot)"
136.243.228.182 - - [07/Nov/2025:06:28:00 +0530] "GET /caller-tune-kaise-set-kare/ HTTP/1.1" 200 39257 "-" "Mozilla/5.0 (compatible; DataForSeoBot/1.0; +https://dataforseo.com/dataforseo-bot)"
136.243.228.182 - - [07/Nov/2025:06:28:09 +0530] "GET /error-downloading-insufficient-space-on-the-device/ HTTP/1.1" 200 36923 "-" "Mozilla/5.0 (compatible; DataForSeoBot/1.0; +https://dataforseo.com/dataforseo-bot)"
136.243.228.182 - - [07/Nov/2025:06:28:12 +0530] "GET /youtube-app-download-karna-hai-kaise-kare/ HTTP/1.1" 200 35640 "-" "Mozilla/5.0 (compatible; DataForSeoBot/1.0; +https://dataforseo.com/dataforseo-bot)"
122.180.246.194 - - [07/Nov/2025:06:22:59 +0530] "POST /wp-cron.php?doing_wp_cron=1762476779.6401610374450683593750 HTTP/1.1" 200 0 "-" "WordPress/6.8.3; https://androidhindi.in"
13.213.93.162 - - [07/Nov/2025:06:22:59 +0530] "GET /wp-content/uploads/2022/09/Shriya-Saran-Bio-Net-Worth-2022-3.jpg HTTP/1.1" 404 22977 "-" "Mozilla/5.0 (compatible; crawler)"
66.249.72.142 - - [07/Nov/2025:06:23:05 +0530] "GET /feed HTTP/1.1" 301 0 "-" "Mozilla/5.0 (compatible; Googlebot/2.1; +http://www.google.com/bot.html)"
66.249.72.141 - - [07/Nov/2025:06:23:06 +0530] "GET /feed/ HTTP/1.1" 500 194 "-" "Mozilla/5.0 (compatible; Googlebot/2.1; +http://www.google.com/bot.html)"
122.180.246.194 - - [07/Nov/2025:06:24:07 +0530] "POST /wp-cron.php?doing_wp_cron=1762476847.8792490959167480468750 HTTP/1.1" 200 0 "-" "WordPress/6.8.3; https://androidhindi.in"
122.180.246.194 - - [07/Nov/2025:06:25:09 +0530] "POST /wp-cron.php?doing_wp_cron=1762476909.6266670227050781250000 HTTP/1.1" 200 0 "-" "WordPress/6.8.3; https://androidhindi.in"
66.249.72.140 - - [07/Nov/2025:06:25:09 +0530] "GET /feed HTTP/1.1" 301 0 "-" "Mozilla/5.0 (compatible; Googlebot/2.1; +http://www.google.com/bot.html)"
66.249.72.141 - - [07/Nov/2025:06:25:10 +0530] "GET /feed/ HTTP/1.1" 500 194 "-" "Mozilla/5.0 (compatible; Googlebot/2.1; +http://www.google.com/bot.html)"
122.180.246.194 - - [07/Nov/2025:06:26:11 +0530] "POST /wp-cron.php?doing_wp_cron=1762476971.9584259986877441406250 HTTP/1.1" 200 0 "-" "WordPress/6.8.3; https://androidhindi.in"
136.243.228.182 - - [07/Nov/2025:06:26:41 +0530] "GET /xiaomi-13-series-price-specs-hindi/ HTTP/1.1" 200 32963 "-" "Mozilla/5.0 (compatible; DataForSeoBot/1.0; +https://dataforseo.com/dataforseo-bot)"
136.243.228.182 - - [07/Nov/2025:06:26:54 +0530] "GET /free-fire-ke-liye-best-vpn/ HTTP/1.1" 200 35264 "-" "Mozilla/5.0 (compatible; DataForSeoBot/1.0; +https://dataforseo.com/dataforseo-bot)"
136.243.228.182 - - [07/Nov/2025:06:27:18 +0530] "GET /benefits-of-android-in-hindi/ HTTP/1.1" 200 36303 "-" "Mozilla/5.0 (compatible; DataForSeoBot/1.0; +https://dataforseo.com/dataforseo-bot)"
136.243.228.182 - - [07/Nov/2025:06:27:28 +0530] "GET /alarm-kaise-lagate-hain-phone-me-alarm-kaise-lagaye/ HTTP/1.1" 200 33391 "-" "Mozilla/5.0 (compatible; DataForSeoBot/1.0; +https://dataforseo.com/dataforseo-bot)"
136.243.228.182 - - [07/Nov/2025:06:27:31 +0530] "GET /whatsapp-se-photo-kaise-hataye-whatsapp-dp-kaise-hataye/ HTTP/1.1" 200 32250 "-" "Mozilla/5.0 (compatible; DataForSeoBot/1.0; +https://dataforseo.com/dataforseo-bot)"
136.243.228.182 - - [07/Nov/2025:06:27:41 +0530] "GET /otg-cable-kya-hota-hai-otg-cable-kya-kaam-aata-hai/ HTTP/1.1" 200 38229 "-" "Mozilla/5.0 (compatible; DataForSeoBot/1.0; +https://dataforseo.com/dataforseo-bot)"
136.243.228.182 - - [07/Nov/2025:06:27:56 +0530] "GET /offline-google-map/ HTTP/1.1" 200 36031 "-" "Mozilla/5.0 (compatible; DataForSeoBot/1.0; +https://dataforseo.com/dataforseo-bot)"
136.243.228.182 - - [07/Nov/2025:06:28:05 +0530] "GET /upstox-kya-hai-aur-upstox-se-paise-kaise-kamaye/ HTTP/1.1" 200 39041 "-" "Mozilla/5.0 (compatible; DataForSeoBot/1.0; +https://dataforseo.com/dataforseo-bot)"
136.243.228.182 - - [07/Nov/2025:06:28:17 +0530] "GET /samsung-galaxy-z-flip-3/ HTTP/1.1" 200 32606 "-" "Mozilla/5.0 (compatible; DataForSeoBot/1.0; +https://dataforseo.com/dataforseo-bot)"
136.243.228.182 - - [07/Nov/2025:06:28:33 +0530] "GET /mobile-me-gmail-id-kaise-banate-hai-2/ HTTP/1.1" 200 35810 "-" "Mozilla/5.0 (compatible; DataForSeoBot/1.0; +https://dataforseo.com/dataforseo-bot)"
136.243.228.182 - - [07/Nov/2025:06:28:41 +0530] "GET /phone-ka-mac-address-kaise-pata-kare/ HTTP/1.1" 200 33384 "-" "Mozilla/5.0 (compatible; DataForSeoBot/1.0; +https://dataforseo.com/dataforseo-bot)"
136.243.228.182 - - [07/Nov/2025:06:28:49 +0530] "GET /gmail-offline-mode-on-off-kaise-kare/ HTTP/1.1" 200 33835 "-" "Mozilla/5.0 (compatible; DataForSeoBot/1.0; +https://dataforseo.com/dataforseo-bot)"
136.243.228.182 - - [07/Nov/2025:06:28:21 +0530] "GET /stock-android-kya-hai-stock-android-phone-kyo-istemal-kare/ HTTP/1.1" 200 36803 "-" "Mozilla/5.0 (compatible; DataForSeoBot/1.0; +https://dataforseo.com/dataforseo-bot)"
136.243.228.182 - - [07/Nov/2025:06:28:26 +0530] "GET /instagram-id-report-kaise-kare-instagram-report-fake-account-in-hindi/ HTTP/1.1" 200 40114 "-" "Mozilla/5.0 (compatible; DataForSeoBot/1.0; +https://dataforseo.com/dataforseo-bot)"
136.243.228.182 - - [07/Nov/2025:06:28:29 +0530] "GET /oneplus-11-5g-launch-price-features-specifications/ HTTP/1.1" 200 31610 "-" "Mozilla/5.0 (compatible; DataForSeoBot/1.0; +https://dataforseo.com/dataforseo-bot)"
136.243.228.182 - - [07/Nov/2025:06:28:36 +0530] "GET /mobile-me-pdf-kaise-banate-hain/ HTTP/1.1" 200 36993 "-" "Mozilla/5.0 (compatible; DataForSeoBot/1.0; +https://dataforseo.com/dataforseo-bot)"
136.243.228.182 - - [07/Nov/2025:06:28:44 +0530] "GET /kam-kimat-vivo-mobile-rate-5000/ HTTP/1.1" 200 34891 "-" "Mozilla/5.0 (compatible; DataForSeoBot/1.0; +https://dataforseo.com/dataforseo-bot)"
136.243.228.182 - - [07/Nov/2025:06:28:54 +0530] "GET /mobile-ka-avishkar-kisne-kiya-mobile-kisne-banaya/ HTTP/1.1" 200 41548 "-" "Mozilla/5.0 (compatible; DataForSeoBot/1.0; +https://dataforseo.com/dataforseo-bot)"
136.243.228.182 - - [07/Nov/2025:06:29:04 +0530] "GET /android-ke-liye-best-cloud-gaming-apps/ HTTP/1.1" 200 35847 "-" "Mozilla/5.0 (compatible; DataForSeoBot/1.0; +https://dataforseo.com/dataforseo-bot)"
136.243.228.182 - - [07/Nov/2025:06:29:12 +0530] "GET /phone-se-bijli-bill-kaise-bhare-phone-se-bijli-ka-bill-kaise-bhara-jaata-hai/ HTTP/1.1" 200 33628 "-" "Mozilla/5.0 (compatible; DataForSeoBot/1.0; +https://dataforseo.com/dataforseo-bot)"
136.243.228.182 - - [07/Nov/2025:06:29:29 +0530] "GET /samsung-foldable-mobile-offer/ HTTP/1.1" 200 32258 "-" "Mozilla/5.0 (compatible; DataForSeoBot/1.0; +https://dataforseo.com/dataforseo-bot)"
136.243.228.182 - - [07/Nov/2025:06:29:34 +0530] "GET /gmail-ka-password-kaise-pata-kare/ HTTP/1.1" 200 42447 "-" "Mozilla/5.0 (compatible; DataForSeoBot/1.0; +https://dataforseo.com/dataforseo-bot)"
136.243.228.182 - - [07/Nov/2025:06:29:39 +0530] "GET /android-cupcake-in-hindi/ HTTP/1.1" 200 33421 "-" "Mozilla/5.0 (compatible; DataForSeoBot/1.0; +https://dataforseo.com/dataforseo-bot)"
136.243.228.182 - - [07/Nov/2025:06:29:43 +0530] "GET /redmi-note-12-series-launched-in-india-check-price-specifications/ HTTP/1.1" 200 33090 "-" "Mozilla/5.0 (compatible; DataForSeoBot/1.0; +https://dataforseo.com/dataforseo-bot)"
136.243.228.182 - - [07/Nov/2025:06:29:46 +0530] "GET /samsung-galaxy-f04-launched-in-india-check-price-specifications/ HTTP/1.1" 200 31970 "-" "Mozilla/5.0 (compatible; DataForSeoBot/1.0; +https://dataforseo.com/dataforseo-bot)"
136.243.228.182 - - [07/Nov/2025:06:29:51 +0530] "GET /oneplus-11r-5g-features-price-launch-date/ HTTP/1.1" 200 32373 "-" "Mozilla/5.0 (compatible; DataForSeoBot/1.0; +https://dataforseo.com/dataforseo-bot)"
136.243.228.182 - - [07/Nov/2025:06:29:55 +0530] "GET /mobile-me-kali-linux-kaise-install-karen/ HTTP/1.1" 200 33944 "-" "Mozilla/5.0 (compatible; DataForSeoBot/1.0; +https://dataforseo.com/dataforseo-bot)"
136.243.228.182 - - [07/Nov/2025:06:29:58 +0530] "GET /nokia-g60-5g-specifications-hindi/ HTTP/1.1" 200 33171 "-" "Mozilla/5.0 (compatible; DataForSeoBot/1.0; +https://dataforseo.com/dataforseo-bot)"
136.243.228.182 - - [07/Nov/2025:06:30:03 +0530] "GET /sim-port-cancel-kaise-kare/ HTTP/1.1" 200 37753 "-" "Mozilla/5.0 (compatible; DataForSeoBot/1.0; +https://dataforseo.com/dataforseo-bot)"
136.243.228.182 - - [07/Nov/2025:06:30:15 +0530] "GET /phone-me-folder-kaise-banaye-phone-ki-display-pe-folder-kaise-banaye/ HTTP/1.1" 200 33808 "-" "Mozilla/5.0 (compatible; DataForSeoBot/1.0; +https://dataforseo.com/dataforseo-bot)"
136.243.228.182 - - [07/Nov/2025:06:30:19 +0530] "GET /android-phone-me-siri-kaise-chalaye/ HTTP/1.1" 200 36593 "-" "Mozilla/5.0 (compatible; DataForSeoBot/1.0; +https://dataforseo.com/dataforseo-bot)"
136.243.228.182 - - [07/Nov/2025:06:28:59 +0530] "GET /android-phone-me-rtf-files-ko-kaise-open-kare/ HTTP/1.1" 200 37230 "-" "Mozilla/5.0 (compatible; DataForSeoBot/1.0; +https://dataforseo.com/dataforseo-bot)"
136.243.228.182 - - [07/Nov/2025:06:29:09 +0530] "GET /phone-se-google-account-kaise-hataye/ HTTP/1.1" 200 33766 "-" "Mozilla/5.0 (compatible; DataForSeoBot/1.0; +https://dataforseo.com/dataforseo-bot)"
136.243.228.182 - - [07/Nov/2025:06:29:18 +0530] "GET /coca-cola-mobile-features-and-specifications/ HTTP/1.1" 200 32822 "-" "Mozilla/5.0 (compatible; DataForSeoBot/1.0; +https://dataforseo.com/dataforseo-bot)"
136.243.228.182 - - [07/Nov/2025:06:29:21 +0530] "GET /fake-facebook-account-ko-report-kaise-kare/ HTTP/1.1" 200 38251 "-" "Mozilla/5.0 (compatible; DataForSeoBot/1.0; +https://dataforseo.com/dataforseo-bot)"
136.243.228.182 - - [07/Nov/2025:06:29:25 +0530] "GET /android-me-vscode-install-kaise-kare/ HTTP/1.1" 200 33712 "-" "Mozilla/5.0 (compatible; DataForSeoBot/1.0; +https://dataforseo.com/dataforseo-bot)"
136.243.228.182 - - [07/Nov/2025:06:30:07 +0530] "GET /advantages-of-android-in-hindi/ HTTP/1.1" 200 36500 "-" "Mozilla/5.0 (compatible; DataForSeoBot/1.0; +https://dataforseo.com/dataforseo-bot)"
136.243.228.182 - - [07/Nov/2025:06:30:11 +0530] "GET /google-pixel-5a/ HTTP/1.1" 200 34539 "-" "Mozilla/5.0 (compatible; DataForSeoBot/1.0; +https://dataforseo.com/dataforseo-bot)"
136.243.228.182 - - [07/Nov/2025:06:30:23 +0530] "GET /phone-me-pdf-open-kaise-kare/ HTTP/1.1" 200 37704 "-" "Mozilla/5.0 (compatible; DataForSeoBot/1.0; +https://dataforseo.com/dataforseo-bot)"
136.243.228.182 - - [07/Nov/2025:06:30:40 +0530] "GET /public-app-se-paise-kaise-kamaye-aur-public-app-kya-hai/ HTTP/1.1" 200 33163 "-" "Mozilla/5.0 (compatible; DataForSeoBot/1.0; +https://dataforseo.com/dataforseo-bot)"
136.243.228.182 - - [07/Nov/2025:06:30:53 +0530] "GET /ludo-me-jitne-ke-liye-kya-karna-chahiye/ HTTP/1.1" 200 38249 "-" "Mozilla/5.0 (compatible; DataForSeoBot/1.0; +https://dataforseo.com/dataforseo-bot)"
136.243.228.182 - - [07/Nov/2025:06:31:07 +0530] "GET /suncrypto-exchange-review-hindi/ HTTP/1.1" 200 35348 "-" "Mozilla/5.0 (compatible; DataForSeoBot/1.0; +https://dataforseo.com/dataforseo-bot)"
136.243.228.182 - - [07/Nov/2025:06:31:10 +0530] "GET /fmwhatsapp-download-kaise-kare/ HTTP/1.1" 200 36462 "-" "Mozilla/5.0 (compatible; DataForSeoBot/1.0; +https://dataforseo.com/dataforseo-bot)"
136.243.228.182 - - [07/Nov/2025:06:31:15 +0530] "GET /vidmate-app-download-vidmate-apk-free-download/ HTTP/1.1" 200 33199 "-" "Mozilla/5.0 (compatible; DataForSeoBot/1.0; +https://dataforseo.com/dataforseo-bot)"
