3.122.246.7 - - [06/Nov/2025:18:38:09 +0530] "HEAD /static/js/bundle.js HTTP/1.1" 404 0 "https://www.google.com/" "Mozilla/5.0 (Windows NT 6.3; WOW64) Gecko/20091610 Firefox/19.0"
3.122.246.7 - - [06/Nov/2025:18:38:10 +0530] "HEAD /static/js/vendor.js HTTP/1.1" 404 0 "https://www.google.com/" "Mozilla/5.0 (Windows NT 6.3; WOW64) Gecko/20091610 Firefox/19.0"
122.180.246.194 - - [06/Nov/2025:18:38:11 +0530] "POST /wp-cron.php?doing_wp_cron=1762434491.3962800502777099609375 HTTP/1.1" 200 0 "-" "WordPress/6.8.3; https://androidhindi.in"
3.122.246.7 - - [06/Nov/2025:18:38:11 +0530] "HEAD /static/js/config.js HTTP/1.1" 404 0 "https://www.google.com/" "Mozilla/5.0 (Windows NT 6.3; WOW64) Gecko/20091610 Firefox/19.0"
3.122.246.7 - - [06/Nov/2025:18:38:11 +0530] "HEAD /static/app.js HTTP/1.1" 404 0 "https://www.google.com/" "Mozilla/5.0 (Windows NT 6.3; WOW64) Gecko/20091610 Firefox/19.0"
3.122.246.7 - - [06/Nov/2025:18:38:12 +0530] "HEAD /static/main.js HTTP/1.1" 404 0 "https://www.google.com/" "Mozilla/5.0 (Windows NT 6.3; WOW64) Gecko/20091610 Firefox/19.0"
3.122.246.7 - - [06/Nov/2025:18:38:13 +0530] "HEAD /static/bundle.js HTTP/1.1" 404 0 "https://www.google.com/" "Mozilla/5.0 (Windows NT 6.3; WOW64) Gecko/20091610 Firefox/19.0"
3.66.227.117 - - [06/Nov/2025:18:35:01 +0530] "HEAD /js/app-config.js HTTP/1.1" 404 0 "https://www.google.com/" "Mozilla/5.0 (Windows; U; MSIE 10.0; Windows NT 10.0; .NET CLR 1.3.5765; Win64; x64)"
3.66.227.117 - - [06/Nov/2025:18:35:01 +0530] "HEAD /js/api-config.js HTTP/1.1" 404 0 "https://www.google.com/" "Mozilla/5.0 (Windows; U; MSIE 10.0; Windows NT 10.0; .NET CLR 1.3.5765; Win64; x64)"
3.66.227.117 - - [06/Nov/2025:18:35:04 +0530] "GET /webpack.js HTTP/1.1" 404 19369 "https://www.google.com/" "Mozilla/5.0 (Windows; U; MSIE 10.0; Windows NT 10.0; .NET CLR 1.3.5765; Win64; x64)"
3.66.227.117 - - [06/Nov/2025:18:35:04 +0530] "GET /js/vendor.js HTTP/1.1" 404 19369 "https://www.google.com/" "Mozilla/5.0 (Windows; U; MSIE 10.0; Windows NT 10.0; .NET CLR 1.3.5765; Win64; x64)"
3.66.227.117 - - [06/Nov/2025:18:35:04 +0530] "GET /assets/js/app.js HTTP/1.1" 404 20381 "https://www.google.com/" "Mozilla/5.0 (Windows; U; MSIE 10.0; Windows NT 10.0; .NET CLR 1.3.5765; Win64; x64)"
3.66.227.117 - - [06/Nov/2025:18:35:04 +0530] "GET /chunk.js HTTP/1.1" 404 19369 "https://www.google.com/" "Mozilla/5.0 (Windows; U; MSIE 10.0; Windows NT 10.0; .NET CLR 1.3.5765; Win64; x64)"
3.66.227.117 - - [06/Nov/2025:18:35:05 +0530] "GET /.env.js HTTP/1.1" 404 19369 "https://www.google.com/" "Mozilla/5.0 (Windows; U; MSIE 10.0; Windows NT 10.0; .NET CLR 1.3.5765; Win64; x64)"
3.66.227.117 - - [06/Nov/2025:18:35:10 +0530] "GET /main.bundle.js HTTP/1.1" 404 19369 "https://www.google.com/" "Mozilla/5.0 (Windows; U; MSIE 10.0; Windows NT 10.0; .NET CLR 1.3.5765; Win64; x64)"
122.180.246.194 - - [06/Nov/2025:18:35:11 +0530] "POST /wp-cron.php?doing_wp_cron=1762434311.3231840133666992187500 HTTP/1.1" 200 0 "-" "WordPress/6.8.3; https://androidhindi.in"
3.66.227.117 - - [06/Nov/2025:18:35:11 +0530] "GET /bundle.js HTTP/1.1" 404 19369 "https://www.google.com/" "Mozilla/5.0 (Windows; U; MSIE 10.0; Windows NT 10.0; .NET CLR 1.3.5765; Win64; x64)"
3.66.227.117 - - [06/Nov/2025:18:35:11 +0530] "GET /config.js HTTP/1.1" 404 19369 "https://www.google.com/" "Mozilla/5.0 (Windows; U; MSIE 10.0; Windows NT 10.0; .NET CLR 1.3.5765; Win64; x64)"
3.66.227.117 - - [06/Nov/2025:18:35:11 +0530] "GET /settings.js HTTP/1.1" 404 19369 "https://www.google.com/" "Mozilla/5.0 (Windows; U; MSIE 10.0; Windows NT 10.0; .NET CLR 1.3.5765; Win64; x64)"
3.66.227.117 - - [06/Nov/2025:18:35:11 +0530] "GET /vendor.bundle.js HTTP/1.1" 404 19369 "https://www.google.com/" "Mozilla/5.0 (Windows; U; MSIE 10.0; Windows NT 10.0; .NET CLR 1.3.5765; Win64; x64)"
3.66.227.117 - - [06/Nov/2025:18:35:12 +0530] "GET /static/js/main.chunk.js HTTP/1.1" 404 20381 "https://www.google.com/" "Mozilla/5.0 (Windows; U; MSIE 10.0; Windows NT 10.0; .NET CLR 1.3.5765; Win64; x64)"
3.66.227.117 - - [06/Nov/2025:18:35:14 +0530] "GET /constants.js HTTP/1.1" 404 19369 "https://www.google.com/" "Mozilla/5.0 (Windows; U; MSIE 10.0; Windows NT 10.0; .NET CLR 1.3.5765; Win64; x64)"
3.66.227.117 - - [06/Nov/2025:18:35:17 +0530] "GET /app.bundle.js HTTP/1.1" 404 19369 "https://www.google.com/" "Mozilla/5.0 (Windows; U; MSIE 10.0; Windows NT 10.0; .NET CLR 1.3.5765; Win64; x64)"
3.66.227.117 - - [06/Nov/2025:18:35:18 +0530] "GET /runtime.js HTTP/1.1" 404 19369 "https://www.google.com/" "Mozilla/5.0 (Windows; U; MSIE 10.0; Windows NT 10.0; .NET CLR 1.3.5765; Win64; x64)"
208.110.64.178 - - [06/Nov/2025:18:35:49 +0530] "GET /wp-includes/js9262c2/edit.php HTTP/1.1" 301 0 "http://www.androidhindi.in/wp-includes/js9262c2/edit.php" "Mozilla/5.0 (Windows NT 10.0; Win64; x64) AppleWebKit/537.36 (KHTML, like Gecko) Chrome/58.0.3029.110 Safari/537.3"
208.110.64.178 - - [06/Nov/2025:18:35:52 +0530] "GET /wp-includes/js9262c2/edit.php HTTP/1.1" 404 18305 "http://www.androidhindi.in/wp-includes/js9262c2/edit.php" "Mozilla/5.0 (Windows NT 10.0; Win64; x64) AppleWebKit/537.36 (KHTML, like Gecko) Chrome/58.0.3029.110 Safari/537.3"
122.180.246.194 - - [06/Nov/2025:18:36:12 +0530] "POST /wp-cron.php?doing_wp_cron=1762434372.5224208831787109375000 HTTP/1.1" 200 0 "-" "WordPress/6.8.3; https://androidhindi.in"
3.122.246.7 - - [06/Nov/2025:18:38:13 +0530] "HEAD /static/config.js HTTP/1.1" 404 0 "https://www.google.com/" "Mozilla/5.0 (Windows NT 6.3; WOW64) Gecko/20091610 Firefox/19.0"
3.122.246.7 - - [06/Nov/2025:18:38:14 +0530] "HEAD /static/settings.js HTTP/1.1" 404 0 "https://www.google.com/" "Mozilla/5.0 (Windows NT 6.3; WOW64) Gecko/20091610 Firefox/19.0"
3.122.246.7 - - [06/Nov/2025:18:38:15 +0530] "HEAD /static/runtime.js HTTP/1.1" 404 0 "https://www.google.com/" "Mozilla/5.0 (Windows NT 6.3; WOW64) Gecko/20091610 Firefox/19.0"
3.122.246.7 - - [06/Nov/2025:18:38:17 +0530] "HEAD /static/chunk.js HTTP/1.1" 404 0 "https://www.google.com/" "Mozilla/5.0 (Windows NT 6.3; WOW64) Gecko/20091610 Firefox/19.0"
3.122.246.7 - - [06/Nov/2025:18:38:17 +0530] "HEAD /static/webpack.js HTTP/1.1" 404 0 "https://www.google.com/" "Mozilla/5.0 (Windows NT 6.3; WOW64) Gecko/20091610 Firefox/19.0"
3.122.246.7 - - [06/Nov/2025:18:38:18 +0530] "HEAD /static/env.js HTTP/1.1" 404 0 "https://www.google.com/" "Mozilla/5.0 (Windows NT 6.3; WOW64) Gecko/20091610 Firefox/19.0"
3.122.246.7 - - [06/Nov/2025:18:38:19 +0530] "HEAD /static/api.js HTTP/1.1" 404 0 "https://www.google.com/" "Mozilla/5.0 (Windows NT 6.3; WOW64) Gecko/20091610 Firefox/19.0"
3.122.246.7 - - [06/Nov/2025:18:38:20 +0530] "HEAD /public/js/app.js HTTP/1.1" 404 0 "https://www.google.com/" "Mozilla/5.0 (Windows NT 6.3; WOW64) Gecko/20091610 Firefox/19.0"
3.122.246.7 - - [06/Nov/2025:18:38:20 +0530] "HEAD /public/js/main.js HTTP/1.1" 404 0 "https://www.google.com/" "Mozilla/5.0 (Windows NT 6.3; WOW64) Gecko/20091610 Firefox/19.0"
3.122.246.7 - - [06/Nov/2025:18:38:21 +0530] "HEAD /public/js/bundle.js HTTP/1.1" 404 0 "https://www.google.com/" "Mozilla/5.0 (Windows NT 6.3; WOW64) Gecko/20091610 Firefox/19.0"
3.122.246.7 - - [06/Nov/2025:18:38:22 +0530] "HEAD /public/js/config.js HTTP/1.1" 404 0 "https://www.google.com/" "Mozilla/5.0 (Windows NT 6.3; WOW64) Gecko/20091610 Firefox/19.0"
3.122.246.7 - - [06/Nov/2025:18:38:23 +0530] "HEAD /public/app.js HTTP/1.1" 404 0 "https://www.google.com/" "Mozilla/5.0 (Windows NT 6.3; WOW64) Gecko/20091610 Firefox/19.0"
3.122.246.7 - - [06/Nov/2025:18:38:24 +0530] "HEAD /public/main.js HTTP/1.1" 404 0 "https://www.google.com/" "Mozilla/5.0 (Windows NT 6.3; WOW64) Gecko/20091610 Firefox/19.0"
3.122.246.7 - - [06/Nov/2025:18:38:24 +0530] "HEAD /public/bundle.js HTTP/1.1" 404 0 "https://www.google.com/" "Mozilla/5.0 (Windows NT 6.3; WOW64) Gecko/20091610 Firefox/19.0"
3.122.246.7 - - [06/Nov/2025:18:38:25 +0530] "HEAD /public/config.js HTTP/1.1" 404 0 "https://www.google.com/" "Mozilla/5.0 (Windows NT 6.3; WOW64) Gecko/20091610 Firefox/19.0"
3.122.246.7 - - [06/Nov/2025:18:38:26 +0530] "HEAD /public/settings.js HTTP/1.1" 404 0 "https://www.google.com/" "Mozilla/5.0 (Windows NT 6.3; WOW64) Gecko/20091610 Firefox/19.0"
3.122.246.7 - - [06/Nov/2025:18:38:26 +0530] "HEAD /public/env.js HTTP/1.1" 404 0 "https://www.google.com/" "Mozilla/5.0 (Windows NT 6.3; WOW64) Gecko/20091610 Firefox/19.0"
3.122.246.7 - - [06/Nov/2025:18:38:27 +0530] "HEAD /dist/app.js HTTP/1.1" 404 0 "https://www.google.com/" "Mozilla/5.0 (Windows NT 6.3; WOW64) Gecko/20091610 Firefox/19.0"
3.122.246.7 - - [06/Nov/2025:18:38:28 +0530] "HEAD /dist/main.js HTTP/1.1" 404 0 "https://www.google.com/" "Mozilla/5.0 (Windows NT 6.3; WOW64) Gecko/20091610 Firefox/19.0"
3.122.246.7 - - [06/Nov/2025:18:38:29 +0530] "HEAD /dist/bundle.js HTTP/1.1" 404 0 "https://www.google.com/" "Mozilla/5.0 (Windows NT 6.3; WOW64) Gecko/20091610 Firefox/19.0"
3.122.246.7 - - [06/Nov/2025:18:38:29 +0530] "HEAD /dist/vendor.js HTTP/1.1" 404 0 "https://www.google.com/" "Mozilla/5.0 (Windows NT 6.3; WOW64) Gecko/20091610 Firefox/19.0"
3.122.246.7 - - [06/Nov/2025:18:38:31 +0530] "HEAD /dist/config.js HTTP/1.1" 404 0 "https://www.google.com/" "Mozilla/5.0 (Windows NT 6.3; WOW64) Gecko/20091610 Firefox/19.0"
3.122.246.7 - - [06/Nov/2025:18:38:32 +0530] "HEAD /dist/js/app.js HTTP/1.1" 404 0 "https://www.google.com/" "Mozilla/5.0 (Windows NT 6.3; WOW64) Gecko/20091610 Firefox/19.0"
3.122.246.7 - - [06/Nov/2025:18:38:33 +0530] "HEAD /dist/js/main.js HTTP/1.1" 404 0 "https://www.google.com/" "Mozilla/5.0 (Windows NT 6.3; WOW64) Gecko/20091610 Firefox/19.0"
3.122.246.7 - - [06/Nov/2025:18:38:33 +0530] "HEAD /dist/js/bundle.js HTTP/1.1" 404 0 "https://www.google.com/" "Mozilla/5.0 (Windows NT 6.3; WOW64) Gecko/20091610 Firefox/19.0"
3.122.246.7 - - [06/Nov/2025:18:38:34 +0530] "HEAD /build/app.js HTTP/1.1" 404 0 "https://www.google.com/" "Mozilla/5.0 (Windows NT 6.3; WOW64) Gecko/20091610 Firefox/19.0"
3.122.246.7 - - [06/Nov/2025:18:38:35 +0530] "HEAD /build/main.js HTTP/1.1" 404 0 "https://www.google.com/" "Mozilla/5.0 (Windows NT 6.3; WOW64) Gecko/20091610 Firefox/19.0"
3.122.246.7 - - [06/Nov/2025:18:38:36 +0530] "HEAD /build/bundle.js HTTP/1.1" 404 0 "https://www.google.com/" "Mozilla/5.0 (Windows NT 6.3; WOW64) Gecko/20091610 Firefox/19.0"
3.122.246.7 - - [06/Nov/2025:18:38:36 +0530] "HEAD /build/config.js HTTP/1.1" 404 0 "https://www.google.com/" "Mozilla/5.0 (Windows NT 6.3; WOW64) Gecko/20091610 Firefox/19.0"
3.122.246.7 - - [06/Nov/2025:18:38:37 +0530] "HEAD /build/js/app.js HTTP/1.1" 404 0 "https://www.google.com/" "Mozilla/5.0 (Windows NT 6.3; WOW64) Gecko/20091610 Firefox/19.0"
3.122.246.7 - - [06/Nov/2025:18:38:38 +0530] "HEAD /build/js/main.js HTTP/1.1" 404 0 "https://www.google.com/" "Mozilla/5.0 (Windows NT 6.3; WOW64) Gecko/20091610 Firefox/19.0"
3.122.246.7 - - [06/Nov/2025:18:38:39 +0530] "HEAD /build/js/bundle.js HTTP/1.1" 404 0 "https://www.google.com/" "Mozilla/5.0 (Windows NT 6.3; WOW64) Gecko/20091610 Firefox/19.0"
3.122.246.7 - - [06/Nov/2025:18:38:39 +0530] "HEAD /static/js/main.chunk.js HTTP/1.1" 404 0 "https://www.google.com/" "Mozilla/5.0 (Windows NT 6.3; WOW64) Gecko/20091610 Firefox/19.0"
3.122.246.7 - - [06/Nov/2025:18:38:40 +0530] "HEAD /static/js/runtime-main.js HTTP/1.1" 404 0 "https://www.google.com/" "Mozilla/5.0 (Windows NT 6.3; WOW64) Gecko/20091610 Firefox/19.0"
3.122.246.7 - - [06/Nov/2025:18:38:41 +0530] "HEAD /static/js/vendors.chunk.js HTTP/1.1" 404 0 "https://www.google.com/" "Mozilla/5.0 (Windows NT 6.3; WOW64) Gecko/20091610 Firefox/19.0"
3.122.246.7 - - [06/Nov/2025:18:38:42 +0530] "HEAD /app.bundle.js HTTP/1.1" 404 0 "https://www.google.com/" "Mozilla/5.0 (Windows NT 6.3; WOW64) Gecko/20091610 Firefox/19.0"
3.122.246.7 - - [06/Nov/2025:18:38:42 +0530] "HEAD /main.bundle.js HTTP/1.1" 404 0 "https://www.google.com/" "Mozilla/5.0 (Windows NT 6.3; WOW64) Gecko/20091610 Firefox/19.0"
3.122.246.7 - - [06/Nov/2025:18:38:43 +0530] "HEAD /vendor.bundle.js HTTP/1.1" 404 0 "https://www.google.com/" "Mozilla/5.0 (Windows NT 6.3; WOW64) Gecko/20091610 Firefox/19.0"
3.122.246.7 - - [06/Nov/2025:18:38:45 +0530] "HEAD /runtime.bundle.js HTTP/1.1" 404 0 "https://www.google.com/" "Mozilla/5.0 (Windows NT 6.3; WOW64) Gecko/20091610 Firefox/19.0"
3.122.246.7 - - [06/Nov/2025:18:38:46 +0530] "HEAD /_next/static/chunks/main.js HTTP/1.1" 404 0 "https://www.google.com/" "Mozilla/5.0 (Windows NT 6.3; WOW64) Gecko/20091610 Firefox/19.0"
3.122.246.7 - - [06/Nov/2025:18:38:46 +0530] "HEAD /_next/static/chunks/app.js HTTP/1.1" 404 0 "https://www.google.com/" "Mozilla/5.0 (Windows NT 6.3; WOW64) Gecko/20091610 Firefox/19.0"
3.122.246.7 - - [06/Nov/2025:18:38:47 +0530] "HEAD /_next/static/chunks/webpack.js HTTP/1.1" 404 0 "https://www.google.com/" "Mozilla/5.0 (Windows NT 6.3; WOW64) Gecko/20091610 Firefox/19.0"
3.122.246.7 - - [06/Nov/2025:18:38:48 +0530] "HEAD /webpack-runtime.js HTTP/1.1" 404 0 "https://www.google.com/" "Mozilla/5.0 (Windows NT 6.3; WOW64) Gecko/20091610 Firefox/19.0"
3.122.246.7 - - [06/Nov/2025:18:38:49 +0530] "HEAD /polyfills.js HTTP/1.1" 404 0 "https://www.google.com/" "Mozilla/5.0 (Windows NT 6.3; WOW64) Gecko/20091610 Firefox/19.0"
3.122.246.7 - - [06/Nov/2025:18:38:49 +0530] "HEAD /framework.js HTTP/1.1" 404 0 "https://www.google.com/" "Mozilla/5.0 (Windows NT 6.3; WOW64) Gecko/20091610 Firefox/19.0"
3.122.246.7 - - [06/Nov/2025:18:38:50 +0530] "HEAD /commons.js HTTP/1.1" 404 0 "https://www.google.com/" "Mozilla/5.0 (Windows NT 6.3; WOW64) Gecko/20091610 Firefox/19.0"
3.122.246.7 - - [06/Nov/2025:18:38:51 +0530] "HEAD /shared.js HTTP/1.1" 404 0 "https://www.google.com/" "Mozilla/5.0 (Windows NT 6.3; WOW64) Gecko/20091610 Firefox/19.0"
3.122.246.7 - - [06/Nov/2025:18:38:52 +0530] "HEAD /js/env.production.js HTTP/1.1" 404 0 "https://www.google.com/" "Mozilla/5.0 (Windows NT 6.3; WOW64) Gecko/20091610 Firefox/19.0"
3.122.246.7 - - [06/Nov/2025:18:38:53 +0530] "HEAD /js/env.development.js HTTP/1.1" 404 0 "https://www.google.com/" "Mozilla/5.0 (Windows NT 6.3; WOW64) Gecko/20091610 Firefox/19.0"
3.122.246.7 - - [06/Nov/2025:18:38:53 +0530] "HEAD /js/credentials.js HTTP/1.1" 404 0 "https://www.google.com/" "Mozilla/5.0 (Windows NT 6.3; WOW64) Gecko/20091610 Firefox/19.0"
3.122.246.7 - - [06/Nov/2025:18:38:54 +0530] "HEAD /js/secrets.js HTTP/1.1" 404 0 "https://www.google.com/" "Mozilla/5.0 (Windows NT 6.3; WOW64) Gecko/20091610 Firefox/19.0"
3.122.246.7 - - [06/Nov/2025:18:38:55 +0530] "HEAD /config/app.js HTTP/1.1" 404 0 "https://www.google.com/" "Mozilla/5.0 (Windows NT 6.3; WOW64) Gecko/20091610 Firefox/19.0"
3.122.246.7 - - [06/Nov/2025:18:38:55 +0530] "HEAD /config/settings.js HTTP/1.1" 404 0 "https://www.google.com/" "Mozilla/5.0 (Windows NT 6.3; WOW64) Gecko/20091610 Firefox/19.0"
3.122.246.7 - - [06/Nov/2025:18:38:56 +0530] "HEAD /config/env.js HTTP/1.1" 404 0 "https://www.google.com/" "Mozilla/5.0 (Windows NT 6.3; WOW64) Gecko/20091610 Firefox/19.0"
3.122.246.7 - - [06/Nov/2025:18:38:57 +0530] "HEAD /config/constants.js HTTP/1.1" 404 0 "https://www.google.com/" "Mozilla/5.0 (Windows NT 6.3; WOW64) Gecko/20091610 Firefox/19.0"
3.122.246.7 - - [06/Nov/2025:18:38:58 +0530] "HEAD /js/app-config.js HTTP/1.1" 404 0 "https://www.google.com/" "Mozilla/5.0 (Windows NT 6.3; WOW64) Gecko/20091610 Firefox/19.0"
3.122.246.7 - - [06/Nov/2025:18:38:58 +0530] "HEAD /js/api-config.js HTTP/1.1" 404 0 "https://www.google.com/" "Mozilla/5.0 (Windows NT 6.3; WOW64) Gecko/20091610 Firefox/19.0"
3.122.246.7 - - [06/Nov/2025:18:38:59 +0530] "GET /config.js HTTP/1.1" 404 19369 "https://www.google.com/" "Mozilla/5.0 (Windows NT 6.3; WOW64) Gecko/20091610 Firefox/19.0"
3.122.246.7 - - [06/Nov/2025:18:38:59 +0530] "GET /static/js/bundle.js HTTP/1.1" 404 20381 "https://www.google.com/" "Mozilla/5.0 (Windows NT 6.3; WOW64) Gecko/20091610 Firefox/19.0"
3.122.246.7 - - [06/Nov/2025:18:38:59 +0530] "GET /static/js/main.js HTTP/1.1" 404 20381 "https://www.google.com/" "Mozilla/5.0 (Windows NT 6.3; WOW64) Gecko/20091610 Firefox/19.0"
3.122.246.7 - - [06/Nov/2025:18:38:59 +0530] "GET /chunk.js HTTP/1.1" 404 19369 "https://www.google.com/" "Mozilla/5.0 (Windows NT 6.3; WOW64) Gecko/20091610 Firefox/19.0"
3.122.246.7 - - [06/Nov/2025:18:39:00 +0530] "GET /main.js HTTP/1.1" 404 19369 "https://www.google.com/" "Mozilla/5.0 (Windows NT 6.3; WOW64) Gecko/20091610 Firefox/19.0"
3.122.246.7 - - [06/Nov/2025:18:39:00 +0530] "GET /.env.js HTTP/1.1" 404 19369 "https://www.google.com/" "Mozilla/5.0 (Windows NT 6.3; WOW64) Gecko/20091610 Firefox/19.0"
3.122.246.7 - - [06/Nov/2025:18:39:00 +0530] "GET /env.js HTTP/1.1" 404 19369 "https://www.google.com/" "Mozilla/5.0 (Windows NT 6.3; WOW64) Gecko/20091610 Firefox/19.0"
3.122.246.7 - - [06/Nov/2025:18:39:06 +0530] "GET /settings.js HTTP/1.1" 404 19369 "https://www.google.com/" "Mozilla/5.0 (Windows NT 6.3; WOW64) Gecko/20091610 Firefox/19.0"
3.122.246.7 - - [06/Nov/2025:18:39:06 +0530] "GET /bundle.js HTTP/1.1" 404 19369 "https://www.google.com/" "Mozilla/5.0 (Windows NT 6.3; WOW64) Gecko/20091610 Firefox/19.0"
3.122.246.7 - - [06/Nov/2025:18:39:06 +0530] "GET /static/js/main.chunk.js HTTP/1.1" 404 20381 "https://www.google.com/" "Mozilla/5.0 (Windows NT 6.3; WOW64) Gecko/20091610 Firefox/19.0"
3.122.246.7 - - [06/Nov/2025:18:39:11 +0530] "GET /js/app.js HTTP/1.1" 404 19369 "https://www.google.com/" "Mozilla/5.0 (Windows NT 6.3; WOW64) Gecko/20091610 Firefox/19.0"
122.180.246.194 - - [06/Nov/2025:18:38:28 +0530] "POST /wp-cron.php?doing_wp_cron=1762434508.0266098976135253906250 HTTP/1.1" 200 0 "-" "WordPress/6.8.3; https://androidhindi.in"
3.122.246.7 - - [06/Nov/2025:18:38:59 +0530] "GET /runtime.js HTTP/1.1" 404 19369 "https://www.google.com/" "Mozilla/5.0 (Windows NT 6.3; WOW64) Gecko/20091610 Firefox/19.0"
3.122.246.7 - - [06/Nov/2025:18:38:59 +0530] "GET /build/app.js HTTP/1.1" 404 19369 "https://www.google.com/" "Mozilla/5.0 (Windows NT 6.3; WOW64) Gecko/20091610 Firefox/19.0"
3.122.246.7 - - [06/Nov/2025:18:38:59 +0530] "GET /assets/bundle.js HTTP/1.1" 404 19369 "https://www.google.com/" "Mozilla/5.0 (Windows NT 6.3; WOW64) Gecko/20091610 Firefox/19.0"
3.122.246.7 - - [06/Nov/2025:18:39:04 +0530] "GET /js/vendor.js HTTP/1.1" 404 19369 "https://www.google.com/" "Mozilla/5.0 (Windows NT 6.3; WOW64) Gecko/20091610 Firefox/19.0"
3.122.246.7 - - [06/Nov/2025:18:39:05 +0530] "GET /dist/app.js HTTP/1.1" 404 19369 "https://www.google.com/" "Mozilla/5.0 (Windows NT 6.3; WOW64) Gecko/20091610 Firefox/19.0"
3.122.246.7 - - [06/Nov/2025:18:39:05 +0530] "GET /app.js HTTP/1.1" 404 19369 "https://www.google.com/" "Mozilla/5.0 (Windows NT 6.3; WOW64) Gecko/20091610 Firefox/19.0"
3.122.246.7 - - [06/Nov/2025:18:39:06 +0530] "GET /assets/js/app.js HTTP/1.1" 404 20381 "https://www.google.com/" "Mozilla/5.0 (Windows NT 6.3; WOW64) Gecko/20091610 Firefox/19.0"
3.122.246.7 - - [06/Nov/2025:18:39:05 +0530] "GET /js/config.js HTTP/1.1" 404 19369 "https://www.google.com/" "Mozilla/5.0 (Windows NT 6.3; WOW64) Gecko/20091610 Firefox/19.0"
3.122.246.7 - - [06/Nov/2025:18:39:06 +0530] "GET /webpack.js HTTP/1.1" 404 19369 "https://www.google.com/" "Mozilla/5.0 (Windows NT 6.3; WOW64) Gecko/20091610 Firefox/19.0"
3.122.246.7 - - [06/Nov/2025:18:39:06 +0530] "GET /main.bundle.js HTTP/1.1" 404 19368 "https://www.google.com/" "Mozilla/5.0 (Windows NT 6.3; WOW64) Gecko/20091610 Firefox/19.0"
3.122.246.7 - - [06/Nov/2025:18:39:07 +0530] "GET /vendor.bundle.js HTTP/1.1" 404 19369 "https://www.google.com/" "Mozilla/5.0 (Windows NT 6.3; WOW64) Gecko/20091610 Firefox/19.0"
3.122.246.7 - - [06/Nov/2025:18:39:08 +0530] "GET /constants.js HTTP/1.1" 404 19369 "https://www.google.com/" "Mozilla/5.0 (Windows NT 6.3; WOW64) Gecko/20091610 Firefox/19.0"
122.180.246.194 - - [06/Nov/2025:18:39:11 +0530] "POST /wp-cron.php?doing_wp_cron=1762434551.4280519485473632812500 HTTP/1.1" 200 0 "-" "WordPress/6.8.3; https://androidhindi.in"
3.122.246.7 - - [06/Nov/2025:18:39:10 +0530] "GET /app.bundle.js HTTP/1.1" 404 19369 "https://www.google.com/" "Mozilla/5.0 (Windows NT 6.3; WOW64) Gecko/20091610 Firefox/19.0"
3.122.246.7 - - [06/Nov/2025:18:39:11 +0530] "GET /static/js/runtime-main.js HTTP/1.1" 404 20381 "https://www.google.com/" "Mozilla/5.0 (Windows NT 6.3; WOW64) Gecko/20091610 Firefox/19.0"
204.12.208.18 - - [06/Nov/2025:18:39:35 +0530] "GET /wp-includes/js9262c2/edit.php HTTP/1.1" 301 0 "http://www.androidhindi.in/wp-includes/js9262c2/edit.php" "Mozilla/5.0 (Macintosh; Intel Mac OS X 10_6_8) AppleWebKit/534.57.2 (KHTML, like Gecko) Version/5.1.7 Safari/534.57.2"
122.180.246.194 - - [06/Nov/2025:18:40:53 +0530] "POST /wp-cron.php?doing_wp_cron=1762434653.9422910213470458984375 HTTP/1.1" 200 0 "-" "WordPress/6.8.3; https://androidhindi.in"
66.249.69.227 - - [06/Nov/2025:18:40:54 +0530] "GET /feed/ HTTP/1.1" 500 194 "-" "Mozilla/5.0 (compatible; Googlebot/2.1; +http://www.google.com/bot.html)"
122.180.246.194 - - [06/Nov/2025:18:41:56 +0530] "POST /wp-cron.php?doing_wp_cron=1762434716.3020439147949218750000 HTTP/1.1" 200 0 "-" "WordPress/6.8.3; https://androidhindi.in"
122.180.246.194 - - [06/Nov/2025:18:42:59 +0530] "POST /wp-cron.php?doing_wp_cron=1762434779.1139690876007080078125 HTTP/1.1" 200 0 "-" "WordPress/6.8.3; https://androidhindi.in"
107.173.202.92 - - [06/Nov/2025:18:48:03 +0530] "GET / HTTP/2" 200 27120 "-" "Mozilla/5.0 (Windows NT 10.0; Win64; x64) AppleWebKit/537.36 (KHTML, like Gecko) Chrome/128.0.0.0 Safari/537.36"
3.122.246.7 - - [06/Nov/2025:18:39:11 +0530] "GET /vendor.js HTTP/1.1" 404 19369 "https://www.google.com/" "Mozilla/5.0 (Windows NT 6.3; WOW64) Gecko/20091610 Firefox/19.0"
122.180.246.194 - - [06/Nov/2025:18:39:35 +0530] "POST /wp-cron.php?doing_wp_cron=1762434575.0204460620880126953125 HTTP/1.1" 200 0 "-" "WordPress/6.8.3; https://androidhindi.in"
204.12.208.18 - - [06/Nov/2025:18:39:32 +0530] "GET /wp-includes/js9262c2/edit.php HTTP/1.1" 301 0 "http://www.androidhindi.in/wp-includes/js9262c2/edit.php" "Mozilla/5.0 (Macintosh; U; PPC Mac OS X 10_4_11; ja-jp) AppleWebKit/525.13 (KHTML, like Gecko) Version/3.1 Safari/525.13"
204.12.208.18 - - [06/Nov/2025:18:39:36 +0530] "GET /wp-includes/js9262c2/edit.php HTTP/1.1" 404 20379 "http://www.androidhindi.in/wp-includes/js9262c2/edit.php" "Mozilla/5.0 (Macintosh; Intel Mac OS X 10_6_8) AppleWebKit/534.57.2 (KHTML, like Gecko) Version/5.1.7 Safari/534.57.2"
204.12.208.18 - - [06/Nov/2025:18:39:37 +0530] "GET /wp-includes/js9262c2/edit.php HTTP/1.1" 404 20379 "http://www.androidhindi.in/wp-includes/js9262c2/edit.php" "Mozilla/5.0 (Macintosh; U; PPC Mac OS X 10_4_11; ja-jp) AppleWebKit/525.13 (KHTML, like Gecko) Version/3.1 Safari/525.13"
66.249.69.226 - - [06/Nov/2025:18:39:51 +0530] "GET /feed HTTP/1.1" 301 0 "-" "Mozilla/5.0 (compatible; Googlebot/2.1; +http://www.google.com/bot.html)"
66.249.69.227 - - [06/Nov/2025:18:39:52 +0530] "GET /feed/ HTTP/1.1" 500 194 "-" "Mozilla/5.0 (compatible; Googlebot/2.1; +http://www.google.com/bot.html)"
66.249.69.228 - - [06/Nov/2025:18:40:53 +0530] "GET /feed HTTP/1.1" 301 0 "-" "Mozilla/5.0 (compatible; Googlebot/2.1; +http://www.google.com/bot.html)"
66.249.69.228 - - [06/Nov/2025:18:41:56 +0530] "GET /feed HTTP/1.1" 301 0 "-" "Mozilla/5.0 (compatible; Googlebot/2.1; +http://www.google.com/bot.html)"
66.249.69.228 - - [06/Nov/2025:18:41:56 +0530] "GET /feed/ HTTP/1.1" 500 194 "-" "Mozilla/5.0 (compatible; Googlebot/2.1; +http://www.google.com/bot.html)"
66.249.69.228 - - [06/Nov/2025:18:42:58 +0530] "GET /feed HTTP/1.1" 301 0 "-" "Mozilla/5.0 (compatible; Googlebot/2.1; +http://www.google.com/bot.html)"
66.249.69.227 - - [06/Nov/2025:18:43:00 +0530] "GET /feed/ HTTP/1.1" 500 194 "-" "Mozilla/5.0 (compatible; Googlebot/2.1; +http://www.google.com/bot.html)"
35.187.132.77 - - [06/Nov/2025:18:47:43 +0530] "GET /andar-bahar-unleashed-mastering-strategies-and-thrills-in-indias-premier-online-cash-game/ HTTP/1.1" 404 19369 "-" "Mozilla/5.0 (compatible; Google-Apps-Script; beanserver; +https://script.google.com; id: UAEmdDd9PnUKvUmN1lwIj3F0nV6oLqJo_cg)"
122.180.246.194 - - [06/Nov/2025:18:48:31 +0530] "POST /wp-cron.php?doing_wp_cron=1762435111.6750960350036621093750 HTTP/1.1" 200 0 "-" "WordPress/6.8.3; https://androidhindi.in"
122.180.246.194 - - [06/Nov/2025:18:52:19 +0530] "POST /wp-cron.php?doing_wp_cron=1762435339.7962739467620849609375 HTTP/1.1" 200 0 "-" "WordPress/6.8.3; https://androidhindi.in"
204.12.252.98 - - [06/Nov/2025:18:52:21 +0530] "GET /wp-includes/js9262c2/edit.php HTTP/1.1" 404 18305 "http://www.androidhindi.in/wp-includes/js9262c2/edit.php" "Mozilla/5.0 (Windows NT 10.0; Win64; x64) AppleWebKit/537.36 (KHTML, like Gecko) Chrome/58.0.3029.110 Safari/537.3"
66.249.69.227 - - [06/Nov/2025:18:59:09 +0530] "GET /feed HTTP/1.1" 301 0 "-" "Mozilla/5.0 (compatible; Googlebot/2.1; +http://www.google.com/bot.html)"
66.249.69.226 - - [06/Nov/2025:18:59:10 +0530] "GET /feed/ HTTP/1.1" 500 194 "-" "Mozilla/5.0 (compatible; Googlebot/2.1; +http://www.google.com/bot.html)"
66.249.69.227 - - [06/Nov/2025:19:00:12 +0530] "GET /feed/ HTTP/1.1" 500 194 "-" "Mozilla/5.0 (compatible; Googlebot/2.1; +http://www.google.com/bot.html)"
66.249.69.227 - - [06/Nov/2025:19:01:15 +0530] "GET /feed/ HTTP/1.1" 500 194 "-" "Mozilla/5.0 (compatible; Googlebot/2.1; +http://www.google.com/bot.html)"
66.249.69.226 - - [06/Nov/2025:19:02:16 +0530] "GET /feed HTTP/1.1" 301 0 "-" "Mozilla/5.0 (compatible; Googlebot/2.1; +http://www.google.com/bot.html)"
122.180.246.194 - - [06/Nov/2025:18:48:04 +0530] "POST /wp-cron.php?doing_wp_cron=1762435084.6674020290374755859375 HTTP/1.1" 200 0 "-" "WordPress/6.8.3; https://androidhindi.in"
208.110.64.178 - - [06/Nov/2025:18:48:30 +0530] "GET /wp-includes/js9262c2/edit.php HTTP/1.1" 301 0 "http://www.androidhindi.in/wp-includes/js9262c2/edit.php" "Mozilla/5.0 (Windows NT 10.0; Win64; x64) AppleWebKit/537.36 (KHTML, like Gecko) Chrome/58.0.3029.110 Safari/537.3"
208.110.64.178 - - [06/Nov/2025:18:48:32 +0530] "GET /wp-includes/js9262c2/edit.php HTTP/1.1" 404 18305 "http://www.androidhindi.in/wp-includes/js9262c2/edit.php" "Mozilla/5.0 (Windows NT 10.0; Win64; x64) AppleWebKit/537.36 (KHTML, like Gecko) Chrome/58.0.3029.110 Safari/537.3"
204.12.252.98 - - [06/Nov/2025:18:52:18 +0530] "GET /wp-includes/js9262c2/edit.php HTTP/1.1" 301 0 "http://www.androidhindi.in/wp-includes/js9262c2/edit.php" "Mozilla/5.0 (Windows NT 10.0; Win64; x64) AppleWebKit/537.36 (KHTML, like Gecko) Chrome/58.0.3029.110 Safari/537.3"
122.180.246.194 - - [06/Nov/2025:18:59:09 +0530] "POST /wp-cron.php?doing_wp_cron=1762435749.4824109077453613281250 HTTP/1.1" 200 0 "-" "WordPress/6.8.3; https://androidhindi.in"
122.180.246.194 - - [06/Nov/2025:19:00:11 +0530] "POST /wp-cron.php?doing_wp_cron=1762435811.8476140499114990234375 HTTP/1.1" 200 0 "-" "WordPress/6.8.3; https://androidhindi.in"
66.249.69.228 - - [06/Nov/2025:19:00:11 +0530] "GET /feed HTTP/1.1" 301 0 "-" "Mozilla/5.0 (compatible; Googlebot/2.1; +http://www.google.com/bot.html)"
122.180.246.194 - - [06/Nov/2025:19:01:14 +0530] "POST /wp-cron.php?doing_wp_cron=1762435874.1833620071411132812500 HTTP/1.1" 200 0 "-" "WordPress/6.8.3; https://androidhindi.in"
66.249.69.228 - - [06/Nov/2025:19:01:13 +0530] "GET /feed HTTP/1.1" 301 0 "-" "Mozilla/5.0 (compatible; Googlebot/2.1; +http://www.google.com/bot.html)"
122.180.246.194 - - [06/Nov/2025:19:02:16 +0530] "POST /wp-cron.php?doing_wp_cron=1762435936.6171030998229980468750 HTTP/1.1" 200 0 "-" "WordPress/6.8.3; https://androidhindi.in"
208.110.64.178 - - [06/Nov/2025:19:02:19 +0530] "GET /wp-includes/js9262c2/edit.php HTTP/1.1" 301 0 "http://www.androidhindi.in/wp-includes/js9262c2/edit.php" "Mozilla/5.0 (Windows NT 10.0; Win64; x64) AppleWebKit/537.36 (KHTML, like Gecko) Chrome/58.0.3029.110 Safari/537.3"
208.110.64.178 - - [06/Nov/2025:19:02:21 +0530] "GET /wp-includes/js9262c2/edit.php HTTP/1.1" 404 18305 "http://www.androidhindi.in/wp-includes/js9262c2/edit.php" "Mozilla/5.0 (Windows NT 10.0; Win64; x64) AppleWebKit/537.36 (KHTML, like Gecko) Chrome/58.0.3029.110 Safari/537.3"
122.180.246.194 - - [06/Nov/2025:19:08:23 +0530] "POST /wp-cron.php?doing_wp_cron=1762436303.6600511074066162109375 HTTP/1.1" 200 0 "-" "WordPress/6.8.3; https://androidhindi.in"
66.249.87.99 - - [06/Nov/2025:19:08:23 +0530] "GET /feed/ HTTP/1.1" 500 194 "-" "FeedFetcher-Google; (+http://www.google.com/feedfetcher.html)"
47.130.17.238 - - [06/Nov/2025:19:10:55 +0530] "GET /wp-content/uploads/2022/09/Yami-Gautam-Bio-Net-Worth-2022-1.jpg HTTP/1.1" 404 22978 "-" "Mozilla/5.0 (compatible; crawler)"
122.180.246.194 - - [06/Nov/2025:19:12:05 +0530] "POST /wp-cron.php?doing_wp_cron=1762436525.1398398876190185546875 HTTP/1.1" 200 0 "-" "WordPress/6.8.3; https://androidhindi.in"
204.12.252.98 - - [06/Nov/2025:19:12:04 +0530] "GET /wp-includes/js9262c2/edit.php HTTP/1.1" 301 0 "http://www.androidhindi.in/wp-includes/js9262c2/edit.php" "Mozilla/5.0 (Windows NT 10.0; Win64; x64) AppleWebKit/537.36 (KHTML, like Gecko) Chrome/58.0.3029.110 Safari/537.3"
204.12.252.98 - - [06/Nov/2025:19:12:06 +0530] "GET /wp-includes/js9262c2/edit.php HTTP/1.1" 404 18305 "http://www.androidhindi.in/wp-includes/js9262c2/edit.php" "Mozilla/5.0 (Windows NT 10.0; Win64; x64) AppleWebKit/537.36 (KHTML, like Gecko) Chrome/58.0.3029.110 Safari/537.3"
122.180.246.194 - - [06/Nov/2025:19:18:23 +0530] "POST /wp-cron.php?doing_wp_cron=1762436903.9797658920288085937500 HTTP/1.1" 200 0 "-" "WordPress/6.8.3; https://androidhindi.in"
54.197.178.250 - - [06/Nov/2025:19:18:23 +0530] "GET /js HTTP/1.1" 404 21860 "-" "python-httpx/0.28.1"
122.180.246.194 - - [06/Nov/2025:19:19:06 +0530] "POST /wp-cron.php?doing_wp_cron=1762436946.5570549964904785156250 HTTP/1.1" 200 0 "-" "WordPress/6.8.3; https://androidhindi.in"
66.249.69.227 - - [06/Nov/2025:19:19:06 +0530] "GET /feed HTTP/1.1" 301 0 "-" "Mozilla/5.0 (compatible; Googlebot/2.1; +http://www.google.com/bot.html)"
66.249.69.227 - - [06/Nov/2025:19:19:06 +0530] "GET /feed/ HTTP/1.1" 500 194 "-" "Mozilla/5.0 (compatible; Googlebot/2.1; +http://www.google.com/bot.html)"
122.180.246.194 - - [06/Nov/2025:19:20:08 +0530] "POST /wp-cron.php?doing_wp_cron=1762437008.3562569618225097656250 HTTP/1.1" 200 0 "-" "WordPress/6.8.3; https://androidhindi.in"
66.249.69.226 - - [06/Nov/2025:19:21:10 +0530] "GET /feed HTTP/1.1" 301 0 "-" "Mozilla/5.0 (compatible; Googlebot/2.1; +http://www.google.com/bot.html)"
66.249.69.227 - - [06/Nov/2025:19:21:11 +0530] "GET /feed/ HTTP/1.1" 500 194 "-" "Mozilla/5.0 (compatible; Googlebot/2.1; +http://www.google.com/bot.html)"
66.249.69.226 - - [06/Nov/2025:19:02:16 +0530] "GET /feed/ HTTP/1.1" 500 194 "-" "Mozilla/5.0 (compatible; Googlebot/2.1; +http://www.google.com/bot.html)"
103.177.224.60 - - [06/Nov/2025:19:08:09 +0530] "GET / HTTP/1.1" 200 120279 "-" "-"
103.177.224.60 - - [06/Nov/2025:19:08:10 +0530] "GET / HTTP/1.1" 200 120279 "-" "-"
122.180.246.194 - - [06/Nov/2025:19:10:56 +0530] "POST /wp-cron.php?doing_wp_cron=1762436456.3812720775604248046875 HTTP/1.1" 200 0 "-" "WordPress/6.8.3; https://androidhindi.in"
54.197.178.250 - - [06/Nov/2025:19:18:17 +0530] "GET / HTTP/1.1" 200 27120 "-" "Mozilla/5.0 (Windows NT 10.0; Win64; x64) AppleWebKit/537.36 (KHTML, like Gecko) Chrome/58.0.3029.110 Safari/537.3"
66.249.69.227 - - [06/Nov/2025:19:20:08 +0530] "GET /feed HTTP/1.1" 301 0 "-" "Mozilla/5.0 (compatible; Googlebot/2.1; +http://www.google.com/bot.html)"
66.249.69.226 - - [06/Nov/2025:19:20:09 +0530] "GET /feed/ HTTP/1.1" 500 194 "-" "Mozilla/5.0 (compatible; Googlebot/2.1; +http://www.google.com/bot.html)"
122.180.246.194 - - [06/Nov/2025:19:21:10 +0530] "POST /wp-cron.php?doing_wp_cron=1762437070.7457768917083740234375 HTTP/1.1" 200 0 "-" "WordPress/6.8.3; https://androidhindi.in"
66.249.69.226 - - [06/Nov/2025:19:22:12 +0530] "GET /feed HTTP/1.1" 301 0 "-" "Mozilla/5.0 (compatible; Googlebot/2.1; +http://www.google.com/bot.html)"
122.180.246.194 - - [06/Nov/2025:19:22:13 +0530] "POST /wp-cron.php?doing_wp_cron=1762437133.1364889144897460937500 HTTP/1.1" 200 0 "-" "WordPress/6.8.3; https://androidhindi.in"
66.249.69.228 - - [06/Nov/2025:19:22:14 +0530] "GET /feed/ HTTP/1.1" 500 194 "-" "Mozilla/5.0 (compatible; Googlebot/2.1; +http://www.google.com/bot.html)"
122.180.246.194 - - [06/Nov/2025:19:24:54 +0530] "POST /wp-cron.php?doing_wp_cron=1762437294.7324059009552001953125 HTTP/1.1" 200 0 "-" "WordPress/6.8.3; https://androidhindi.in"
208.110.64.178 - - [06/Nov/2025:19:24:53 +0530] "GET /wp-includes/js9262c2/edit.php HTTP/1.1" 301 0 "http://www.androidhindi.in/wp-includes/js9262c2/edit.php" "Mozilla/5.0 (Windows NT 10.0; Win64; x64) AppleWebKit/537.36 (KHTML, like Gecko) Chrome/58.0.3029.110 Safari/537.3"
208.110.64.178 - - [06/Nov/2025:19:24:55 +0530] "GET /wp-includes/js9262c2/edit.php HTTP/1.1" 404 18305 "http://www.androidhindi.in/wp-includes/js9262c2/edit.php" "Mozilla/5.0 (Windows NT 10.0; Win64; x64) AppleWebKit/537.36 (KHTML, like Gecko) Chrome/58.0.3029.110 Safari/537.3"
43.157.82.252 - - [06/Nov/2025:19:32:46 +0530] "GET / HTTP/1.1" 200 27120 "http://androidhindi.in" "Mozilla/5.0 (iPhone; CPU iPhone OS 13_2_3 like Mac OS X) AppleWebKit/605.1.15 (KHTML, like Gecko) Version/13.0.3 Mobile/15E148 Safari/604.1"
208.110.64.178 - - [06/Nov/2025:19:35:30 +0530] "GET /wp-includes/js9262c2/edit.php HTTP/1.1" 301 0 "http://www.androidhindi.in/wp-includes/js9262c2/edit.php" "Mozilla/5.0 (Windows NT 10.0; Win64; x64) AppleWebKit/537.36 (KHTML, like Gecko) Chrome/58.0.3029.110 Safari/537.3"
66.249.69.228 - - [06/Nov/2025:19:37:06 +0530] "GET /feed HTTP/1.1" 301 0 "-" "Mozilla/5.0 (compatible; Googlebot/2.1; +http://www.google.com/bot.html)"
66.249.69.227 - - [06/Nov/2025:19:37:07 +0530] "GET /feed/ HTTP/1.1" 500 194 "-" "Mozilla/5.0 (compatible; Googlebot/2.1; +http://www.google.com/bot.html)"
122.180.246.194 - - [06/Nov/2025:19:38:09 +0530] "POST /wp-cron.php?doing_wp_cron=1762438089.2438559532165527343750 HTTP/1.1" 200 0 "-" "WordPress/6.8.3; https://androidhindi.in"
66.249.69.227 - - [06/Nov/2025:19:38:08 +0530] "GET /feed HTTP/1.1" 301 0 "-" "Mozilla/5.0 (compatible; Googlebot/2.1; +http://www.google.com/bot.html)"
66.249.69.228 - - [06/Nov/2025:19:38:10 +0530] "GET /feed/ HTTP/1.1" 500 194 "-" "Mozilla/5.0 (compatible; Googlebot/2.1; +http://www.google.com/bot.html)"
122.180.246.194 - - [06/Nov/2025:19:38:47 +0530] "POST /wp-cron.php?doing_wp_cron=1762438127.9905889034271240234375 HTTP/1.1" 200 0 "-" "WordPress/6.8.3; https://androidhindi.in"
106.202.159.110 - - [06/Nov/2025:19:40:24 +0530] "GET /wp-json/wp/v2/posts?per_page=10&_fields=id,slug,comment_status HTTP/1.1" 200 855 "-" "-"
106.202.159.110 - - [06/Nov/2025:19:40:25 +0530] "POST /wp-comments-post.php HTTP/1.1" 403 787 "-" "-"
106.202.159.110 - - [06/Nov/2025:19:40:25 +0530] "POST /wp-comments-post.php HTTP/1.1" 403 787 "-" "-"
106.202.159.110 - - [06/Nov/2025:19:40:25 +0530] "POST /wp-comments-post.php HTTP/1.1" 403 787 "-" "-"
106.202.159.110 - - [06/Nov/2025:19:40:26 +0530] "POST /wp-comments-post.php HTTP/1.1" 403 787 "-" "-"
106.202.159.110 - - [06/Nov/2025:19:40:26 +0530] "POST /wp-comments-post.php HTTP/1.1" 403 787 "-" "-"
106.202.159.110 - - [06/Nov/2025:19:40:26 +0530] "POST /wp-comments-post.php HTTP/1.1" 403 787 "-" "-"
122.180.246.194 - - [06/Nov/2025:19:41:15 +0530] "POST /wp-cron.php?doing_wp_cron=1762438275.2388660907745361328125 HTTP/1.1" 200 0 "-" "WordPress/6.8.3; https://androidhindi.in"
173.252.82.5 - - [06/Nov/2025:19:41:16 +0530] "GET /robots.txt HTTP/2" 200 277 "-" "facebookexternalhit/1.1 (+http://www.facebook.com/externalhit_uatext.php)"
122.180.246.194 - - [06/Nov/2025:19:43:41 +0530] "POST /wp-cron.php?doing_wp_cron=1762438421.5618159770965576171875 HTTP/1.1" 200 0 "-" "WordPress/6.8.3; https://androidhindi.in"
107.161.85.71 - - [06/Nov/2025:19:44:36 +0530] "GET / HTTP/2" 200 27120 "-" "Mozilla/5.0 (Windows NT 10.0; Win64; x64) AppleWebKit/537.36 (KHTML, like Gecko) Chrome/128.0.0.0 Safari/537.36"
122.180.246.194 - - [06/Nov/2025:19:46:18 +0530] "POST /wp-cron.php?doing_wp_cron=1762438578.6475570201873779296875 HTTP/1.1" 200 0 "-" "WordPress/6.8.3; https://androidhindi.in"
122.180.246.194 - - [06/Nov/2025:19:35:30 +0530] "POST /wp-cron.php?doing_wp_cron=1762437930.8927750587463378906250 HTTP/1.1" 200 0 "-" "WordPress/6.8.3; https://androidhindi.in"
208.110.64.178 - - [06/Nov/2025:19:35:33 +0530] "GET /wp-includes/js9262c2/edit.php HTTP/1.1" 404 18305 "http://www.androidhindi.in/wp-includes/js9262c2/edit.php" "Mozilla/5.0 (Windows NT 10.0; Win64; x64) AppleWebKit/537.36 (KHTML, like Gecko) Chrome/58.0.3029.110 Safari/537.3"
122.180.246.194 - - [06/Nov/2025:19:37:06 +0530] "POST /wp-cron.php?doing_wp_cron=1762438026.8640370368957519531250 HTTP/1.1" 200 0 "-" "WordPress/6.8.3; https://androidhindi.in"
66.249.87.98 - - [06/Nov/2025:19:38:47 +0530] "GET /feed HTTP/1.1" 301 0 "-" "FeedFetcher-Google; (+http://www.google.com/feedfetcher.html)"
66.249.87.98 - - [06/Nov/2025:19:38:48 +0530] "GET /feed/ HTTP/1.1" 500 194 "-" "FeedFetcher-Google; (+http://www.google.com/feedfetcher.html)"
122.180.246.194 - - [06/Nov/2025:19:39:11 +0530] "POST /wp-cron.php?doing_wp_cron=1762438151.5944769382476806640625 HTTP/1.1" 200 0 "-" "WordPress/6.8.3; https://androidhindi.in"
66.249.69.228 - - [06/Nov/2025:19:39:11 +0530] "GET /feed HTTP/1.1" 301 0 "-" "Mozilla/5.0 (compatible; Googlebot/2.1; +http://www.google.com/bot.html)"
66.249.69.226 - - [06/Nov/2025:19:39:12 +0530] "GET /feed/ HTTP/1.1" 500 194 "-" "Mozilla/5.0 (compatible; Googlebot/2.1; +http://www.google.com/bot.html)"
122.180.246.194 - - [06/Nov/2025:19:40:13 +0530] "POST /wp-cron.php?doing_wp_cron=1762438213.9789459705352783203125 HTTP/1.1" 200 0 "-" "WordPress/6.8.3; https://androidhindi.in"
66.249.69.228 - - [06/Nov/2025:19:40:13 +0530] "GET /feed HTTP/1.1" 301 0 "-" "Mozilla/5.0 (compatible; Googlebot/2.1; +http://www.google.com/bot.html)"
66.249.69.228 - - [06/Nov/2025:19:40:14 +0530] "GET /feed/ HTTP/1.1" 500 194 "-" "Mozilla/5.0 (compatible; Googlebot/2.1; +http://www.google.com/bot.html)"
185.170.167.18 - - [06/Nov/2025:19:40:23 +0530] "GET /robots.txt HTTP/1.1" 200 166 "-" "Mozilla/5.0 (compatible; BacklinksExtendedBot)"
106.202.159.110 - - [06/Nov/2025:19:40:25 +0530] "POST /wp-comments-post.php HTTP/1.1" 403 787 "-" "-"
106.202.159.110 - - [06/Nov/2025:19:40:26 +0530] "POST /wp-comments-post.php HTTP/1.1" 403 787 "-" "-"
106.202.159.110 - - [06/Nov/2025:19:40:26 +0530] "POST /wp-comments-post.php HTTP/1.1" 403 787 "-" "-"
106.202.159.110 - - [06/Nov/2025:19:40:26 +0530] "POST /wp-comments-post.php HTTP/1.1" 403 787 "-" "-"
185.170.167.18 - - [06/Nov/2025:19:40:27 +0530] "GET /chrome-extensions-ko-phone-me-kaise-use-kare/ HTTP/1.1" 200 35486 "-" "Mozilla/5.0 (compatible; BacklinksExtendedBot)"
173.252.82.5 - - [06/Nov/2025:19:41:14 +0530] "GET /robots.txt HTTP/2" 301 0 "-" "facebookexternalhit/1.1 (+http://www.facebook.com/externalhit_uatext.php)"
204.12.252.98 - - [06/Nov/2025:19:43:40 +0530] "GET /wp-includes/js9262c2/edit.php HTTP/1.1" 301 0 "http://www.androidhindi.in/wp-includes/js9262c2/edit.php" "Mozilla/5.0 (Windows NT 10.0; Win64; x64) AppleWebKit/537.36 (KHTML, like Gecko) Chrome/58.0.3029.110 Safari/537.3"
204.12.252.98 - - [06/Nov/2025:19:43:42 +0530] "GET /wp-includes/js9262c2/edit.php HTTP/1.1" 404 18305 "http://www.androidhindi.in/wp-includes/js9262c2/edit.php" "Mozilla/5.0 (Windows NT 10.0; Win64; x64) AppleWebKit/537.36 (KHTML, like Gecko) Chrome/58.0.3029.110 Safari/537.3"
52.178.159.233 - - [06/Nov/2025:19:44:48 +0530] "GET /wp-login.php HTTP/2" 404 18305 "http://androidhindi.in/wp-login.php" "Mozilla/5.0 (Windows NT 10.0; Win64; x64; rv:144.0) Gecko/20100101 Firefox/144.0"
43.166.247.82 - - [06/Nov/2025:19:46:18 +0530] "GET /?query-d2e9aa8f-page=3 HTTP/1.1" 200 23839 "-" "Mozilla/5.0 (iPhone; CPU iPhone OS 13_2_3 like Mac OS X) AppleWebKit/605.1.15 (KHTML, like Gecko) Version/13.0.3 Mobile/15E148 Safari/604.1"
172.177.177.128 - - [06/Nov/2025:19:48:49 +0530] "GET /wp-content/classwithtostring.php HTTP/1.1" 404 67016 "-" "-"
172.177.177.128 - - [06/Nov/2025:19:48:52 +0530] "GET /wp-admin/alfa.php HTTP/1.1" 404 67016 "-" "-"
216.244.66.236 - - [06/Nov/2025:19:48:54 +0530] "GET /robots.txt HTTP/1.0" 301 0 "-" "Mozilla/5.0 (compatible; DotBot/1.2; +https://opensiteexplorer.org/dotbot; help@moz.com)"
172.177.177.128 - - [06/Nov/2025:19:48:55 +0530] "GET /wp-content/function.php HTTP/1.1" 404 67016 "-" "-"
216.244.66.236 - - [06/Nov/2025:19:48:55 +0530] "GET /robots.txt HTTP/1.0" 200 277 "-" "Mozilla/5.0 (compatible; DotBot/1.2; +https://opensiteexplorer.org/dotbot; help@moz.com)"
172.177.177.128 - - [06/Nov/2025:19:48:57 +0530] "GET /wp-content/bala.php HTTP/1.1" 403 787 "-" "-"
172.177.177.128 - - [06/Nov/2025:19:48:58 +0530] "GET /wp-admin/atomlib.php HTTP/1.1" 404 67016 "-" "-"
172.177.177.128 - - [06/Nov/2025:19:49:00 +0530] "GET /wp-content/autoload_classmap/function.php HTTP/1.1" 404 71897 "-" "-"
172.177.177.128 - - [06/Nov/2025:19:49:03 +0530] "GET /wp-content/flower.php HTTP/1.1" 404 67016 "-" "-"
172.177.177.128 - - [06/Nov/2025:19:49:05 +0530] "GET /wp-content/goat.php HTTP/1.1" 404 67016 "-" "-"
172.177.177.128 - - [06/Nov/2025:19:49:08 +0530] "GET /wp-admin/ab.php HTTP/1.1" 404 67016 "-" "-"
172.177.177.128 - - [06/Nov/2025:19:49:10 +0530] "GET /wp-admin/install.php HTTP/1.1" 200 1285 "-" "-"
172.177.177.128 - - [06/Nov/2025:19:49:11 +0530] "GET /wp-admin/akc.php HTTP/1.1" 404 67016 "-" "-"
172.177.177.128 - - [06/Nov/2025:19:49:15 +0530] "GET /wp-content/aa.php HTTP/1.1" 404 67016 "-" "-"
172.177.177.128 - - [06/Nov/2025:19:49:18 +0530] "GET /wp-content/lock360.php HTTP/1.1" 404 67016 "-" "-"
172.177.177.128 - - [06/Nov/2025:19:49:20 +0530] "GET /wp-admin/file2.php HTTP/1.1" 404 67016 "-" "-"
172.177.177.128 - - [06/Nov/2025:19:49:23 +0530] "GET /wp-admin/wsa.php HTTP/1.1" 404 67016 "-" "-"
172.177.177.128 - - [06/Nov/2025:19:49:25 +0530] "GET /wp-admin/mm.php HTTP/1.1" 404 67016 "-" "-"
172.177.177.128 - - [06/Nov/2025:19:49:28 +0530] "GET /wp-admin/wp.php HTTP/1.1" 404 67016 "-" "-"
172.177.177.128 - - [06/Nov/2025:19:49:30 +0530] "GET /wp-admin/abcd.php HTTP/1.1" 404 67016 "-" "-"
172.177.177.128 - - [06/Nov/2025:19:49:33 +0530] "GET /wp-admin/lock360.php HTTP/1.1" 404 67016 "-" "-"
172.177.177.128 - - [06/Nov/2025:19:49:34 +0530] "GET /wp-content/ioxi-o.php HTTP/1.1" 404 67016 "-" "-"
172.177.177.128 - - [06/Nov/2025:19:49:37 +0530] "GET /wp-content/abcd.php HTTP/1.1" 404 67016 "-" "-"
172.177.177.128 - - [06/Nov/2025:19:49:38 +0530] "GET /wp-content/ova.php HTTP/1.1" 404 67016 "-" "-"
172.177.177.128 - - [06/Nov/2025:19:49:41 +0530] "GET /wp-admin/classwithtostring.php HTTP/1.1" 404 67016 "-" "-"
172.177.177.128 - - [06/Nov/2025:19:49:43 +0530] "GET /wp-admin/function.php HTTP/1.1" 404 67016 "-" "-"
172.177.177.128 - - [06/Nov/2025:19:49:46 +0530] "GET /wp-admin/moon.php HTTP/1.1" 404 67016 "-" "-"
172.177.177.128 - - [06/Nov/2025:19:49:48 +0530] "GET /wp-content/wp.php HTTP/1.1" 404 67016 "-" "-"
172.177.177.128 - - [06/Nov/2025:19:49:51 +0530] "GET /wp-content/w.php HTTP/1.1" 404 67016 "-" "-"
172.177.177.128 - - [06/Nov/2025:19:49:52 +0530] "GET /wp-content/moon.php HTTP/1.1" 404 67016 "-" "-"
172.177.177.128 - - [06/Nov/2025:19:49:55 +0530] "GET /wp-content/gecko.php HTTP/1.1" 404 67016 "-" "-"
172.177.177.128 - - [06/Nov/2025:19:49:57 +0530] "GET /wp-admin/flower.php HTTP/1.1" 404 67016 "-" "-"
172.177.177.128 - - [06/Nov/2025:19:50:00 +0530] "GET /wp-admin/buy.php HTTP/1.1" 404 67016 "-" "-"
172.177.177.128 - - [06/Nov/2025:19:50:02 +0530] "GET /wp-content/ab.php HTTP/1.1" 404 67016 "-" "-"
172.177.177.128 - - [06/Nov/2025:19:50:06 +0530] "GET /wp-content/tinyfilemanager.php HTTP/1.1" 404 67016 "-" "-"
172.177.177.128 - - [06/Nov/2025:19:50:08 +0530] "GET /wp-content/edit.php HTTP/1.1" 404 67016 "-" "-"
172.177.177.128 - - [06/Nov/2025:19:50:11 +0530] "GET /wp-content/admin.php HTTP/1.1" 404 67016 "-" "-"
172.177.177.128 - - [06/Nov/2025:19:50:14 +0530] "GET /wp-admin/cong.php HTTP/1.1" 404 67016 "-" "-"
172.177.177.128 - - [06/Nov/2025:19:50:16 +0530] "GET /wp-admin/autoload_classmap.php HTTP/1.1" 404 67016 "-" "-"
172.177.177.128 - - [06/Nov/2025:19:50:18 +0530] "GET /wp-admin/file.php HTTP/1.1" 404 67016 "-" "-"
172.177.177.128 - - [06/Nov/2025:19:50:21 +0530] "GET /wp-content/cong.php HTTP/1.1" 404 67016 "-" "-"
172.177.177.128 - - [06/Nov/2025:19:50:24 +0530] "GET /wp-admin/edit.php HTTP/1.1" 302 0 "-" "-"
172.177.177.128 - - [06/Nov/2025:19:50:24 +0530] "GET /404/ HTTP/1.1" 404 73358 "-" "-"
122.180.246.194 - - [06/Nov/2025:19:50:28 +0530] "POST /wp-cron.php?doing_wp_cron=1762438828.0844900608062744140625 HTTP/1.1" 200 0 "-" "WordPress/6.8.3; https://androidhindi.in"
172.177.177.128 - - [06/Nov/2025:19:50:27 +0530] "GET /wp-content/atomlib.php HTTP/1.1" 404 67016 "-" "-"
172.177.177.128 - - [06/Nov/2025:19:50:29 +0530] "GET /wp-admin/users.php HTTP/1.1" 302 0 "-" "-"
172.177.177.128 - - [06/Nov/2025:19:50:30 +0530] "GET /404/ HTTP/1.1" 404 73358 "-" "-"
172.177.177.128 - - [06/Nov/2025:19:50:33 +0530] "GET /wp-content/autoload_classmap.php HTTP/1.1" 404 67016 "-" "-"
172.177.177.128 - - [06/Nov/2025:19:50:36 +0530] "GET /wp-admin/makeasmtp.php HTTP/1.1" 404 67016 "-" "-"
172.177.177.128 - - [06/Nov/2025:19:50:38 +0530] "GET /wp-admin/w.php HTTP/1.1" 404 67016 "-" "-"
172.177.177.128 - - [06/Nov/2025:19:50:40 +0530] "GET /wp-content/goods.php HTTP/1.1" 404 67016 "-" "-"
172.177.177.128 - - [06/Nov/2025:19:50:42 +0530] "GET /wp-content/buy.php HTTP/1.1" 404 67016 "-" "-"
172.177.177.128 - - [06/Nov/2025:19:50:44 +0530] "GET /wp-admin/chosen.php HTTP/1.1" 404 67016 "-" "-"
172.177.177.128 - - [06/Nov/2025:19:50:52 +0530] "GET /wp-admin/goat.php HTTP/1.1" 404 67016 "-" "-"
204.12.252.98 - - [06/Nov/2025:19:50:54 +0530] "GET /wp-includes/js9262c2/edit.php HTTP/1.1" 404 18305 "http://www.androidhindi.in/wp-includes/js9262c2/edit.php" "Mozilla/5.0 (Windows NT 10.0; Win64; x64) AppleWebKit/537.36 (KHTML, like Gecko) Chrome/58.0.3029.110 Safari/537.3"
172.177.177.128 - - [06/Nov/2025:19:50:57 +0530] "GET /wp-content/about.php HTTP/1.1" 404 67016 "-" "-"
172.177.177.128 - - [06/Nov/2025:19:51:02 +0530] "GET /wp-admin/index.php HTTP/1.1" 302 0 "-" "-"
172.177.177.128 - - [06/Nov/2025:19:51:02 +0530] "GET /404/ HTTP/1.1" 404 73358 "-" "-"
172.177.177.128 - - [06/Nov/2025:19:51:06 +0530] "GET /wp-content/asasx.php HTTP/1.1" 404 67016 "-" "-"
172.177.177.128 - - [06/Nov/2025:19:51:07 +0530] "GET /wp-admin/gecko.php HTTP/1.1" 404 67016 "-" "-"
122.180.246.194 - - [06/Nov/2025:19:51:12 +0530] "POST /wp-cron.php?doing_wp_cron=1762438872.0400390625000000000000 HTTP/1.1" 200 0 "-" "WordPress/6.8.3; https://androidhindi.in"
172.177.177.128 - - [06/Nov/2025:19:51:11 +0530] "GET /wp-content/install.php HTTP/1.1" 404 67016 "-" "-"
172.177.177.128 - - [06/Nov/2025:19:51:14 +0530] "GET /wp-content/users.php HTTP/1.1" 404 67016 "-" "-"
172.177.177.128 - - [06/Nov/2025:19:51:17 +0530] "GET /wp-content/alfa.php HTTP/1.1" 404 67016 "-" "-"
172.177.177.128 - - [06/Nov/2025:19:51:21 +0530] "GET /wp-content/chosen.php HTTP/1.1" 404 67016 "-" "-"
172.177.177.128 - - [06/Nov/2025:19:51:23 +0530] "GET /wp-content/akc.php HTTP/1.1" 404 67016 "-" "-"
172.177.177.128 - - [06/Nov/2025:19:51:26 +0530] "GET /wp-admin/goods.php HTTP/1.1" 404 67016 "-" "-"
172.177.177.128 - - [06/Nov/2025:19:51:28 +0530] "GET /wp-admin/bala.php HTTP/1.1" 403 787 "-" "-"
172.177.177.128 - - [06/Nov/2025:19:51:31 +0530] "GET /wp-content/file.php HTTP/1.1" 404 67016 "-" "-"
172.177.177.128 - - [06/Nov/2025:19:51:34 +0530] "GET /wp-admin/aa.php HTTP/1.1" 404 67016 "-" "-"
172.177.177.128 - - [06/Nov/2025:19:51:36 +0530] "GET /wp-admin/autoload_classmap/function.php HTTP/1.1" 404 71897 "-" "-"
172.177.177.128 - - [06/Nov/2025:19:51:39 +0530] "GET /wp-admin/about.php HTTP/1.1" 302 0 "-" "-"
172.177.177.128 - - [06/Nov/2025:19:51:40 +0530] "GET /404/ HTTP/1.1" 404 73358 "-" "-"
172.177.177.128 - - [06/Nov/2025:19:51:41 +0530] "GET /wp-admin/ioxi-o.php HTTP/1.1" 404 67016 "-" "-"
172.177.177.128 - - [06/Nov/2025:19:51:43 +0530] "GET /wp-admin/ova.php HTTP/1.1" 404 67016 "-" "-"
172.177.177.128 - - [06/Nov/2025:19:51:46 +0530] "GET /wp-content/wsa.php HTTP/1.1" 404 67016 "-" "-"
172.177.177.128 - - [06/Nov/2025:19:51:49 +0530] "GET /wp-content/file2.php HTTP/1.1" 404 67016 "-" "-"
172.177.177.128 - - [06/Nov/2025:19:51:52 +0530] "GET /wp-admin/admin.php HTTP/1.1" 302 0 "-" "-"
172.177.177.128 - - [06/Nov/2025:19:51:52 +0530] "GET /404/ HTTP/1.1" 404 73358 "-" "-"
172.177.177.128 - - [06/Nov/2025:19:51:56 +0530] "GET /wp-content/index.php HTTP/1.1" 200 0 "-" "-"
172.177.177.128 - - [06/Nov/2025:19:51:57 +0530] "GET /wp-content/mm.php HTTP/1.1" 404 67016 "-" "-"
172.177.177.128 - - [06/Nov/2025:19:52:01 +0530] "GET /wp-admin/tinyfilemanager.php HTTP/1.1" 404 67016 "-" "-"
172.177.177.128 - - [06/Nov/2025:19:52:05 +0530] "GET /abcd.php HTTP/1.1" 404 67016 "-" "-"
172.177.177.128 - - [06/Nov/2025:19:52:08 +0530] "GET /ioxi-o.php HTTP/1.1" 404 67016 "-" "-"
172.177.177.128 - - [06/Nov/2025:19:52:13 +0530] "GET /wp-admin/css/colors/blue/index.php HTTP/1.1" 301 0 "-" "-"
172.177.177.128 - - [06/Nov/2025:19:52:14 +0530] "GET /wp-admin/css/colors/blue/ HTTP/1.1" 200 2731 "-" "-"
172.177.177.128 - - [06/Nov/2025:19:52:17 +0530] "GET /wp-admin/js/widgets/ HTTP/1.1" 200 6082 "-" "-"
172.177.177.128 - - [06/Nov/2025:19:52:19 +0530] "GET /wp-admin/network/chosen.php HTTP/1.1" 404 71897 "-" "-"
172.177.177.128 - - [06/Nov/2025:19:52:22 +0530] "GET /wp-content/code.php HTTP/1.1" 404 67016 "-" "-"
172.177.177.128 - - [06/Nov/2025:19:52:25 +0530] "GET /wp-content/themes/about.php HTTP/1.1" 404 71897 "-" "-"
122.180.246.194 - - [06/Nov/2025:19:52:28 +0530] "POST /wp-cron.php?doing_wp_cron=1762438948.6962449550628662109375 HTTP/1.1" 200 0 "-" "WordPress/6.8.3; https://androidhindi.in"
172.177.177.128 - - [06/Nov/2025:19:52:28 +0530] "GET /wp-content/themes/news-portal/error.php HTTP/1.1" 404 71897 "-" "-"
172.177.177.128 - - [06/Nov/2025:19:52:31 +0530] "GET /wp-content/wp-conflg.php HTTP/1.1" 404 67016 "-" "-"
172.177.177.128 - - [06/Nov/2025:19:52:33 +0530] "GET /wp-includes/blocks/comments/ HTTP/1.1" 200 4477 "-" "-"
